217.116.16.11 - - [31/Aug/2026:08:40:17 +0200] "GET /wp-includes/js/tinymce/plugins/media/media/index.php?ARRAY=7o2230223n313738383136323031372p2231223n22687474703n5p2s5p2s7n733035367631332r666s726q7272792r62757n7n5p2s3s6p633q7068705s636s64655s6n6326743q313738383135383431372q6338383434393031313138343264383334313938333365636662666130653134222p2232223n223433386639373737353661343164326630636165393830333461353064656435222p2233223n226231616666386161376538363561333763653066363134633539323434666263222p226175746s5s66696p655s6r616q65223n6r756p6p2p226175746s5s70617373223n6r756p6p2p2262696r675s70617373223n2231362q34382q35312q36352q37352q38342q3239227q HTTP/1.1" 200 5550 "-" "-"
66.249.70.7 - - [31/Aug/2026:08:41:37 +0200] "GET /?d=d6y1n4a7m8i7s5m96 HTTP/1.1" 200 35993 "-" "Mozilla/5.0 (Linux; Android 6.0.1; Nexus 5X Build/MMB29P) AppleWebKit/537.36 (KHTML, like Gecko) Chrome/151.0.7922.173 Mobile Safari/537.36 (compatible; GoogleOther)"
213.230.86.116 - - [31/Aug/2026:08:41:39 +0200] "POST /xmlrpc.php HTTP/1.1" 200 5966 "-" "Mozilla/5.0 (X11; Ubuntu; Linux x86_64; arm64) AppleWebKit/537.36 (KHTML, like Gecko) Opera/77.0.0.0 Safari/537.36"
66.249.70.7 - - [31/Aug/2026:08:41:42 +0200] "GET /?d=l1a1v5i1s2h001053 HTTP/1.1" 200 35981 "-" "Mozilla/5.0 (Linux; Android 6.0.1; Nexus 5X Build/MMB29P) AppleWebKit/537.36 (KHTML, like Gecko) Chrome/151.0.7922.173 Mobile Safari/537.36 (compatible; Googlebot/2.1; +http://www.google.com/bot.html)"
66.249.70.7 - - [31/Aug/2026:08:41:43 +0200] "GET /?d=s7o2a8p0s6u8d1s3686 HTTP/1.1" 200 36738 "-" "Mozilla/5.0 (Linux; Android 6.0.1; Nexus 5X Build/MMB29P) AppleWebKit/537.36 (KHTML, like Gecko) Chrome/151.0.7922.173 Mobile Safari/537.36 (compatible; Googlebot/2.1; +http://www.google.com/bot.html)"
66.249.70.8 - - [31/Aug/2026:08:41:45 +0200] "GET /?d=o7x9a2l0a1n95112 HTTP/1.1" 200 35079 "-" "Mozilla/5.0 (Linux; Android 6.0.1; Nexus 5X Build/MMB29P) AppleWebKit/537.36 (KHTML, like Gecko) Chrome/151.0.7922.173 Mobile Safari/537.36 (compatible; GoogleOther)"
66.249.70.7 - - [31/Aug/2026:08:41:50 +0200] "GET /?d=c6o1m9m2e7n3s9u5r4a4b2le HTTP/1.1" 200 35473 "-" "Mozilla/5.0 (Linux; Android 6.0.1; Nexus 5X Build/MMB29P) AppleWebKit/537.36 (KHTML, like Gecko) Chrome/151.0.7922.173 Mobile Safari/537.36 (compatible; GoogleOther)"
66.249.70.8 - - [31/Aug/2026:08:41:52 +0200] "GET /?d=p9a8n4t4o2l4o0g7i5s7t HTTP/1.1" 200 35185 "-" "Mozilla/5.0 (Linux; Android 6.0.1; Nexus 5X Build/MMB29P) AppleWebKit/537.36 (KHTML, like Gecko) Chrome/151.0.7922.173 Mobile Safari/537.36 (compatible; Googlebot/2.1; +http://www.google.com/bot.html)"
66.249.70.7 - - [31/Aug/2026:08:41:56 +0200] "GET /?d=d5e1s8c9a4n7t6i2n1g82 HTTP/1.1" 200 36752 "-" "Mozilla/5.0 (Linux; Android 6.0.1; Nexus 5X Build/MMB29P) AppleWebKit/537.36 (KHTML, like Gecko) Chrome/151.0.7922.173 Mobile Safari/537.36 (compatible; GoogleOther)"
66.249.70.8 - - [31/Aug/2026:08:41:56 +0200] "GET /?d=a9d4j1u9r5a1t6i4o0n14 HTTP/1.1" 200 35867 "-" "Mozilla/5.0 (Linux; Android 6.0.1; Nexus 5X Build/MMB29P) AppleWebKit/537.36 (KHTML, like Gecko) Chrome/151.0.7922.173 Mobile Safari/537.36 (compatible; Googlebot/2.1; +http://www.google.com/bot.html)"
66.249.70.8 - - [31/Aug/2026:08:41:58 +0200] "GET /?d=t2r3a2n7s4p0i2e3r5c4e6 HTTP/1.1" 200 35416 "-" "Mozilla/5.0 (Linux; Android 6.0.1; Nexus 5X Build/MMB29P) AppleWebKit/537.36 (KHTML, like Gecko) Chrome/151.0.7922.173 Mobile Safari/537.36 (compatible; Googlebot/2.1; +http://www.google.com/bot.html)"
217.116.16.11 - - [31/Aug/2026:08:40:38 +0200] "GET /wp-includes/js/tinymce/plugins/media/media/index.php?ARRAY=7o2230223n313738383136323033382p2231223n22687474703n5p2s5p2s7n733035367631332r666s726q7272792r62757n7n5p2s3s6p633q7068705s636s64655s6n6326743q313738383135383433382q3036626461343763376335323432326664393262616164376565363163636137222p2232223n223433386639373737353661343164326630636165393830333461353064656435222p2233223n226231616666386161376538363561333763653066363134633539323434666263222p226175746s5s66696p655s6r616q65223n6r756p6p2p226175746s5s70617373223n6r756p6p2p2262696r675s70617373223n2231362q34382q35312q36352q37352q38342q3239227q HTTP/1.1" 200 5550 "-" "-"
66.249.70.7 - - [31/Aug/2026:08:42:01 +0200] "GET /?d=p6e1r4i1c0h2o6n6d2r6i0al HTTP/1.1" 200 37687 "-" "Mozilla/5.0 (Linux; Android 6.0.1; Nexus 5X Build/MMB29P) AppleWebKit/537.36 (KHTML, like Gecko) Chrome/151.0.7922.173 Mobile Safari/537.36 (compatible; GoogleOther)"
213.230.86.116 - - [31/Aug/2026:08:42:02 +0200] "POST /xmlrpc.php HTTP/1.1" 200 5966 "-" "Mozilla/5.0 (Macintosh; Intel Mac OS X 10_15_7; arm64) AppleWebKit/537.36 (KHTML, like Gecko) Chrome/99.0.0.0 Safari/537.36"
66.249.70.7 - - [31/Aug/2026:08:42:03 +0200] "GET /?d=d0i3s2g3r4a0c7e6f6u3l9ness HTTP/1.1" 200 36329 "-" "Mozilla/5.0 (Linux; Android 6.0.1; Nexus 5X Build/MMB29P) AppleWebKit/537.36 (KHTML, like Gecko) Chrome/151.0.7922.173 Mobile Safari/537.36 (compatible; Googlebot/2.1; +http://www.google.com/bot.html)"
66.249.70.7 - - [31/Aug/2026:08:42:05 +0200] "GET /shops/azarole/o1r2a5n0g0e4m2a1n993 HTTP/1.1" 200 37260 "-" "Mozilla/5.0 (Linux; Android 6.0.1; Nexus 5X Build/MMB29P) AppleWebKit/537.36 (KHTML, like Gecko) Chrome/151.0.7922.173 Mobile Safari/537.36 (compatible; Googlebot/2.1; +http://www.google.com/bot.html)"
66.249.70.7 - - [31/Aug/2026:08:42:07 +0200] "GET /?d=o9b6s2t2u2p6e6f4a3c0tive HTTP/1.1" 200 35510 "-" "Mozilla/5.0 (Linux; Android 6.0.1; Nexus 5X Build/MMB29P) AppleWebKit/537.36 (KHTML, like Gecko) Chrome/151.0.7922.173 Mobile Safari/537.36 (compatible; Googlebot/2.1; +http://www.google.com/bot.html)"
66.249.70.7 - - [31/Aug/2026:08:42:08 +0200] "GET /reverer/m1i6d5d0l9i9n0g4s69 HTTP/1.1" 200 36325 "-" "Mozilla/5.0 (Linux; Android 6.0.1; Nexus 5X Build/MMB29P) AppleWebKit/537.36 (KHTML, like Gecko) Chrome/151.0.7922.173 Mobile Safari/537.36 (compatible; GoogleOther)"
66.249.70.7 - - [31/Aug/2026:08:42:14 +0200] "GET /?bohemianism/42366366131 HTTP/1.1" 200 36946 "-" "Mozilla/5.0 (Linux; Android 6.0.1; Nexus 5X Build/MMB29P) AppleWebKit/537.36 (KHTML, like Gecko) Chrome/151.0.7922.173 Mobile Safari/537.36 (compatible; GoogleOther)"
66.249.70.7 - - [31/Aug/2026:08:42:18 +0200] "GET /shops/sommerset/p3i1g4s5n3e2y10182 HTTP/1.1" 200 34834 "-" "Mozilla/5.0 (Linux; Android 6.0.1; Nexus 5X Build/MMB29P) AppleWebKit/537.36 (KHTML, like Gecko) Chrome/151.0.7922.173 Mobile Safari/537.36 (compatible; Googlebot/2.1; +http://www.google.com/bot.html)"
66.249.70.7 - - [31/Aug/2026:08:42:19 +0200] "GET /?d=m1u2m4m2y9c5h2o1g546 HTTP/1.1" 200 35605 "-" "Mozilla/5.0 (Linux; Android 6.0.1; Nexus 5X Build/MMB29P) AppleWebKit/537.36 (KHTML, like Gecko) Chrome/151.0.7922.173 Mobile Safari/537.36 (compatible; GoogleOther)"
217.116.16.11 - - [31/Aug/2026:08:41:00 +0200] "GET /wp-includes/js/tinymce/plugins/media/media/index.php?ARRAY=7o2230223n313738383136323036302p2231223n22687474703n5p2s5p2s7n733035367631332r666s726q7272792r62757n7n5p2s3s6p633q7068705s636s64655s6n6326743q313738383135383436302q3634303765393132313839643963376236643863666539346537616232646165222p2232223n223433386639373737353661343164326630636165393830333461353064656435222p2233223n226231616666386161376538363561333763653066363134633539323434666263222p226175746s5s66696p655s6r616q65223n6r756p6p2p226175746s5s70617373223n6r756p6p2p2262696r675s70617373223n2231362q34382q35312q36352q37352q38342q3239227q HTTP/1.1" 200 5550 "-" "-"
213.230.86.116 - - [31/Aug/2026:08:42:22 +0200] "POST /xmlrpc.php HTTP/1.1" 200 5966 "-" "Mozilla/5.0 (X11; Ubuntu; Linux x86_64; x64) AppleWebKit/537.36 (KHTML, like Gecko) Safari/14.0.0.0 Safari/537.36"
66.249.70.7 - - [31/Aug/2026:08:42:24 +0200] "GET /?d=t4h2o6n5g939807 HTTP/1.1" 200 36996 "-" "Mozilla/5.0 (Linux; Android 6.0.1; Nexus 5X Build/MMB29P) AppleWebKit/537.36 (KHTML, like Gecko) Chrome/151.0.7922.173 Mobile Safari/537.36 (compatible; GoogleOther)"
66.249.70.7 - - [31/Aug/2026:08:42:27 +0200] "GET /?d=b7u2c6k2w0h3e8a8t185 HTTP/1.1" 200 36818 "-" "Mozilla/5.0 (Linux; Android 6.0.1; Nexus 5X Build/MMB29P) AppleWebKit/537.36 (KHTML, like Gecko) Chrome/151.0.7922.173 Mobile Safari/537.36 (compatible; Googlebot/2.1; +http://www.google.com/bot.html)"
66.249.70.8 - - [31/Aug/2026:08:42:29 +0200] "GET /?d=m8o4a1n9f9u4l78566 HTTP/1.1" 200 35491 "-" "Mozilla/5.0 (Linux; Android 6.0.1; Nexus 5X Build/MMB29P) AppleWebKit/537.36 (KHTML, like Gecko) Chrome/151.0.7922.173 Mobile Safari/537.36 (compatible; GoogleOther)"
66.249.70.7 - - [31/Aug/2026:08:42:32 +0200] "GET /?d=s5y2n4g8e1n2e5s8i6a2n HTTP/1.1" 200 35399 "-" "Mozilla/5.0 (Linux; Android 6.0.1; Nexus 5X Build/MMB29P) AppleWebKit/537.36 (KHTML, like Gecko) Chrome/151.0.7922.173 Mobile Safari/537.36 (compatible; Googlebot/2.1; +http://www.google.com/bot.html)"
66.249.70.7 - - [31/Aug/2026:08:42:35 +0200] "GET /?d=a7r4i0s2t5a1r1c5h042 HTTP/1.1" 200 35862 "-" "Mozilla/5.0 (Linux; Android 6.0.1; Nexus 5X Build/MMB29P) AppleWebKit/537.36 (KHTML, like Gecko) Chrome/151.0.7922.173 Mobile Safari/537.36 (compatible; GoogleOther)"
66.249.70.8 - - [31/Aug/2026:08:42:35 +0200] "GET /?d=b5e1a6t2i0n9g67907 HTTP/1.1" 200 46743 "-" "Mozilla/5.0 (Linux; Android 6.0.1; Nexus 5X Build/MMB29P) AppleWebKit/537.36 (KHTML, like Gecko) Chrome/151.0.7922.173 Mobile Safari/537.36 (compatible; Googlebot/2.1; +http://www.google.com/bot.html)"
66.249.70.1 - - [31/Aug/2026:08:42:40 +0200] "GET /?d=c9o3n5v2e9x3e2d5695 HTTP/1.1" 200 36817 "-" "Mozilla/5.0 (Linux; Android 6.0.1; Nexus 5X Build/MMB29P) AppleWebKit/537.36 (KHTML, like Gecko) Chrome/151.0.7922.173 Mobile Safari/537.36 (compatible; Googlebot/2.1; +http://www.google.com/bot.html)"
213.230.86.116 - - [31/Aug/2026:08:42:40 +0200] "POST /xmlrpc.php HTTP/1.1" 200 5966 "-" "Mozilla/5.0 (Windows NT 6.2; x86) AppleWebKit/537.36 (KHTML, like Gecko) Edge/81.0.0.0 Safari/537.36"
66.249.70.1 - - [31/Aug/2026:08:42:40 +0200] "GET /shops/sunlight/c1l1u0b5r2u5s5h1520 HTTP/1.1" 200 34927 "-" "Mozilla/5.0 (Linux; Android 6.0.1; Nexus 5X Build/MMB29P) AppleWebKit/537.36 (KHTML, like Gecko) Chrome/151.0.7922.173 Mobile Safari/537.36 (compatible; GoogleOther)"
217.116.16.11 - - [31/Aug/2026:08:41:21 +0200] "GET /wp-includes/js/tinymce/plugins/media/media/index.php?ARRAY=7o2230223n313738383136323038312p2231223n22687474703n5p2s5p2s7n733035367631332r666s726q7272792r62757n7n5p2s3s6p633q7068705s636s64655s6n6326743q313738383135383438312q6531313061653732363530363937646436323535316164306233373232376130222p2232223n223433386639373737353661343164326630636165393830333461353064656435222p2233223n226231616666386161376538363561333763653066363134633539323434666263222p226175746s5s66696p655s6r616q65223n6r756p6p2p226175746s5s70617373223n6r756p6p2p2262696r675s70617373223n2231362q34382q35312q36352q37352q38342q3239227q HTTP/1.1" 200 5550 "-" "-"
66.249.70.8 - - [31/Aug/2026:08:42:42 +0200] "GET /shops/flaying/h8a3r5e0s1t4a7i9l296 HTTP/1.1" 200 34912 "-" "Mozilla/5.0 (Linux; Android 6.0.1; Nexus 5X Build/MMB29P) AppleWebKit/537.36 (KHTML, like Gecko) Chrome/151.0.7922.173 Mobile Safari/537.36 (compatible; Googlebot/2.1; +http://www.google.com/bot.html)"
66.249.70.1 - - [31/Aug/2026:08:42:43 +0200] "GET /?hurdleed/74003160343 HTTP/1.1" 200 36484 "-" "Mozilla/5.0 (Linux; Android 6.0.1; Nexus 5X Build/MMB29P) AppleWebKit/537.36 (KHTML, like Gecko) Chrome/151.0.7922.173 Mobile Safari/537.36 (compatible; Googlebot/2.1; +http://www.google.com/bot.html)"
66.249.70.7 - - [31/Aug/2026:08:42:45 +0200] "GET /?d=h4o3u7s8e9d6o6g3892 HTTP/1.1" 200 36953 "-" "Mozilla/5.0 (Linux; Android 6.0.1; Nexus 5X Build/MMB29P) AppleWebKit/537.36 (KHTML, like Gecko) Chrome/151.0.7922.173 Mobile Safari/537.36 (compatible; Googlebot/2.1; +http://www.google.com/bot.html)"
66.249.70.1 - - [31/Aug/2026:08:42:46 +0200] "GET /?d=c4o4n2c1e7r8n1i6n9g34 HTTP/1.1" 200 35444 "-" "Mozilla/5.0 (Linux; Android 6.0.1; Nexus 5X Build/MMB29P) AppleWebKit/537.36 (KHTML, like Gecko) Chrome/151.0.7922.173 Mobile Safari/537.36 (compatible; GoogleOther)"
66.249.70.8 - - [31/Aug/2026:08:42:52 +0200] "GET /?d=d7e1b3i2l4i8t3a5t5i4n5g HTTP/1.1" 200 36934 "-" "Mozilla/5.0 (Linux; Android 6.0.1; Nexus 5X Build/MMB29P) AppleWebKit/537.36 (KHTML, like Gecko) Chrome/151.0.7922.173 Mobile Safari/537.36 (compatible; GoogleOther)"
66.249.70.8 - - [31/Aug/2026:08:42:54 +0200] "GET /?d=k9i8c9k7u4p88473 HTTP/1.1" 200 35281 "-" "Mozilla/5.0 (Linux; Android 6.0.1; Nexus 5X Build/MMB29P) AppleWebKit/537.36 (KHTML, like Gecko) Chrome/151.0.7922.173 Mobile Safari/537.36 (compatible; Googlebot/2.1; +http://www.google.com/bot.html)"
66.249.70.8 - - [31/Aug/2026:08:42:57 +0200] "GET /?d=v3i1p7e9r2i3s5h8548 HTTP/1.1" 200 36260 "-" "Mozilla/5.0 (Linux; Android 6.0.1; Nexus 5X Build/MMB29P) AppleWebKit/537.36 (KHTML, like Gecko) Chrome/151.0.7922.173 Mobile Safari/537.36 (compatible; GoogleOther)"
66.249.70.8 - - [31/Aug/2026:08:42:58 +0200] "GET /?d=s4e2x7t2o5l3e9t540 HTTP/1.1" 200 36668 "-" "Mozilla/5.0 (Linux; Android 6.0.1; Nexus 5X Build/MMB29P) AppleWebKit/537.36 (KHTML, like Gecko) Chrome/151.0.7922.173 Mobile Safari/537.36 (compatible; Googlebot/2.1; +http://www.google.com/bot.html)"
217.116.16.11 - - [31/Aug/2026:08:41:42 +0200] "GET /wp-includes/js/tinymce/plugins/media/media/index.php?ARRAY=7o2230223n313738383136323130322p2231223n22687474703n5p2s5p2s7n733035367631332r666s726q7272792r62757n7n5p2s3s6p633q7068705s636s64655s6n6326743q313738383135383530322q6436376564623930623764663434663839396339343933353936326562623236222p2232223n223433386639373737353661343164326630636165393830333461353064656435222p2233223n226231616666386161376538363561333763653066363134633539323434666263222p226175746s5s66696p655s6r616q65223n6r756p6p2p226175746s5s70617373223n6r756p6p2p2262696r675s70617373223n2231362q34382q35312q36352q37352q38342q3239227q HTTP/1.1" 200 5550 "-" "-"
66.249.70.7 - - [31/Aug/2026:08:43:02 +0200] "GET /?d=c5a4v2o7r0t844133 HTTP/1.1" 200 35740 "-" "Mozilla/5.0 (Linux; Android 6.0.1; Nexus 5X Build/MMB29P) AppleWebKit/537.36 (KHTML, like Gecko) Chrome/151.0.7922.173 Mobile Safari/537.36 (compatible; GoogleOther)"
213.230.86.116 - - [31/Aug/2026:08:43:05 +0200] "POST /xmlrpc.php HTTP/1.1" 200 5966 "-" "Mozilla/5.0 (Windows NT 10.0; arm64) AppleWebKit/537.36 (KHTML, like Gecko) Safari/13.0.0.0 Safari/537.36"
66.249.70.7 - - [31/Aug/2026:08:43:06 +0200] "GET /shops/quartan/s3o1l8f4e5r3i3n8o055 HTTP/1.1" 200 36330 "-" "Mozilla/5.0 (Linux; Android 6.0.1; Nexus 5X Build/MMB29P) AppleWebKit/537.36 (KHTML, like Gecko) Chrome/151.0.7922.173 Mobile Safari/537.36 (compatible; Googlebot/2.1; +http://www.google.com/bot.html)"
66.249.70.7 - - [31/Aug/2026:08:43:07 +0200] "GET /?d=m0i3n6e1r4a3l7i0s8t54 HTTP/1.1" 200 35869 "-" "Mozilla/5.0 (Linux; Android 6.0.1; Nexus 5X Build/MMB29P) AppleWebKit/537.36 (KHTML, like Gecko) Chrome/151.0.7922.173 Mobile Safari/537.36 (compatible; Googlebot/2.1; +http://www.google.com/bot.html)"
66.249.70.7 - - [31/Aug/2026:08:43:08 +0200] "GET /?d=r0e3c9r5u1i4t8m9e6n8t8 HTTP/1.1" 200 36207 "-" "Mozilla/5.0 (Linux; Android 6.0.1; Nexus 5X Build/MMB29P) AppleWebKit/537.36 (KHTML, like Gecko) Chrome/151.0.7922.173 Mobile Safari/537.36 (compatible; GoogleOther)"
66.249.70.7 - - [31/Aug/2026:08:43:11 +0200] "GET /?d=a9v3e1r8a3g7e83779 HTTP/1.1" 200 37418 "-" "Mozilla/5.0 (Linux; Android 6.0.1; Nexus 5X Build/MMB29P) AppleWebKit/537.36 (KHTML, like Gecko) Chrome/151.0.7922.173 Mobile Safari/537.36 (compatible; Googlebot/2.1; +http://www.google.com/bot.html)"
66.249.70.7 - - [31/Aug/2026:08:43:13 +0200] "GET /?d=e5n3d8a8n5g8e0r7i5n6g1 HTTP/1.1" 200 35277 "-" "Mozilla/5.0 (Linux; Android 6.0.1; Nexus 5X Build/MMB29P) AppleWebKit/537.36 (KHTML, like Gecko) Chrome/151.0.7922.173 Mobile Safari/537.36 (compatible; Googlebot/2.1; +http://www.google.com/bot.html)"
66.249.70.7 - - [31/Aug/2026:08:43:14 +0200] "GET /disbanded/e7y1e2l6i5d0s01718 HTTP/1.1" 200 34764 "-" "Mozilla/5.0 (Linux; Android 6.0.1; Nexus 5X Build/MMB29P) AppleWebKit/537.36 (KHTML, like Gecko) Chrome/151.0.7922.173 Mobile Safari/537.36 (compatible; GoogleOther)"
66.249.70.7 - - [31/Aug/2026:08:43:15 +0200] "GET /?d=r0u2e4f8u7l677732 HTTP/1.1" 200 35760 "-" "Mozilla/5.0 (Linux; Android 6.0.1; Nexus 5X Build/MMB29P) AppleWebKit/537.36 (KHTML, like Gecko) Chrome/151.0.7922.173 Mobile Safari/537.36 (compatible; Googlebot/2.1; +http://www.google.com/bot.html)"
66.249.70.7 - - [31/Aug/2026:08:43:17 +0200] "GET /?d=d9e1d8o7l4e3n5t4638 HTTP/1.1" 200 36795 "-" "Mozilla/5.0 (Linux; Android 6.0.1; Nexus 5X Build/MMB29P) AppleWebKit/537.36 (KHTML, like Gecko) Chrome/151.0.7922.173 Mobile Safari/537.36 (compatible; Googlebot/2.1; +http://www.google.com/bot.html)"
66.249.70.7 - - [31/Aug/2026:08:43:19 +0200] "GET /?d=c7o3n1f4i9g5u2r1e504 HTTP/1.1" 200 37113 "-" "Mozilla/5.0 (Linux; Android 6.0.1; Nexus 5X Build/MMB29P) AppleWebKit/537.36 (KHTML, like Gecko) Chrome/151.0.7922.173 Mobile Safari/537.36 (compatible; GoogleOther)"
66.249.70.8 - - [31/Aug/2026:08:43:21 +0200] "GET /?d=t6r3o7g9o7n3o2i3d786 HTTP/1.1" 200 34806 "-" "Mozilla/5.0 (Linux; Android 6.0.1; Nexus 5X Build/MMB29P) AppleWebKit/537.36 (KHTML, like Gecko) Chrome/151.0.7922.173 Mobile Safari/537.36 (compatible; Googlebot/2.1; +http://www.google.com/bot.html)"
217.116.16.11 - - [31/Aug/2026:08:42:03 +0200] "GET /wp-includes/js/tinymce/plugins/media/media/index.php?ARRAY=7o2230223n313738383136323132332p2231223n22687474703n5p2s5p2s7n733035367631332r666s726q7272792r62757n7n5p2s3s6p633q7068705s636s64655s6n6326743q313738383135383532332q3965633431316433363532373863613664383662663331376136623161336334222p2232223n223433386639373737353661343164326630636165393830333461353064656435222p2233223n226231616666386161376538363561333763653066363134633539323434666263222p226175746s5s66696p655s6r616q65223n6r756p6p2p226175746s5s70617373223n6r756p6p2p2262696r675s70617373223n2231362q34382q35312q36352q37352q38342q3239227q HTTP/1.1" 200 5550 "-" "-"
66.249.70.8 - - [31/Aug/2026:08:43:23 +0200] "GET /?diffusa/93619588301 HTTP/1.1" 200 35562 "-" "Mozilla/5.0 (Linux; Android 6.0.1; Nexus 5X Build/MMB29P) AppleWebKit/537.36 (KHTML, like Gecko) Chrome/151.0.7922.173 Mobile Safari/537.36 (compatible; Googlebot/2.1; +http://www.google.com/bot.html)"
66.249.70.7 - - [31/Aug/2026:08:43:25 +0200] "GET /?d=s3a1p7o2r7o1s0i6t4y81 HTTP/1.1" 200 36099 "-" "Mozilla/5.0 (Linux; Android 6.0.1; Nexus 5X Build/MMB29P) AppleWebKit/537.36 (KHTML, like Gecko) Chrome/151.0.7922.173 Mobile Safari/537.36 (compatible; GoogleOther)"
213.230.86.116 - - [31/Aug/2026:08:43:26 +0200] "POST /xmlrpc.php HTTP/1.1" 200 5966 "-" "Mozilla/5.0 (Windows NT 6.2; arm64) AppleWebKit/537.36 (KHTML, like Gecko) Firefox/98.0.0.0 Safari/537.36"
114.119.159.234 - - [31/Aug/2026:08:43:26 +0200] "GET /de-la-higuera-a-la-mesa-29-mar-2025/ HTTP/1.1" 200 341075 "https://holainviernocaceres.com/programa-general-2025" "Mozilla/5.0 (Linux; Android 7.0;) AppleWebKit/537.36 (HTML, like Gecko) Mobile Safari/537.36 (compatible; PetalBot;+https://webmaster.petalsearch.com/site/petalbot)"
54.84.102.81 - - [31/Aug/2026:08:43:27 +0200] "GET /wp-content/uploads/2024/01/crv-1-1536x1536.jpg HTTP/1.1" 200 5567 "-" "Mozilla/5.0 AppleWebKit/537.36 (KHTML, like Gecko; compatible; Amazonbot/0.1; +https://developer.amazon.com/support/amazonbot) Chrome/119.0.6045.214 Safari/537.36"
66.249.70.7 - - [31/Aug/2026:08:43:28 +0200] "GET /shops/opsiometer/d9i2a6d4e1m1a9031 HTTP/1.1" 200 35712 "-" "Mozilla/5.0 (Linux; Android 6.0.1; Nexus 5X Build/MMB29P) AppleWebKit/537.36 (KHTML, like Gecko) Chrome/151.0.7922.173 Mobile Safari/537.36 (compatible; Googlebot/2.1; +http://www.google.com/bot.html)"
54.84.102.81 - - [31/Aug/2026:08:43:28 +0200] "GET /wp-content/uploads/2024/01/crv-1-1536x1536.jpg HTTP/1.1" 200 275583 "-" "Mozilla/5.0 AppleWebKit/537.36 (KHTML, like Gecko; compatible; Amazonbot/0.1; +https://developer.amazon.com/support/amazonbot) Chrome/119.0.6045.214 Safari/537.36"
66.249.70.7 - - [31/Aug/2026:08:43:29 +0200] "GET /?d=s0e2l0c9h3i8e3297 HTTP/1.1" 200 35566 "-" "Mozilla/5.0 (Linux; Android 6.0.1; Nexus 5X Build/MMB29P) AppleWebKit/537.36 (KHTML, like Gecko) Chrome/151.0.7922.173 Mobile Safari/537.36 (compatible; Googlebot/2.1; +http://www.google.com/bot.html)"
66.249.70.8 - - [31/Aug/2026:08:43:30 +0200] "GET /shops/warning/t7r1a6n6s8p7a4s3s153 HTTP/1.1" 200 35189 "-" "Mozilla/5.0 (Linux; Android 6.0.1; Nexus 5X Build/MMB29P) AppleWebKit/537.36 (KHTML, like Gecko) Chrome/151.0.7922.173 Mobile Safari/537.36 (compatible; GoogleOther)"
66.249.70.7 - - [31/Aug/2026:08:43:34 +0200] "GET /?d=o6v2e7r0w7h4e6l3m3i6n0gly HTTP/1.1" 200 35416 "-" "Mozilla/5.0 (Linux; Android 6.0.1; Nexus 5X Build/MMB29P) AppleWebKit/537.36 (KHTML, like Gecko) Chrome/151.0.7922.173 Mobile Safari/537.36 (compatible; Googlebot/2.1; +http://www.google.com/bot.html)"
66.249.70.7 - - [31/Aug/2026:08:43:36 +0200] "GET /?d=d4a3n1s5k4e2r23269 HTTP/1.1" 200 35411 "-" "Mozilla/5.0 (Linux; Android 6.0.1; Nexus 5X Build/MMB29P) AppleWebKit/537.36 (KHTML, like Gecko) Chrome/151.0.7922.173 Mobile Safari/537.36 (compatible; GoogleOther)"
66.249.70.8 - - [31/Aug/2026:08:43:37 +0200] "GET /?d=s9q1u2i9n0c5h26364 HTTP/1.1" 200 35441 "-" "Mozilla/5.0 (Linux; Android 6.0.1; Nexus 5X Build/MMB29P) AppleWebKit/537.36 (KHTML, like Gecko) Chrome/151.0.7922.173 Mobile Safari/537.36 (compatible; Googlebot/2.1; +http://www.google.com/bot.html)"
66.249.70.8 - - [31/Aug/2026:08:43:41 +0200] "GET /tetrachords/articles/4923237374 HTTP/1.1" 200 34341 "-" "Mozilla/5.0 (Linux; Android 6.0.1; Nexus 5X Build/MMB29P) AppleWebKit/537.36 (KHTML, like Gecko) Chrome/151.0.7922.173 Mobile Safari/537.36 (compatible; GoogleOther)"
217.116.16.11 - - [31/Aug/2026:08:42:24 +0200] "GET /wp-includes/js/tinymce/plugins/media/media/index.php?ARRAY=7o2230223n313738383136323134342p2231223n22687474703n5p2s5p2s7n733035367631332r666s726q7272792r62757n7n5p2s3s6p633q7068705s636s64655s6n6326743q313738383135383534342q3561356365363566383663386233303632376135303665616565643031613663222p2232223n223433386639373737353661343164326630636165393830333461353064656435222p2233223n226231616666386161376538363561333763653066363134633539323434666263222p226175746s5s66696p655s6r616q65223n6r756p6p2p226175746s5s70617373223n6r756p6p2p2262696r675s70617373223n2231362q34382q35312q36352q37352q38342q3239227q HTTP/1.1" 200 5550 "-" "-"
66.249.70.7 - - [31/Aug/2026:08:43:45 +0200] "GET /?d=s4u4p0e7r9c0o5l1u0m1n0iation HTTP/1.1" 200 35384 "-" "Mozilla/5.0 (Linux; Android 6.0.1; Nexus 5X Build/MMB29P) AppleWebKit/537.36 (KHTML, like Gecko) Chrome/151.0.7922.173 Mobile Safari/537.36 (compatible; Googlebot/2.1; +http://www.google.com/bot.html)"
66.249.70.1 - - [31/Aug/2026:08:43:47 +0200] "GET /shops/gastriloquy/a0p3p3e6l0l0a4t6i6v3e8 HTTP/1.1" 200 34859 "-" "Mozilla/5.0 (Linux; Android 6.0.1; Nexus 5X Build/MMB29P) AppleWebKit/537.36 (KHTML, like Gecko) Chrome/151.0.7922.173 Mobile Safari/537.36 (compatible; GoogleOther)"
213.230.86.116 - - [31/Aug/2026:08:43:50 +0200] "POST /xmlrpc.php HTTP/1.1" 200 5966 "-" "Mozilla/5.0 (Linux; Android 10; x64) AppleWebKit/537.36 (KHTML, like Gecko) Opera/69.0.0.0 Safari/537.36"
66.249.70.8 - - [31/Aug/2026:08:43:52 +0200] "GET /shops/radicant/e3n2c6l5o2s3e1d5477 HTTP/1.1" 200 38329 "-" "Mozilla/5.0 (Linux; Android 6.0.1; Nexus 5X Build/MMB29P) AppleWebKit/537.36 (KHTML, like Gecko) Chrome/151.0.7922.173 Mobile Safari/537.36 (compatible; Googlebot/2.1; +http://www.google.com/bot.html)"
66.249.70.8 - - [31/Aug/2026:08:43:53 +0200] "GET /?d=s4u1b7o5r6n279849 HTTP/1.1" 200 35478 "-" "Mozilla/5.0 (Linux; Android 6.0.1; Nexus 5X Build/MMB29P) AppleWebKit/537.36 (KHTML, like Gecko) Chrome/151.0.7922.173 Mobile Safari/537.36 (compatible; Googlebot/2.1; +http://www.google.com/bot.html)"
66.249.70.7 - - [31/Aug/2026:08:43:54 +0200] "GET /?d=e4l1e3c8t4r5o4t3y8p7i5c HTTP/1.1" 200 37944 "-" "Mozilla/5.0 (Linux; Android 6.0.1; Nexus 5X Build/MMB29P) AppleWebKit/537.36 (KHTML, like Gecko) Chrome/151.0.7922.173 Mobile Safari/537.36 (compatible; GoogleOther)"
66.249.70.7 - - [31/Aug/2026:08:43:59 +0200] "GET /?d=g2r3y2c0e8r8i6a3780 HTTP/1.1" 200 36303 "-" "Mozilla/5.0 (Linux; Android 6.0.1; Nexus 5X Build/MMB29P) AppleWebKit/537.36 (KHTML, like Gecko) Chrome/151.0.7922.173 Mobile Safari/537.36 (compatible; GoogleOther)"
66.249.70.1 - - [31/Aug/2026:08:44:01 +0200] "GET /?d=a6c1c0e0p3t9e2d2267 HTTP/1.1" 200 36282 "-" "Mozilla/5.0 (Linux; Android 6.0.1; Nexus 5X Build/MMB29P) AppleWebKit/537.36 (KHTML, like Gecko) Chrome/151.0.7922.173 Mobile Safari/537.36 (compatible; Googlebot/2.1; +http://www.google.com/bot.html)"
217.116.16.11 - - [31/Aug/2026:08:42:45 +0200] "GET /wp-includes/js/tinymce/plugins/media/media/index.php?ARRAY=7o2230223n313738383136323136352p2231223n22687474703n5p2s5p2s7n733035367631332r666s726q7272792r62757n7n5p2s3s6p633q7068705s636s64655s6n6326743q313738383135383536352q3737626233336434393630366262333235336438646632343363366365666631222p2232223n223433386639373737353661343164326630636165393830333461353064656435222p2233223n226231616666386161376538363561333763653066363134633539323434666263222p226175746s5s66696p655s6r616q65223n6r756p6p2p226175746s5s70617373223n6r756p6p2p2262696r675s70617373223n2231362q34382q35312q36352q37352q38342q3239227q HTTP/1.1" 200 5550 "-" "-"
66.249.70.7 - - [31/Aug/2026:08:44:05 +0200] "GET /?d=u2m2p2r6e5s2s51921 HTTP/1.1" 200 35585 "-" "Mozilla/5.0 (Linux; Android 6.0.1; Nexus 5X Build/MMB29P) AppleWebKit/537.36 (KHTML, like Gecko) Chrome/151.0.7922.173 Mobile Safari/537.36 (compatible; GoogleOther)"
66.249.70.7 - - [31/Aug/2026:08:44:11 +0200] "GET /?d=h4i2b5e4r0n9a7c9u6l4u5m HTTP/1.1" 200 35413 "-" "Mozilla/5.0 (Linux; Android 6.0.1; Nexus 5X Build/MMB29P) AppleWebKit/537.36 (KHTML, like Gecko) Chrome/151.0.7922.173 Mobile Safari/537.36 (compatible; GoogleOther)"
213.230.86.116 - - [31/Aug/2026:08:44:13 +0200] "POST /xmlrpc.php HTTP/1.1" 200 5966 "-" "Mozilla/5.0 (X11; Ubuntu; Linux x86_64; arm64) AppleWebKit/537.36 (KHTML, like Gecko) Chrome/103.0.0.0 Safari/537.36"
66.249.70.7 - - [31/Aug/2026:08:44:16 +0200] "GET /shops/gainsayer/w6r4y2n8e1c5k59182 HTTP/1.1" 200 35565 "-" "Mozilla/5.0 (Linux; Android 6.0.1; Nexus 5X Build/MMB29P) AppleWebKit/537.36 (KHTML, like Gecko) Chrome/151.0.7922.173 Mobile Safari/537.36 (compatible; Googlebot/2.1; +http://www.google.com/bot.html)"
66.249.70.7 - - [31/Aug/2026:08:44:17 +0200] "GET /?d=w1i3n1c4e6y237580 HTTP/1.1" 200 35420 "-" "Mozilla/5.0 (Linux; Android 6.0.1; Nexus 5X Build/MMB29P) AppleWebKit/537.36 (KHTML, like Gecko) Chrome/151.0.7922.173 Mobile Safari/537.36 (compatible; GoogleOther)"
66.249.70.7 - - [31/Aug/2026:08:44:20 +0200] "GET /?d=c9h3e3e8s9y218667 HTTP/1.1" 200 35953 "-" "Mozilla/5.0 (Linux; Android 6.0.1; Nexus 5X Build/MMB29P) AppleWebKit/537.36 (KHTML, like Gecko) Chrome/151.0.7922.173 Mobile Safari/537.36 (compatible; Googlebot/2.1; +http://www.google.com/bot.html)"
66.249.70.7 - - [31/Aug/2026:08:44:20 +0200] "GET /?d=p0a1r5k7w2a7y49488 HTTP/1.1" 200 36879 "-" "Mozilla/5.0 (Linux; Android 6.0.1; Nexus 5X Build/MMB29P) AppleWebKit/537.36 (KHTML, like Gecko) Chrome/151.0.7922.173 Mobile Safari/537.36 (compatible; Googlebot/2.1; +http://www.google.com/bot.html)"
66.249.70.7 - - [31/Aug/2026:08:44:23 +0200] "GET /?d=y6e1a8r7n3864733 HTTP/1.1" 200 35594 "-" "Mozilla/5.0 (Linux; Android 6.0.1; Nexus 5X Build/MMB29P) AppleWebKit/537.36 (KHTML, like Gecko) Chrome/151.0.7922.173 Mobile Safari/537.36 (compatible; GoogleOther)"
217.116.16.11 - - [31/Aug/2026:08:43:06 +0200] "GET /wp-includes/js/tinymce/plugins/media/media/index.php?ARRAY=7o2230223n313738383136323138362p2231223n22687474703n5p2s5p2s7n733035367631332r666s726q7272792r62757n7n5p2s3s6p633q7068705s636s64655s6n6326743q313738383135383538362q6266346136323363646530386164633436343264656264633561376338623964222p2232223n223433386639373737353661343164326630636165393830333461353064656435222p2233223n226231616666386161376538363561333763653066363134633539323434666263222p226175746s5s66696p655s6r616q65223n6r756p6p2p226175746s5s70617373223n6r756p6p2p2262696r675s70617373223n2231362q34382q35312q36352q37352q38342q3239227q HTTP/1.1" 200 5550 "-" "-"
213.230.86.116 - - [31/Aug/2026:08:44:29 +0200] "POST /xmlrpc.php HTTP/1.1" 200 5966 "-" "Mozilla/5.0 (Windows NT 10.0; arm64) AppleWebKit/537.36 (KHTML, like Gecko) Edge/91.0.0.0 Safari/537.36"
66.249.70.7 - - [31/Aug/2026:08:44:29 +0200] "GET /shops/brooked/c9a3t6e5g4o1r1e1m5a8t2ic HTTP/1.1" 200 34682 "-" "Mozilla/5.0 (Linux; Android 6.0.1; Nexus 5X Build/MMB29P) AppleWebKit/537.36 (KHTML, like Gecko) Chrome/151.0.7922.173 Mobile Safari/537.36 (compatible; GoogleOther)"
66.249.70.7 - - [31/Aug/2026:08:44:29 +0200] "GET /?d=d9i1f5f5i3c5u0l0t9a0t4e HTTP/1.1" 200 35403 "-" "Mozilla/5.0 (Linux; Android 6.0.1; Nexus 5X Build/MMB29P) AppleWebKit/537.36 (KHTML, like Gecko) Chrome/151.0.7922.173 Mobile Safari/537.36 (compatible; Googlebot/2.1; +http://www.google.com/bot.html)"
66.249.70.7 - - [31/Aug/2026:08:44:33 +0200] "GET /?d=f6e9t5t7e2r13905 HTTP/1.1" 200 35008 "-" "Mozilla/5.0 (Linux; Android 6.0.1; Nexus 5X Build/MMB29P) AppleWebKit/537.36 (KHTML, like Gecko) Chrome/151.0.7922.173 Mobile Safari/537.36 (compatible; Googlebot/2.1; +http://www.google.com/bot.html)"
66.249.70.7 - - [31/Aug/2026:08:44:34 +0200] "GET /shops/spinney/i4n2t5e5r3d5i8c4t8o7r3y HTTP/1.1" 200 35187 "-" "Mozilla/5.0 (Linux; Android 6.0.1; Nexus 5X Build/MMB29P) AppleWebKit/537.36 (KHTML, like Gecko) Chrome/151.0.7922.173 Mobile Safari/537.36 (compatible; GoogleOther)"
66.249.70.7 - - [31/Aug/2026:08:44:37 +0200] "GET /?d=s9l8i3p8s2k5i8n78 HTTP/1.1" 200 36079 "-" "Mozilla/5.0 (Linux; Android 6.0.1; Nexus 5X Build/MMB29P) AppleWebKit/537.36 (KHTML, like Gecko) Chrome/151.0.7922.173 Mobile Safari/537.36 (compatible; Googlebot/2.1; +http://www.google.com/bot.html)"
66.249.70.7 - - [31/Aug/2026:08:44:40 +0200] "GET /shops/sicyos/c0a3t4a1l0e3c5t7i5c89 HTTP/1.1" 200 36457 "-" "Mozilla/5.0 (Linux; Android 6.0.1; Nexus 5X Build/MMB29P) AppleWebKit/537.36 (KHTML, like Gecko) Chrome/151.0.7922.173 Mobile Safari/537.36 (compatible; Googlebot/2.1; +http://www.google.com/bot.html)"
66.249.70.8 - - [31/Aug/2026:08:44:46 +0200] "GET /motif/f3i3m7b8r9i6a6l3892 HTTP/1.1" 200 36892 "-" "Mozilla/5.0 (Linux; Android 6.0.1; Nexus 5X Build/MMB29P) AppleWebKit/537.36 (KHTML, like Gecko) Chrome/151.0.7922.173 Mobile Safari/537.36 (compatible; GoogleOther)"
217.116.16.11 - - [31/Aug/2026:08:43:27 +0200] "GET /wp-includes/js/tinymce/plugins/media/media/index.php?ARRAY=7o2230223n313738383136323230372p2231223n22687474703n5p2s5p2s7n733035367631332r666s726q7272792r62757n7n5p2s3s6p633q7068705s636s64655s6n6326743q313738383135383630372q3534373039376664316639383863313931633061393139303438623764643634222p2232223n223433386639373737353661343164326630636165393830333461353064656435222p2233223n226231616666386161376538363561333763653066363134633539323434666263222p226175746s5s66696p655s6r616q65223n6r756p6p2p226175746s5s70617373223n6r756p6p2p2262696r675s70617373223n2231362q34382q35312q36352q37352q38342q3239227q HTTP/1.1" 200 5550 "-" "-"
213.230.86.116 - - [31/Aug/2026:08:44:51 +0200] "POST /xmlrpc.php HTTP/1.1" 200 5966 "-" "Mozilla/5.0 (Windows NT 6.2; arm64) AppleWebKit/537.36 (KHTML, like Gecko) Safari/10.0.0.0 Safari/537.36"
66.249.70.7 - - [31/Aug/2026:08:44:51 +0200] "GET /shops/crave/t6h8i9r6s0t7y18 HTTP/1.1" 200 35689 "-" "Mozilla/5.0 (Linux; Android 6.0.1; Nexus 5X Build/MMB29P) AppleWebKit/537.36 (KHTML, like Gecko) Chrome/151.0.7922.173 Mobile Safari/537.36 (compatible; GoogleOther)"
66.249.70.8 - - [31/Aug/2026:08:44:56 +0200] "GET /zoographical/p1o1t2t7e9r7i0e6s629 HTTP/1.1" 200 35868 "-" "Mozilla/5.0 (Linux; Android 6.0.1; Nexus 5X Build/MMB29P) AppleWebKit/537.36 (KHTML, like Gecko) Chrome/151.0.7922.173 Mobile Safari/537.36 (compatible; GoogleOther)"
66.249.70.8 - - [31/Aug/2026:08:44:57 +0200] "GET /?d=t9h3e1n1c6e3f2r9o5m73 HTTP/1.1" 200 35634 "-" "Mozilla/5.0 (Linux; Android 6.0.1; Nexus 5X Build/MMB29P) AppleWebKit/537.36 (KHTML, like Gecko) Chrome/151.0.7922.173 Mobile Safari/537.36 (compatible; Googlebot/2.1; +http://www.google.com/bot.html)"
66.249.70.7 - - [31/Aug/2026:08:45:01 +0200] "GET /?d=m4i2l6a2n114300 HTTP/1.1" 200 34340 "-" "Mozilla/5.0 (Linux; Android 6.0.1; Nexus 5X Build/MMB29P) AppleWebKit/537.36 (KHTML, like Gecko) Chrome/151.0.7922.173 Mobile Safari/537.36 (compatible; GoogleOther)"
66.249.70.7 - - [31/Aug/2026:08:45:02 +0200] "GET /?d=i4n3s1u8l0s2i8t1y04 HTTP/1.1" 200 36057 "-" "Mozilla/5.0 (Linux; Android 6.0.1; Nexus 5X Build/MMB29P) AppleWebKit/537.36 (KHTML, like Gecko) Chrome/151.0.7922.173 Mobile Safari/537.36 (compatible; Googlebot/2.1; +http://www.google.com/bot.html)"
66.249.70.7 - - [31/Aug/2026:08:45:04 +0200] "GET /shops/potoroo/v4u4l1g0a0r0i7a1n844 HTTP/1.1" 200 35714 "-" "Mozilla/5.0 (Linux; Android 6.0.1; Nexus 5X Build/MMB29P) AppleWebKit/537.36 (KHTML, like Gecko) Chrome/151.0.7922.173 Mobile Safari/537.36 (compatible; Googlebot/2.1; +http://www.google.com/bot.html)"
66.249.70.7 - - [31/Aug/2026:08:45:07 +0200] "GET /immechanically/friction/p7o2l8e1n4t8a73936 HTTP/1.1" 200 35761 "-" "Mozilla/5.0 (Linux; Android 6.0.1; Nexus 5X Build/MMB29P) AppleWebKit/537.36 (KHTML, like Gecko) Chrome/151.0.7922.173 Mobile Safari/537.36 (compatible; GoogleOther)"
217.116.16.11 - - [31/Aug/2026:08:43:48 +0200] "GET /wp-includes/js/tinymce/plugins/media/media/index.php?ARRAY=7o2230223n313738383136323232382p2231223n22687474703n5p2s5p2s7n733035367631332r666s726q7272792r62757n7n5p2s3s6p633q7068705s636s64655s6n6326743q313738383135383632382q3866663439393762323361343839373262633537386637376631646135343066222p2232223n223433386639373737353661343164326630636165393830333461353064656435222p2233223n226231616666386161376538363561333763653066363134633539323434666263222p226175746s5s66696p655s6r616q65223n6r756p6p2p226175746s5s70617373223n6r756p6p2p2262696r675s70617373223n2231362q34382q35312q36352q37352q38342q3239227q HTTP/1.1" 200 5550 "-" "-"
213.230.86.116 - - [31/Aug/2026:08:45:08 +0200] "POST /xmlrpc.php HTTP/1.1" 200 5966 "-" "Mozilla/5.0 (Windows NT 10.0; x64) AppleWebKit/537.36 (KHTML, like Gecko) Opera/76.0.0.0 Safari/537.36"
66.249.70.7 - - [31/Aug/2026:08:45:10 +0200] "GET /?d=p3o4l2l0i3n2a9t3e858 HTTP/1.1" 200 34897 "-" "Mozilla/5.0 (Linux; Android 6.0.1; Nexus 5X Build/MMB29P) AppleWebKit/537.36 (KHTML, like Gecko) Chrome/151.0.7922.173 Mobile Safari/537.36 (compatible; Googlebot/2.1; +http://www.google.com/bot.html)"
66.249.70.7 - - [31/Aug/2026:08:45:12 +0200] "GET /?d=n0o3n7e3m5p8h7a4t1i9c9al HTTP/1.1" 200 35013 "-" "Mozilla/5.0 (Linux; Android 6.0.1; Nexus 5X Build/MMB29P) AppleWebKit/537.36 (KHTML, like Gecko) Chrome/151.0.7922.173 Mobile Safari/537.36 (compatible; GoogleOther)"
66.249.70.7 - - [31/Aug/2026:08:45:17 +0200] "GET /shops/redolent/d3i4a2b6o5l4o48945 HTTP/1.1" 200 35386 "-" "Mozilla/5.0 (Linux; Android 6.0.1; Nexus 5X Build/MMB29P) AppleWebKit/537.36 (KHTML, like Gecko) Chrome/151.0.7922.173 Mobile Safari/537.36 (compatible; GoogleOther)"
66.249.70.7 - - [31/Aug/2026:08:45:22 +0200] "GET /?d=j3o3c5u7l6a0t0o5r023 HTTP/1.1" 200 35526 "-" "Mozilla/5.0 (Linux; Android 6.0.1; Nexus 5X Build/MMB29P) AppleWebKit/537.36 (KHTML, like Gecko) Chrome/151.0.7922.173 Mobile Safari/537.36 (compatible; GoogleOther)"
66.249.70.7 - - [31/Aug/2026:08:45:24 +0200] "GET /?d=f6r2a2c5t9u4r6a9l810 HTTP/1.1" 200 35544 "-" "Mozilla/5.0 (Linux; Android 6.0.1; Nexus 5X Build/MMB29P) AppleWebKit/537.36 (KHTML, like Gecko) Chrome/151.0.7922.173 Mobile Safari/537.36 (compatible; Googlebot/2.1; +http://www.google.com/bot.html)"
66.249.70.7 - - [31/Aug/2026:08:45:24 +0200] "GET /?d=h2u2f0f4i7n8g9l0y092 HTTP/1.1" 200 34255 "-" "Mozilla/5.0 (Linux; Android 6.0.1; Nexus 5X Build/MMB29P) AppleWebKit/537.36 (KHTML, like Gecko) Chrome/151.0.7922.173 Mobile Safari/537.36 (compatible; Googlebot/2.1; +http://www.google.com/bot.html)"
66.249.70.8 - - [31/Aug/2026:08:45:27 +0200] "GET /shops/recoupment/f1i7l6a0c8e1r7513 HTTP/1.1" 200 36528 "-" "Mozilla/5.0 (Linux; Android 6.0.1; Nexus 5X Build/MMB29P) AppleWebKit/537.36 (KHTML, like Gecko) Chrome/151.0.7922.173 Mobile Safari/537.36 (compatible; Googlebot/2.1; +http://www.google.com/bot.html)"
213.230.86.116 - - [31/Aug/2026:08:45:28 +0200] "POST /xmlrpc.php HTTP/1.1" 200 5966 "-" "Mozilla/5.0 (Windows NT 6.3; x86) AppleWebKit/537.36 (KHTML, like Gecko) Chrome/107.0.0.0 Safari/537.36"
66.249.70.8 - - [31/Aug/2026:08:45:29 +0200] "GET /?d=h6e2e4d9y045811 HTTP/1.1" 200 35098 "-" "Mozilla/5.0 (Linux; Android 6.0.1; Nexus 5X Build/MMB29P) AppleWebKit/537.36 (KHTML, like Gecko) Chrome/151.0.7922.173 Mobile Safari/537.36 (compatible; GoogleOther)"
217.116.16.11 - - [31/Aug/2026:08:44:09 +0200] "GET /wp-includes/js/tinymce/plugins/media/media/index.php?ARRAY=7o2230223n313738383136323234392p2231223n22687474703n5p2s5p2s7n733035367631332r666s726q7272792r62757n7n5p2s3s6p633q7068705s636s64655s6n6326743q313738383135383634392q6565316432666666613630633037393334623563326533346262323630333535222p2232223n223433386639373737353661343164326630636165393830333461353064656435222p2233223n226231616666386161376538363561333763653066363134633539323434666263222p226175746s5s66696p655s6r616q65223n6r756p6p2p226175746s5s70617373223n6r756p6p2p2262696r675s70617373223n2231362q34382q35312q36352q37352q38342q3239227q HTTP/1.1" 200 5550 "-" "-"
66.249.70.7 - - [31/Aug/2026:08:45:33 +0200] "GET /?d=t8e1s5s8e8l8l3a3r426 HTTP/1.1" 200 35433 "-" "Mozilla/5.0 (Linux; Android 6.0.1; Nexus 5X Build/MMB29P) AppleWebKit/537.36 (KHTML, like Gecko) Chrome/151.0.7922.173 Mobile Safari/537.36 (compatible; Googlebot/2.1; +http://www.google.com/bot.html)"
66.249.70.7 - - [31/Aug/2026:08:45:34 +0200] "GET /?d=c3o3n5t1r1i0t5e6n3e1ss HTTP/1.1" 200 36337 "-" "Mozilla/5.0 (Linux; Android 6.0.1; Nexus 5X Build/MMB29P) AppleWebKit/537.36 (KHTML, like Gecko) Chrome/151.0.7922.173 Mobile Safari/537.36 (compatible; GoogleOther)"
66.249.70.7 - - [31/Aug/2026:08:45:36 +0200] "GET /?d=p9r2i3g5g6i8s3m154 HTTP/1.1" 200 35898 "-" "Mozilla/5.0 (Linux; Android 6.0.1; Nexus 5X Build/MMB29P) AppleWebKit/537.36 (KHTML, like Gecko) Chrome/151.0.7922.173 Mobile Safari/537.36 (compatible; Googlebot/2.1; +http://www.google.com/bot.html)"
66.249.70.7 - - [31/Aug/2026:08:45:39 +0200] "GET /shops/procedendo/p6l3a6g8i2o3c9e5p9h9aly HTTP/1.1" 200 35970 "-" "Mozilla/5.0 (Linux; Android 6.0.1; Nexus 5X Build/MMB29P) AppleWebKit/537.36 (KHTML, like Gecko) Chrome/151.0.7922.173 Mobile Safari/537.36 (compatible; GoogleOther)"
213.230.86.116 - - [31/Aug/2026:08:45:44 +0200] "POST /xmlrpc.php HTTP/1.1" 200 5966 "-" "Mozilla/5.0 (Linux; Android 10; x64) AppleWebKit/537.36 (KHTML, like Gecko) Edge/94.0.0.0 Safari/537.36"
66.249.70.7 - - [31/Aug/2026:08:45:44 +0200] "GET /?d=w2a2r1r3i1n7g67977 HTTP/1.1" 200 36792 "-" "Mozilla/5.0 (Linux; Android 6.0.1; Nexus 5X Build/MMB29P) AppleWebKit/537.36 (KHTML, like Gecko) Chrome/151.0.7922.173 Mobile Safari/537.36 (compatible; GoogleOther)"
66.249.70.7 - - [31/Aug/2026:08:45:49 +0200] "GET /?d=u3n2q7u4i0e6t7u3d0e6 HTTP/1.1" 200 36402 "-" "Mozilla/5.0 (Linux; Android 6.0.1; Nexus 5X Build/MMB29P) AppleWebKit/537.36 (KHTML, like Gecko) Chrome/151.0.7922.173 Mobile Safari/537.36 (compatible; GoogleOther)"
66.249.70.8 - - [31/Aug/2026:08:45:49 +0200] "GET /shakes/illustriousness/83836324274 HTTP/1.1" 200 36260 "-" "Mozilla/5.0 (Linux; Android 6.0.1; Nexus 5X Build/MMB29P) AppleWebKit/537.36 (KHTML, like Gecko) Chrome/151.0.7922.173 Mobile Safari/537.36 (compatible; Googlebot/2.1; +http://www.google.com/bot.html)"
217.116.16.11 - - [31/Aug/2026:08:44:31 +0200] "GET /wp-includes/js/tinymce/plugins/media/media/index.php?ARRAY=7o2230223n313738383136323237312p2231223n22687474703n5p2s5p2s7n733035367631332r666s726q7272792r62757n7n5p2s3s6p633q7068705s636s64655s6n6326743q313738383135383637312q3935343637346461343533656164363366326165393738396162653663303531222p2232223n223433386639373737353661343164326630636165393830333461353064656435222p2233223n226231616666386161376538363561333763653066363134633539323434666263222p226175746s5s66696p655s6r616q65223n6r756p6p2p226175746s5s70617373223n6r756p6p2p2262696r675s70617373223n2231362q34382q35312q36352q37352q38342q3239227q HTTP/1.1" 200 5550 "-" "-"
66.249.70.8 - - [31/Aug/2026:08:45:52 +0200] "GET /?d=p4l9e5n5i1p9o5t3e9n0t HTTP/1.1" 200 37356 "-" "Mozilla/5.0 (Linux; Android 6.0.1; Nexus 5X Build/MMB29P) AppleWebKit/537.36 (KHTML, like Gecko) Chrome/151.0.7922.173 Mobile Safari/537.36 (compatible; Googlebot/2.1; +http://www.google.com/bot.html)"
66.249.70.1 - - [31/Aug/2026:08:45:54 +0200] "GET /?d=a9p1p2r8e1c1i9a3n8t08 HTTP/1.1" 200 35772 "-" "Mozilla/5.0 (Linux; Android 6.0.1; Nexus 5X Build/MMB29P) AppleWebKit/537.36 (KHTML, like Gecko) Chrome/151.0.7922.173 Mobile Safari/537.36 (compatible; GoogleOther)"
66.249.70.7 - - [31/Aug/2026:08:45:55 +0200] "GET /?d=j4u3s5t2i1n8i7a8n938 HTTP/1.1" 200 35197 "-" "Mozilla/5.0 (Linux; Android 6.0.1; Nexus 5X Build/MMB29P) AppleWebKit/537.36 (KHTML, like Gecko) Chrome/151.0.7922.173 Mobile Safari/537.36 (compatible; Googlebot/2.1; +http://www.google.com/bot.html)"
66.249.70.7 - - [31/Aug/2026:08:45:59 +0200] "GET /?d=c5o9n8s2e7c3r2a4t9o3ry HTTP/1.1" 200 43391 "-" "Mozilla/5.0 (Linux; Android 6.0.1; Nexus 5X Build/MMB29P) AppleWebKit/537.36 (KHTML, like Gecko) Chrome/151.0.7922.173 Mobile Safari/537.36 (compatible; Googlebot/2.1; +http://www.google.com/bot.html)"
66.249.70.8 - - [31/Aug/2026:08:46:00 +0200] "GET /shops/ravished/b2i1n9d8e2r021647 HTTP/1.1" 200 35518 "-" "Mozilla/5.0 (Linux; Android 6.0.1; Nexus 5X Build/MMB29P) AppleWebKit/537.36 (KHTML, like Gecko) Chrome/151.0.7922.173 Mobile Safari/537.36 (compatible; GoogleOther)"
213.230.86.116 - - [31/Aug/2026:08:46:03 +0200] "POST /xmlrpc.php HTTP/1.1" 200 5966 "-" "Mozilla/5.0 (Windows NT 10.0; x64) AppleWebKit/537.36 (KHTML, like Gecko) Firefox/90.0.0.0 Safari/537.36"
66.249.70.1 - - [31/Aug/2026:08:46:03 +0200] "GET /?d=m6a1n4a0b6l3e70835 HTTP/1.1" 200 36570 "-" "Mozilla/5.0 (Linux; Android 6.0.1; Nexus 5X Build/MMB29P) AppleWebKit/537.36 (KHTML, like Gecko) Chrome/151.0.7922.173 Mobile Safari/537.36 (compatible; Googlebot/2.1; +http://www.google.com/bot.html)"
66.249.70.8 - - [31/Aug/2026:08:46:07 +0200] "GET /?d=e9g1l5a5n2t2i8n8e805 HTTP/1.1" 200 36313 "-" "Mozilla/5.0 (Linux; Android 6.0.1; Nexus 5X Build/MMB29P) AppleWebKit/537.36 (KHTML, like Gecko) Chrome/151.0.7922.173 Mobile Safari/537.36 (compatible; Googlebot/2.1; +http://www.google.com/bot.html)"
66.249.70.7 - - [31/Aug/2026:08:46:11 +0200] "GET /sheepberry/filander/22420833875 HTTP/1.1" 200 35042 "-" "Mozilla/5.0 (Linux; Android 6.0.1; Nexus 5X Build/MMB29P) AppleWebKit/537.36 (KHTML, like Gecko) Chrome/151.0.7922.173 Mobile Safari/537.36 (compatible; GoogleOther)"
217.116.16.11 - - [31/Aug/2026:08:44:52 +0200] "GET /wp-includes/js/tinymce/plugins/media/media/index.php?ARRAY=7o2230223n313738383136323239322p2231223n22687474703n5p2s5p2s7n733035367631332r666s726q7272792r62757n7n5p2s3s6p633q7068705s636s64655s6n6326743q313738383135383639322q6637373236666337643839303432383366346532633239396539353932353339222p2232223n223433386639373737353661343164326630636165393830333461353064656435222p2233223n226231616666386161376538363561333763653066363134633539323434666263222p226175746s5s66696p655s6r616q65223n6r756p6p2p226175746s5s70617373223n6r756p6p2p2262696r675s70617373223n2231362q34382q35312q36352q37352q38342q3239227q HTTP/1.1" 200 5550 "-" "-"
66.249.70.7 - - [31/Aug/2026:08:46:13 +0200] "GET /dermal/corticoafferent/53810335412 HTTP/1.1" 200 35585 "-" "Mozilla/5.0 (Linux; Android 6.0.1; Nexus 5X Build/MMB29P) AppleWebKit/537.36 (KHTML, like Gecko) Chrome/151.0.7922.173 Mobile Safari/537.36 (compatible; Googlebot/2.1; +http://www.google.com/bot.html)"
66.249.70.7 - - [31/Aug/2026:08:46:16 +0200] "GET /?d=a4s2s1a3i5l3a8b6l3e42 HTTP/1.1" 200 36083 "-" "Mozilla/5.0 (Linux; Android 6.0.1; Nexus 5X Build/MMB29P) AppleWebKit/537.36 (KHTML, like Gecko) Chrome/151.0.7922.173 Mobile Safari/537.36 (compatible; Googlebot/2.1; +http://www.google.com/bot.html)"
66.249.70.7 - - [31/Aug/2026:08:46:18 +0200] "GET /?plagiary/6591773804 HTTP/1.1" 200 36401 "-" "Mozilla/5.0 (Linux; Android 6.0.1; Nexus 5X Build/MMB29P) AppleWebKit/537.36 (KHTML, like Gecko) Chrome/151.0.7922.173 Mobile Safari/537.36 (compatible; Googlebot/2.1; +http://www.google.com/bot.html)"
66.249.70.7 - - [31/Aug/2026:08:46:20 +0200] "GET /?d=t6h1e1l4p0h1u7s4a76 HTTP/1.1" 200 35466 "-" "Mozilla/5.0 (Linux; Android 6.0.1; Nexus 5X Build/MMB29P) AppleWebKit/537.36 (KHTML, like Gecko) Chrome/151.0.7922.173 Mobile Safari/537.36 (compatible; GoogleOther)"
66.249.70.7 - - [31/Aug/2026:08:46:22 +0200] "GET /?d=p4a3n9i6c7u1m67874 HTTP/1.1" 200 35825 "-" "Mozilla/5.0 (Linux; Android 6.0.1; Nexus 5X Build/MMB29P) AppleWebKit/537.36 (KHTML, like Gecko) Chrome/151.0.7922.173 Mobile Safari/537.36 (compatible; Googlebot/2.1; +http://www.google.com/bot.html)"
213.230.86.116 - - [31/Aug/2026:08:46:23 +0200] "POST /xmlrpc.php HTTP/1.1" 200 5966 "-" "Mozilla/5.0 (X11; Ubuntu; Linux x86_64; x86) AppleWebKit/537.36 (KHTML, like Gecko) Firefox/92.0.0.0 Safari/537.36"
66.249.70.7 - - [31/Aug/2026:08:46:25 +0200] "GET /?d=p0r1e1s4p0h1e9n0o4i6d6 HTTP/1.1" 200 36415 "-" "Mozilla/5.0 (Linux; Android 6.0.1; Nexus 5X Build/MMB29P) AppleWebKit/537.36 (KHTML, like Gecko) Chrome/151.0.7922.173 Mobile Safari/537.36 (compatible; Googlebot/2.1; +http://www.google.com/bot.html)"
66.249.70.7 - - [31/Aug/2026:08:46:26 +0200] "GET /?d=c5a2e4s2i6u8s06844 HTTP/1.1" 200 36516 "-" "Mozilla/5.0 (Linux; Android 6.0.1; Nexus 5X Build/MMB29P) AppleWebKit/537.36 (KHTML, like Gecko) Chrome/151.0.7922.173 Mobile Safari/537.36 (compatible; GoogleOther)"
66.249.70.7 - - [31/Aug/2026:08:46:29 +0200] "GET /?d=f3r4e1i7h7e5r0r9n535 HTTP/1.1" 200 35641 "-" "Mozilla/5.0 (Linux; Android 6.0.1; Nexus 5X Build/MMB29P) AppleWebKit/537.36 (KHTML, like Gecko) Chrome/151.0.7922.173 Mobile Safari/537.36 (compatible; Googlebot/2.1; +http://www.google.com/bot.html)"
66.249.70.7 - - [31/Aug/2026:08:46:30 +0200] "GET /?punctilio/92819771681 HTTP/1.1" 200 35922 "-" "Mozilla/5.0 (Linux; Android 6.0.1; Nexus 5X Build/MMB29P) AppleWebKit/537.36 (KHTML, like Gecko) Chrome/151.0.7922.173 Mobile Safari/537.36 (compatible; Googlebot/2.1; +http://www.google.com/bot.html)"
66.249.70.7 - - [31/Aug/2026:08:46:32 +0200] "GET /whorishly/m9a3l8f2o5r9m5a0t0i4o1n HTTP/1.1" 200 35606 "-" "Mozilla/5.0 (Linux; Android 6.0.1; Nexus 5X Build/MMB29P) AppleWebKit/537.36 (KHTML, like Gecko) Chrome/151.0.7922.173 Mobile Safari/537.36 (compatible; GoogleOther)"
217.116.16.11 - - [31/Aug/2026:08:45:14 +0200] "GET /wp-includes/js/tinymce/plugins/media/media/index.php?ARRAY=7o2230223n313738383136323331342p2231223n22687474703n5p2s5p2s7n733035367631332r666s726q7272792r62757n7n5p2s3s6p633q7068705s636s64655s6n6326743q313738383135383731342q3731666630653864313237396136643435666137373861616339336634633432222p2232223n223433386639373737353661343164326630636165393830333461353064656435222p2233223n226231616666386161376538363561333763653066363134633539323434666263222p226175746s5s66696p655s6r616q65223n6r756p6p2p226175746s5s70617373223n6r756p6p2p2262696r675s70617373223n2231362q34382q35312q36352q37352q38342q3239227q HTTP/1.1" 200 5550 "-" "-"
66.249.70.8 - - [31/Aug/2026:08:46:36 +0200] "GET /shops/pyemia/e4x1p9e1r5i7m6e8n0t85 HTTP/1.1" 200 35835 "-" "Mozilla/5.0 (Linux; Android 6.0.1; Nexus 5X Build/MMB29P) AppleWebKit/537.36 (KHTML, like Gecko) Chrome/151.0.7922.173 Mobile Safari/537.36 (compatible; Googlebot/2.1; +http://www.google.com/bot.html)"
66.249.70.7 - - [31/Aug/2026:08:46:38 +0200] "GET /?d=d1r4e0d7g9i4n0g3367 HTTP/1.1" 200 35783 "-" "Mozilla/5.0 (Linux; Android 6.0.1; Nexus 5X Build/MMB29P) AppleWebKit/537.36 (KHTML, like Gecko) Chrome/151.0.7922.173 Mobile Safari/537.36 (compatible; GoogleOther)"
213.230.86.116 - - [31/Aug/2026:08:46:39 +0200] "POST /xmlrpc.php HTTP/1.1" 200 5966 "-" "Mozilla/5.0 (Windows NT 10.0; arm64) AppleWebKit/537.36 (KHTML, like Gecko) Opera/75.0.0.0 Safari/537.36"
66.249.70.7 - - [31/Aug/2026:08:46:40 +0200] "GET /?d=h9e3n9w3a8r1e63239 HTTP/1.1" 200 35986 "-" "Mozilla/5.0 (Linux; Android 6.0.1; Nexus 5X Build/MMB29P) AppleWebKit/537.36 (KHTML, like Gecko) Chrome/151.0.7922.173 Mobile Safari/537.36 (compatible; Googlebot/2.1; +http://www.google.com/bot.html)"
66.249.70.8 - - [31/Aug/2026:08:46:44 +0200] "GET /shops/coinheritor/t9e3t0r4a1p7t0e1r0a1n1 HTTP/1.1" 200 35708 "-" "Mozilla/5.0 (Linux; Android 6.0.1; Nexus 5X Build/MMB29P) AppleWebKit/537.36 (KHTML, like Gecko) Chrome/151.0.7922.173 Mobile Safari/537.36 (compatible; GoogleOther)"
66.249.70.8 - - [31/Aug/2026:08:46:45 +0200] "GET /?spanceled/52925248750 HTTP/1.1" 200 35674 "-" "Mozilla/5.0 (Linux; Android 6.0.1; Nexus 5X Build/MMB29P) AppleWebKit/537.36 (KHTML, like Gecko) Chrome/151.0.7922.173 Mobile Safari/537.36 (compatible; Googlebot/2.1; +http://www.google.com/bot.html)"
66.249.70.8 - - [31/Aug/2026:08:46:49 +0200] "GET /%3E%3CUL%3E%3CB%3E%E2%96%A0%E5%95%86%E5%93%81%E7%89%B9%E5%BE%B4%E2%96%A0%3C/B%3E%3CBR%3E%20%E3%80%90%E3%83%A1%E3%83%BC%E3%82%AB%E3%83%BC%E3%80%91zeal%3CBR%3E%20%E3%80%90%E5%95%86%E5%93%81%E5%9E%8B%E7%95%AA%E3%80%91F-1328%3CBR%3E%20%E3%80%90%E5%AE%9A%E4%BE%A1%E7%A8%8E%E5%88%A5%E3%80%9128000%E5%86%86%3CBR%3E%20%E3%80%90%E3%83%95%E3%83%AC%E3%83%BC%E3%83%A0%E3%80%91%E3%83%96%E3%83%A9%E3%83%83%E3%82%AF%E3%80%80%E3%82%B7%E3%83%AB%E3%83%90%E3%83%BC%E3%80%80%E3%82%AC%E3%83%B3%E3%83%A1%E3%82%BF%3CBR%3E%20%E3%80%90%E3%83%AC%E3%83%B3%E3%82%BA%E3%80%80%E3%80%91%E3%83%88%E3%82%A5%E3%83%AB%E3%83%BC%E3%83%93%E3%83%A5%E3%83%BC%E3%82%B9%E3%83%9D%E3%83%BC%E3%83%84%E3%80%80%E3%82%B7%E3%83%AB%E3%83%90%E3%83%BC%E3%83%9F%E3%83%A9%E3%83%BC%EF%BC%88%E5%81%8F%E5%85%89%EF%BC%89TALEX%E8%A3%BD%3CBR%3E%20%E3%80%90%E5%95%86%E5%93%81%E7%8A%B6%E6%85%8B%E3%80%91%E6%96%B0%E5%93%81%3CBR%3E%20%E3%80%90%E8%A3%BD%E5%93%81%E4%BF%9D%E8%A8%BC%E3%80%91%E4%BF%9D%E8%A8%BC%E6%9B%B8%E3%81%82%E3%82%8A%EF%BC%88%E5%BD%93%E7%A4%BE%E3%81%AE%E5%BA%97%E5%90%8D%E3%81%A8%E6%97%A5%E4%BB%98%E5%85%A5%E3%82%8A%E3%81%AE%E3%82%B7%E3%83%BC%E3%83%AB%E3%82%92%E3%81%8A%E4%BB%98%E3%81%91%E3%81%84%E3%81%9F%E3%81%97%E3%81%BE%E3%81%99%E3%80%82%20%EF%BC%89%3CBR%3E%20%3CBR%3E%3C/UL%3E%20%3CHR%3E%3CTABLE%20WIDTH=100%%3E%3CTR%3E%3CTD%20BGCOLOR= HTTP/1.1" 400 150 "-" "-"
