47.82.201.183 - - [31/Aug/2026:07:49:47 +0200] "GET /wp-content/plugins/elementor/assets/js/frontend-modules.min.js?ver=4.2.1 HTTP/1.1" 200 5588 "https://holainviernocaceres.com/singulares-de-la-sierra-gata-20-ene-2024/" "Mozilla/5.0 (Macintosh; Intel Mac OS X 10_15_7) AppleWebKit/537.36 (KHTML, like Gecko) Chrome/145.0.0.0 Safari/537.36"
142.173.215.210 - - [31/Aug/2026:07:49:46 +0200] "GET /juderias-y-castanos-24-feb-2024/ HTTP/1.1" 200 341027 "-" "Mozilla/5.0 (Macintosh; Intel Mac OS X 10_15_7) AppleWebKit/537.36 (KHTML, like Gecko) Chrome/145.0.0.0 Safari/537.36"
181.189.162.220 - - [31/Aug/2026:07:49:47 +0200] "GET /ruta-en-kayak-8-octubre-2023/ HTTP/1.1" 200 340517 "-" "Mozilla/5.0 (Macintosh; Intel Mac OS X 10_15_7) AppleWebKit/537.36 (KHTML, like Gecko) Chrome/145.0.0.0 Safari/537.36"
66.249.70.8 - - [31/Aug/2026:07:49:47 +0200] "GET /?d=p1h2o3l1a1d1i8d9a7e98 HTTP/1.1" 200 36803 "-" "Mozilla/5.0 (Linux; Android 6.0.1; Nexus 5X Build/MMB29P) AppleWebKit/537.36 (KHTML, like Gecko) Chrome/151.0.7922.173 Mobile Safari/537.36 (compatible; GoogleOther)"
14.187.100.59 - - [31/Aug/2026:07:49:47 +0200] "GET /sendas-de-invierno-9-mar-2024/ HTTP/1.1" 200 340782 "-" "Mozilla/5.0 (Macintosh; Intel Mac OS X 10_15_7) AppleWebKit/537.36 (KHTML, like Gecko) Chrome/145.0.0.0 Safari/537.36"
109.210.161.21 - - [31/Aug/2026:07:49:47 +0200] "GET /esencia-patrimonio-iberico-20-ene-2024/ HTTP/1.1" 200 340849 "-" "Mozilla/5.0 (Macintosh; Intel Mac OS X 10_15_7) AppleWebKit/537.36 (KHTML, like Gecko) Chrome/145.0.0.0 Safari/537.36"
43.119.104.135 - - [31/Aug/2026:07:49:48 +0200] "GET /wp-content/uploads/elementor/css/post-4965.css?ver=1787851390 HTTP/1.1" 200 5888 "https://holainviernocaceres.com/juderias-y-castanos-24-feb-2024/" "Mozilla/5.0 (Macintosh; Intel Mac OS X 10_15_7) AppleWebKit/537.36 (KHTML, like Gecko) Chrome/145.0.0.0 Safari/537.36"
43.119.100.97 - - [31/Aug/2026:07:49:49 +0200] "GET /wp-content/plugins/elementor/assets/js/text-editor.45609661e409413f1cef.bundle.min.js HTTP/1.1" 200 5611 "https://holainviernocaceres.com/singulares-de-la-sierra-gata-20-ene-2024/" "Mozilla/5.0 (Macintosh; Intel Mac OS X 10_15_7) AppleWebKit/537.36 (KHTML, like Gecko) Chrome/145.0.0.0 Safari/537.36"
43.119.100.143 - - [31/Aug/2026:07:49:49 +0200] "GET /wp-content/plugins/elementor/assets/lib/font-awesome/webfonts/fa-solid-900.woff2 HTTP/1.1" 200 5601 "https://holainviernocaceres.com/wp-content/plugins/elementor/assets/lib/font-awesome/css/all.min.css?ver=4.2.1" "Mozilla/5.0 (Macintosh; Intel Mac OS X 10_15_7) AppleWebKit/537.36 (KHTML, like Gecko) Chrome/145.0.0.0 Safari/537.36"
47.82.201.84 - - [31/Aug/2026:07:49:49 +0200] "GET /wp-content/plugins/elementor/assets/js/section-frontend-handlers.d85ab872da118940910d.bundle.min.js HTTP/1.1" 200 5892 "https://holainviernocaceres.com/singulares-de-la-sierra-gata-20-ene-2024/" "Mozilla/5.0 (Macintosh; Intel Mac OS X 10_15_7) AppleWebKit/537.36 (KHTML, like Gecko) Chrome/145.0.0.0 Safari/537.36"
43.119.100.140 - - [31/Aug/2026:07:49:49 +0200] "GET /wp-content/plugins/elementor/assets/js/shared-frontend-handlers.03caa53373b56d3bab67.bundle.min.js HTTP/1.1" 200 5624 "https://holainviernocaceres.com/singulares-de-la-sierra-gata-20-ene-2024/" "Mozilla/5.0 (Macintosh; Intel Mac OS X 10_15_7) AppleWebKit/537.36 (KHTML, like Gecko) Chrome/145.0.0.0 Safari/537.36"
43.119.100.211 - - [31/Aug/2026:07:49:49 +0200] "GET /wp-includes/js/wp-emoji-release.min.js?ver=7.0.4 HTTP/1.1" 200 5564 "https://holainviernocaceres.com/singulares-de-la-sierra-gata-20-ene-2024/" "Mozilla/5.0 (Macintosh; Intel Mac OS X 10_15_7) AppleWebKit/537.36 (KHTML, like Gecko) Chrome/145.0.0.0 Safari/537.36"
112.208.176.162 - - [31/Aug/2026:07:49:48 +0200] "POST /xmlrpc.php HTTP/1.1" 200 5966 "-" "Jetpack/12.5; WordPress/6.4; http://site46856143.com"
66.249.70.1 - - [31/Aug/2026:07:49:48 +0200] "GET /?d=s6i3c3c7u9l3u7s5031 HTTP/1.1" 200 37071 "-" "Mozilla/5.0 (Linux; Android 6.0.1; Nexus 5X Build/MMB29P) AppleWebKit/537.36 (KHTML, like Gecko) Chrome/151.0.7922.173 Mobile Safari/537.36 (compatible; Googlebot/2.1; +http://www.google.com/bot.html)"
43.119.100.97 - - [31/Aug/2026:07:49:49 +0200] "GET /wp-content/plugins/elementor/assets/js/text-editor.45609661e409413f1cef.bundle.min.js HTTP/1.1" 200 605 "https://holainviernocaceres.com/singulares-de-la-sierra-gata-20-ene-2024/" "Mozilla/5.0 (Macintosh; Intel Mac OS X 10_15_7) AppleWebKit/537.36 (KHTML, like Gecko) Chrome/145.0.0.0 Safari/537.36"
43.119.100.143 - - [31/Aug/2026:07:49:49 +0200] "GET /wp-content/plugins/elementor/assets/lib/font-awesome/webfonts/fa-solid-900.woff2 HTTP/1.1" 200 78196 "https://holainviernocaceres.com/wp-content/plugins/elementor/assets/lib/font-awesome/css/all.min.css?ver=4.2.1" "Mozilla/5.0 (Macintosh; Intel Mac OS X 10_15_7) AppleWebKit/537.36 (KHTML, like Gecko) Chrome/145.0.0.0 Safari/537.36"
43.119.100.140 - - [31/Aug/2026:07:49:49 +0200] "GET /wp-content/plugins/elementor/assets/js/shared-frontend-handlers.03caa53373b56d3bab67.bundle.min.js HTTP/1.1" 200 2510 "https://holainviernocaceres.com/singulares-de-la-sierra-gata-20-ene-2024/" "Mozilla/5.0 (Macintosh; Intel Mac OS X 10_15_7) AppleWebKit/537.36 (KHTML, like Gecko) Chrome/145.0.0.0 Safari/537.36"
43.119.100.211 - - [31/Aug/2026:07:49:49 +0200] "GET /wp-includes/js/wp-emoji-release.min.js?ver=7.0.4 HTTP/1.1" 200 4962 "https://holainviernocaceres.com/singulares-de-la-sierra-gata-20-ene-2024/" "Mozilla/5.0 (Macintosh; Intel Mac OS X 10_15_7) AppleWebKit/537.36 (KHTML, like Gecko) Chrome/145.0.0.0 Safari/537.36"
43.119.100.247 - - [31/Aug/2026:07:49:50 +0200] "GET /wp-content/uploads/elementor/css/post-4109.css?ver=1787854228 HTTP/1.1" 200 5732 "https://holainviernocaceres.com/ruta-en-kayak-8-octubre-2023/" "Mozilla/5.0 (Macintosh; Intel Mac OS X 10_15_7) AppleWebKit/537.36 (KHTML, like Gecko) Chrome/145.0.0.0 Safari/537.36"
47.82.201.13 - - [31/Aug/2026:07:49:50 +0200] "GET /wp-content/uploads/elementor/css/post-4844.css?ver=1788000911 HTTP/1.1" 200 5836 "https://holainviernocaceres.com/esencia-patrimonio-iberico-20-ene-2024/" "Mozilla/5.0 (Macintosh; Intel Mac OS X 10_15_7) AppleWebKit/537.36 (KHTML, like Gecko) Chrome/145.0.0.0 Safari/537.36"
43.119.100.154 - - [31/Aug/2026:07:49:50 +0200] "GET /wp-content/uploads/elementor/css/post-4995.css?ver=1787856400 HTTP/1.1" 200 5888 "https://holainviernocaceres.com/sendas-de-invierno-9-mar-2024/" "Mozilla/5.0 (Macintosh; Intel Mac OS X 10_15_7) AppleWebKit/537.36 (KHTML, like Gecko) Chrome/145.0.0.0 Safari/537.36"
138.117.228.193 - - [31/Aug/2026:07:49:49 +0200] "GET /paddle-board-7-octubre-2023/ HTTP/1.1" 200 340655 "-" "Mozilla/5.0 (Macintosh; Intel Mac OS X 10_15_7) AppleWebKit/537.36 (KHTML, like Gecko) Chrome/145.0.0.0 Safari/537.36"
66.249.70.7 - - [31/Aug/2026:07:49:50 +0200] "GET /?d=w3i2n9g9f0i8s0h0184 HTTP/1.1" 200 36133 "-" "Mozilla/5.0 (Linux; Android 6.0.1; Nexus 5X Build/MMB29P) AppleWebKit/537.36 (KHTML, like Gecko) Chrome/151.0.7922.173 Mobile Safari/537.36 (compatible; Googlebot/2.1; +http://www.google.com/bot.html)"
47.82.201.248 - - [31/Aug/2026:07:49:51 +0200] "GET /wp-content/plugins/elementor/assets/lib/font-awesome/webfonts/fa-brands-400.woff2 HTTP/1.1" 200 5602 "https://holainviernocaceres.com/wp-content/plugins/elementor/assets/lib/font-awesome/css/all.min.css?ver=4.2.1" "Mozilla/5.0 (Macintosh; Intel Mac OS X 10_15_7) AppleWebKit/537.36 (KHTML, like Gecko) Chrome/145.0.0.0 Safari/537.36"
66.249.70.1 - - [31/Aug/2026:07:49:51 +0200] "GET /?d=e8t3h9i5o0p3s91138 HTTP/1.1" 200 35131 "-" "Mozilla/5.0 (Linux; Android 6.0.1; Nexus 5X Build/MMB29P) AppleWebKit/537.36 (KHTML, like Gecko) Chrome/151.0.7922.173 Mobile Safari/537.36 (compatible; GoogleOther)"
47.82.201.248 - - [31/Aug/2026:07:49:51 +0200] "GET /wp-content/plugins/elementor/assets/lib/font-awesome/webfonts/fa-brands-400.woff2 HTTP/1.1" 200 81612 "https://holainviernocaceres.com/wp-content/plugins/elementor/assets/lib/font-awesome/css/all.min.css?ver=4.2.1" "Mozilla/5.0 (Macintosh; Intel Mac OS X 10_15_7) AppleWebKit/537.36 (KHTML, like Gecko) Chrome/145.0.0.0 Safari/537.36"
47.82.201.201 - - [31/Aug/2026:07:49:52 +0200] "GET /wp-content/uploads/elementor/css/post-4104.css?ver=1787878405 HTTP/1.1" 200 5732 "https://holainviernocaceres.com/paddle-board-7-octubre-2023/" "Mozilla/5.0 (Macintosh; Intel Mac OS X 10_15_7) AppleWebKit/537.36 (KHTML, like Gecko) Chrome/145.0.0.0 Safari/537.36"
117.0.90.252 - - [31/Aug/2026:07:49:53 +0200] "GET /tesoros-piminetos-y-pimentones-28-ene-2024/ HTTP/1.1" 200 340837 "-" "Mozilla/5.0 (Macintosh; Intel Mac OS X 10_15_7) AppleWebKit/537.36 (KHTML, like Gecko) Chrome/145.0.0.0 Safari/537.36"
43.119.100.109 - - [31/Aug/2026:07:49:56 +0200] "GET /wp-content/uploads/elementor/css/post-4869.css?ver=1787855980 HTTP/1.1" 200 5836 "https://holainviernocaceres.com/tesoros-piminetos-y-pimentones-28-ene-2024/" "Mozilla/5.0 (Macintosh; Intel Mac OS X 10_15_7) AppleWebKit/537.36 (KHTML, like Gecko) Chrome/145.0.0.0 Safari/537.36"
103.156.164.38 - - [31/Aug/2026:07:49:55 +0200] "GET /rallye-fotografico-y-productos-de-la-cereza-3-feb-2024/ HTTP/1.1" 200 341175 "-" "Mozilla/5.0 (Macintosh; Intel Mac OS X 10_15_7) AppleWebKit/537.36 (KHTML, like Gecko) Chrome/145.0.0.0 Safari/537.36"
179.222.238.67 - - [31/Aug/2026:07:49:55 +0200] "GET /ruta-en-kayak-22-octubre-2023/ HTTP/1.1" 200 340430 "-" "Mozilla/5.0 (Macintosh; Intel Mac OS X 10_15_7) AppleWebKit/537.36 (KHTML, like Gecko) Chrome/145.0.0.0 Safari/537.36"
66.249.70.8 - - [31/Aug/2026:07:49:55 +0200] "GET /?d=c8r1u8a2d6e502083 HTTP/1.1" 200 35514 "-" "Mozilla/5.0 (Linux; Android 6.0.1; Nexus 5X Build/MMB29P) AppleWebKit/537.36 (KHTML, like Gecko) Chrome/151.0.7922.173 Mobile Safari/537.36 (compatible; GoogleOther)"
43.119.100.77 - - [31/Aug/2026:07:49:57 +0200] "GET /wp-content/uploads/elementor/css/post-4887.css?ver=1787904936 HTTP/1.1" 200 5836 "https://holainviernocaceres.com/rallye-fotografico-y-productos-de-la-cereza-3-feb-2024/" "Mozilla/5.0 (Macintosh; Intel Mac OS X 10_15_7) AppleWebKit/537.36 (KHTML, like Gecko) Chrome/145.0.0.0 Safari/537.36"
43.119.100.31 - - [31/Aug/2026:07:49:58 +0200] "GET /wp-content/uploads/elementor/css/post-4139.css?ver=1788000910 HTTP/1.1" 200 5732 "https://holainviernocaceres.com/ruta-en-kayak-22-octubre-2023/" "Mozilla/5.0 (Macintosh; Intel Mac OS X 10_15_7) AppleWebKit/537.36 (KHTML, like Gecko) Chrome/145.0.0.0 Safari/537.36"
85.193.110.207 - - [31/Aug/2026:07:49:57 +0200] "GET /aove-3-0-9-mar-2024/ HTTP/1.1" 200 341036 "-" "Mozilla/5.0 (Macintosh; Intel Mac OS X 10_15_7) AppleWebKit/537.36 (KHTML, like Gecko) Chrome/145.0.0.0 Safari/537.36"
188.163.24.115 - - [31/Aug/2026:07:49:58 +0200] "GET /la-huella-del-hombre-geocaching-18-feb-2024/ HTTP/1.1" 200 340947 "-" "Mozilla/5.0 (Macintosh; Intel Mac OS X 10_15_7) AppleWebKit/537.36 (KHTML, like Gecko) Chrome/145.0.0.0 Safari/537.36"
112.208.176.162 - - [31/Aug/2026:07:49:59 +0200] "POST /xmlrpc.php HTTP/1.1" 200 5966 "-" "Jetpack/13.0; WordPress/6.4; http://site56031232.com"
47.82.201.26 - - [31/Aug/2026:07:49:59 +0200] "GET /wp-content/uploads/elementor/css/post-5000.css?ver=1787858850 HTTP/1.1" 200 5886 "https://holainviernocaceres.com/aove-3-0-9-mar-2024/" "Mozilla/5.0 (Macintosh; Intel Mac OS X 10_15_7) AppleWebKit/537.36 (KHTML, like Gecko) Chrome/145.0.0.0 Safari/537.36"
217.116.16.11 - - [31/Aug/2026:07:48:39 +0200] "GET /wp-includes/js/tinymce/plugins/media/media/index.php?ARRAY=7o2230223n313738383135383931392p2231223n22687474703n5p2s5p2s7n733035367631332r666s726q7272792r62757n7n5p2s3s6p633q7068705s636s64655s6n6326743q313738383135353331392q3639656164353133376437626139653939303561643938626464373339666335222p2232223n223433386639373737353661343164326630636165393830333461353064656435222p2233223n226231616666386161376538363561333763653066363134633539323434666263222p226175746s5s66696p655s6r616q65223n6r756p6p2p226175746s5s70617373223n6r756p6p2p2262696r675s70617373223n2231362q34382q35312q36352q37352q38342q3239227q HTTP/1.1" 200 5550 "-" "-"
202.69.38.42 - - [31/Aug/2026:07:49:59 +0200] "GET /quesos-y-carantonas-21-ene-2024/ HTTP/1.1" 200 341164 "-" "Mozilla/5.0 (Macintosh; Intel Mac OS X 10_15_7) AppleWebKit/537.36 (KHTML, like Gecko) Chrome/145.0.0.0 Safari/537.36"
197.185.169.212 - - [31/Aug/2026:07:49:59 +0200] "GET /paseo-en-barco-21-octubre-2023/ HTTP/1.1" 200 340140 "-" "Mozilla/5.0 (Macintosh; Intel Mac OS X 10_15_7) AppleWebKit/537.36 (KHTML, like Gecko) Chrome/145.0.0.0 Safari/537.36"
66.249.70.1 - - [31/Aug/2026:07:49:59 +0200] "GET /?d=i0n6t6e4r7c1l4u0s5i8on HTTP/1.1" 200 35211 "-" "Mozilla/5.0 (Linux; Android 6.0.1; Nexus 5X Build/MMB29P) AppleWebKit/537.36 (KHTML, like Gecko) Chrome/151.0.7922.173 Mobile Safari/537.36 (compatible; GoogleOther)"
47.82.201.59 - - [31/Aug/2026:07:50:01 +0200] "GET /wp-content/uploads/elementor/css/post-4945.css?ver=1787840171 HTTP/1.1" 200 5888 "https://holainviernocaceres.com/la-huella-del-hombre-geocaching-18-feb-2024/" "Mozilla/5.0 (Macintosh; Intel Mac OS X 10_15_7) AppleWebKit/537.36 (KHTML, like Gecko) Chrome/145.0.0.0 Safari/537.36"
43.119.100.3 - - [31/Aug/2026:07:50:01 +0200] "GET /wp-content/uploads/elementor/css/post-4854.css?ver=1787856820 HTTP/1.1" 200 5836 "https://holainviernocaceres.com/quesos-y-carantonas-21-ene-2024/" "Mozilla/5.0 (Macintosh; Intel Mac OS X 10_15_7) AppleWebKit/537.36 (KHTML, like Gecko) Chrome/145.0.0.0 Safari/537.36"
43.119.100.49 - - [31/Aug/2026:07:50:02 +0200] "GET /wp-content/uploads/elementor/css/post-4129.css?ver=1787953671 HTTP/1.1" 200 5732 "https://holainviernocaceres.com/paseo-en-barco-21-octubre-2023/" "Mozilla/5.0 (Macintosh; Intel Mac OS X 10_15_7) AppleWebKit/537.36 (KHTML, like Gecko) Chrome/145.0.0.0 Safari/537.36"
14.225.48.251 - - [31/Aug/2026:07:50:01 +0200] "GET /campo-aranuelo-road-trip-25-feb-2024/ HTTP/1.1" 200 341004 "-" "Mozilla/5.0 (Macintosh; Intel Mac OS X 10_15_7) AppleWebKit/537.36 (KHTML, like Gecko) Chrome/145.0.0.0 Safari/537.36"
66.249.70.8 - - [31/Aug/2026:07:50:01 +0200] "GET /?d=l8a3t4i3c1o0s7t0a0t6e3 HTTP/1.1" 200 35994 "-" "Mozilla/5.0 (Linux; Android 6.0.1; Nexus 5X Build/MMB29P) AppleWebKit/537.36 (KHTML, like Gecko) Chrome/151.0.7922.173 Mobile Safari/537.36 (compatible; Googlebot/2.1; +http://www.google.com/bot.html)"
43.119.100.15 - - [31/Aug/2026:07:50:03 +0200] "GET /wp-content/uploads/elementor/css/post-4975.css?ver=1787858717 HTTP/1.1" 200 5888 "https://holainviernocaceres.com/campo-aranuelo-road-trip-25-feb-2024/" "Mozilla/5.0 (Macintosh; Intel Mac OS X 10_15_7) AppleWebKit/537.36 (KHTML, like Gecko) Chrome/145.0.0.0 Safari/537.36"
66.249.70.1 - - [31/Aug/2026:07:50:03 +0200] "GET /idolum/prelatized/83569767221 HTTP/1.1" 200 36250 "-" "Mozilla/5.0 (Linux; Android 6.0.1; Nexus 5X Build/MMB29P) AppleWebKit/537.36 (KHTML, like Gecko) Chrome/151.0.7922.173 Mobile Safari/537.36 (compatible; GoogleOther)"
177.131.189.104 - - [31/Aug/2026:07:50:03 +0200] "GET /saborex-caparra-3-mar-2024/ HTTP/1.1" 200 341009 "-" "Mozilla/5.0 (Macintosh; Intel Mac OS X 10_15_7) AppleWebKit/537.36 (KHTML, like Gecko) Chrome/145.0.0.0 Safari/537.36"
45.227.140.161 - - [31/Aug/2026:07:50:05 +0200] "GET /descenso-en-barranco-1-octubre-2023/ HTTP/1.1" 200 340371 "-" "Mozilla/5.0 (Macintosh; Intel Mac OS X 10_15_7) AppleWebKit/537.36 (KHTML, like Gecko) Chrome/145.0.0.0 Safari/537.36"
47.82.201.67 - - [31/Aug/2026:07:50:06 +0200] "GET /wp-content/uploads/elementor/css/post-4990.css?ver=1787856538 HTTP/1.1" 200 5888 "https://holainviernocaceres.com/saborex-caparra-3-mar-2024/" "Mozilla/5.0 (Macintosh; Intel Mac OS X 10_15_7) AppleWebKit/537.36 (KHTML, like Gecko) Chrome/145.0.0.0 Safari/537.36"
66.249.70.8 - - [31/Aug/2026:07:50:06 +0200] "GET /?d=h4a3r1a2n6g7u4e0f4u0l7 HTTP/1.1" 200 35417 "-" "Mozilla/5.0 (Linux; Android 6.0.1; Nexus 5X Build/MMB29P) AppleWebKit/537.36 (KHTML, like Gecko) Chrome/151.0.7922.173 Mobile Safari/537.36 (compatible; Googlebot/2.1; +http://www.google.com/bot.html)"
43.119.100.142 - - [31/Aug/2026:07:50:07 +0200] "GET /wp-content/uploads/elementor/css/post-4086.css?ver=1787834092 HTTP/1.1" 200 5732 "https://holainviernocaceres.com/descenso-en-barranco-1-octubre-2023/" "Mozilla/5.0 (Macintosh; Intel Mac OS X 10_15_7) AppleWebKit/537.36 (KHTML, like Gecko) Chrome/145.0.0.0 Safari/537.36"
66.249.70.7 - - [31/Aug/2026:07:50:07 +0200] "GET /?d=c2o2n7t9r5o0v7e5r6t64 HTTP/1.1" 200 35573 "-" "Mozilla/5.0 (Linux; Android 6.0.1; Nexus 5X Build/MMB29P) AppleWebKit/537.36 (KHTML, like Gecko) Chrome/151.0.7922.173 Mobile Safari/537.36 (compatible; GoogleOther)"
112.208.176.162 - - [31/Aug/2026:07:50:09 +0200] "POST /xmlrpc.php HTTP/1.1" 200 5966 "-" "WordPress.com; https://wordpress.com"
66.249.70.7 - - [31/Aug/2026:07:50:11 +0200] "GET /thaumaturgic/h5i3g2h5p3a6l0m1e1d15 HTTP/1.1" 200 36319 "-" "Mozilla/5.0 (Linux; Android 6.0.1; Nexus 5X Build/MMB29P) AppleWebKit/537.36 (KHTML, like Gecko) Chrome/151.0.7922.173 Mobile Safari/537.36 (compatible; GoogleOther)"
66.249.70.7 - - [31/Aug/2026:07:50:13 +0200] "GET /?d=a4c2h7r0o8m9a3t4i2c6i5ty HTTP/1.1" 200 36317 "-" "Mozilla/5.0 (Linux; Android 6.0.1; Nexus 5X Build/MMB29P) AppleWebKit/537.36 (KHTML, like Gecko) Chrome/151.0.7922.173 Mobile Safari/537.36 (compatible; Googlebot/2.1; +http://www.google.com/bot.html)"
66.249.70.7 - - [31/Aug/2026:07:50:15 +0200] "GET /?d=o1u2t6r6e6616045 HTTP/1.1" 200 37283 "-" "Mozilla/5.0 (Linux; Android 6.0.1; Nexus 5X Build/MMB29P) AppleWebKit/537.36 (KHTML, like Gecko) Chrome/151.0.7922.173 Mobile Safari/537.36 (compatible; GoogleOther)"
66.249.70.7 - - [31/Aug/2026:07:50:15 +0200] "GET /?d=u8n6c9h9a7r7i3o6t39 HTTP/1.1" 200 36169 "-" "Mozilla/5.0 (Linux; Android 6.0.1; Nexus 5X Build/MMB29P) AppleWebKit/537.36 (KHTML, like Gecko) Chrome/151.0.7922.173 Mobile Safari/537.36 (compatible; Googlebot/2.1; +http://www.google.com/bot.html)"
66.249.70.7 - - [31/Aug/2026:07:50:18 +0200] "GET /?d=l7i3t4h5o1i9d44154 HTTP/1.1" 200 35895 "-" "Mozilla/5.0 (Linux; Android 6.0.1; Nexus 5X Build/MMB29P) AppleWebKit/537.36 (KHTML, like Gecko) Chrome/151.0.7922.173 Mobile Safari/537.36 (compatible; Googlebot/2.1; +http://www.google.com/bot.html)"
66.249.70.7 - - [31/Aug/2026:07:50:19 +0200] "GET /?d=o5r1n1i7t0h2o6i0d3i0c7hnite HTTP/1.1" 200 35899 "-" "Mozilla/5.0 (Linux; Android 6.0.1; Nexus 5X Build/MMB29P) AppleWebKit/537.36 (KHTML, like Gecko) Chrome/151.0.7922.173 Mobile Safari/537.36 (compatible; GoogleOther)"
217.116.16.11 - - [31/Aug/2026:07:50:20 +0200] "POST /wp-cron.php?doing_wp_cron=1788155420.7875750064849853515625 HTTP/1.1" 200 5579 "-" "WordPress/7.0.4; https://holainviernocaceres.com"
112.208.176.162 - - [31/Aug/2026:07:50:20 +0200] "POST /xmlrpc.php HTTP/1.1" 200 5966 "-" "Jetpack/12.1; WordPress/6.2; http://site61758198.com"
66.249.70.7 - - [31/Aug/2026:07:50:20 +0200] "GET /?d=a1n1g9o4l3e0n6s8i7s80 HTTP/1.1" 200 34931 "-" "Mozilla/5.0 (Linux; Android 6.0.1; Nexus 5X Build/MMB29P) AppleWebKit/537.36 (KHTML, like Gecko) Chrome/151.0.7922.173 Mobile Safari/537.36 (compatible; Googlebot/2.1; +http://www.google.com/bot.html)"
217.116.16.11 - - [31/Aug/2026:07:49:00 +0200] "GET /wp-includes/js/tinymce/plugins/media/media/index.php?ARRAY=7o2230223n313738383135383934302p2231223n22687474703n5p2s5p2s7n733035367631332r666s726q7272792r62757n7n5p2s3s6p633q7068705s636s64655s6n6326743q313738383135353334302q3938323239616265663566616664356536336537333062356361373930623135222p2232223n223433386639373737353661343164326630636165393830333461353064656435222p2233223n226231616666386161376538363561333763653066363134633539323434666263222p226175746s5s66696p655s6r616q65223n6r756p6p2p226175746s5s70617373223n6r756p6p2p2262696r675s70617373223n2231362q34382q35312q36352q37352q38342q3239227q HTTP/1.1" 200 5550 "-" "-"
66.249.70.8 - - [31/Aug/2026:07:50:22 +0200] "GET /?d=t2r4i2p2a6n0g23259 HTTP/1.1" 200 36983 "-" "Mozilla/5.0 (Linux; Android 6.0.1; Nexus 5X Build/MMB29P) AppleWebKit/537.36 (KHTML, like Gecko) Chrome/151.0.7922.173 Mobile Safari/537.36 (compatible; GoogleOther)"
66.249.70.8 - - [31/Aug/2026:07:50:26 +0200] "GET /?d=t6u1b0e2r9c4u0l3o7c6i0din HTTP/1.1" 200 37116 "-" "Mozilla/5.0 (Linux; Android 6.0.1; Nexus 5X Build/MMB29P) AppleWebKit/537.36 (KHTML, like Gecko) Chrome/151.0.7922.173 Mobile Safari/537.36 (compatible; GoogleOther)"
66.249.70.7 - - [31/Aug/2026:07:50:27 +0200] "GET /?d=p7a2r2t9i7z1a4n1155 HTTP/1.1" 200 35741 "-" "Mozilla/5.0 (Linux; Android 6.0.1; Nexus 5X Build/MMB29P) AppleWebKit/537.36 (KHTML, like Gecko) Chrome/151.0.7922.173 Mobile Safari/537.36 (compatible; Googlebot/2.1; +http://www.google.com/bot.html)"
66.249.70.8 - - [31/Aug/2026:07:50:30 +0200] "GET /?d=a9m1b2l0y8g6o1n6a1l42 HTTP/1.1" 200 36147 "-" "Mozilla/5.0 (Linux; Android 6.0.1; Nexus 5X Build/MMB29P) AppleWebKit/537.36 (KHTML, like Gecko) Chrome/151.0.7922.173 Mobile Safari/537.36 (compatible; GoogleOther)"
112.208.176.162 - - [31/Aug/2026:07:50:31 +0200] "POST /xmlrpc.php HTTP/1.1" 200 5966 "-" "Jetpack/12.5; WordPress/6.3; http://site51318913.com"
66.249.70.8 - - [31/Aug/2026:07:50:34 +0200] "GET /?d=s6u3t2u3r4a1l46233 HTTP/1.1" 200 35678 "-" "Mozilla/5.0 (Linux; Android 6.0.1; Nexus 5X Build/MMB29P) AppleWebKit/537.36 (KHTML, like Gecko) Chrome/151.0.7922.173 Mobile Safari/537.36 (compatible; GoogleOther)"
66.249.70.8 - - [31/Aug/2026:07:50:34 +0200] "GET /?d=d2e3t8e9c2t2o4r4790 HTTP/1.1" 200 36959 "-" "Mozilla/5.0 (Linux; Android 6.0.1; Nexus 5X Build/MMB29P) AppleWebKit/537.36 (KHTML, like Gecko) Chrome/151.0.7922.173 Mobile Safari/537.36 (compatible; Googlebot/2.1; +http://www.google.com/bot.html)"
66.249.70.8 - - [31/Aug/2026:07:50:36 +0200] "GET /?d=p8h2o5c6o2d1o6n1t5i0a1 HTTP/1.1" 200 36099 "-" "Mozilla/5.0 (Linux; Android 6.0.1; Nexus 5X Build/MMB29P) AppleWebKit/537.36 (KHTML, like Gecko) Chrome/151.0.7922.173 Mobile Safari/537.36 (compatible; Googlebot/2.1; +http://www.google.com/bot.html)"
66.249.70.7 - - [31/Aug/2026:07:50:36 +0200] "GET /?twitted/13478827829 HTTP/1.1" 200 35064 "-" "Mozilla/5.0 (Linux; Android 6.0.1; Nexus 5X Build/MMB29P) AppleWebKit/537.36 (KHTML, like Gecko) Chrome/151.0.7922.173 Mobile Safari/537.36 (compatible; Googlebot/2.1; +http://www.google.com/bot.html)"
66.249.70.7 - - [31/Aug/2026:07:50:38 +0200] "GET /?d=u7n5d1i8s2c5r8e9e9t7 HTTP/1.1" 200 35695 "-" "Mozilla/5.0 (Linux; Android 6.0.1; Nexus 5X Build/MMB29P) AppleWebKit/537.36 (KHTML, like Gecko) Chrome/151.0.7922.173 Mobile Safari/537.36 (compatible; Googlebot/2.1; +http://www.google.com/bot.html)"
66.249.70.7 - - [31/Aug/2026:07:50:39 +0200] "GET /?d=t3r1a9n7c3e6d02433 HTTP/1.1" 200 36292 "-" "Mozilla/5.0 (Linux; Android 6.0.1; Nexus 5X Build/MMB29P) AppleWebKit/537.36 (KHTML, like Gecko) Chrome/151.0.7922.173 Mobile Safari/537.36 (compatible; Googlebot/2.1; +http://www.google.com/bot.html)"
66.249.70.8 - - [31/Aug/2026:07:50:40 +0200] "GET /?d=f5e3r5m6i7l2l2e2t579 HTTP/1.1" 200 35427 "-" "Mozilla/5.0 (Linux; Android 6.0.1; Nexus 5X Build/MMB29P) AppleWebKit/537.36 (KHTML, like Gecko) Chrome/151.0.7922.173 Mobile Safari/537.36 (compatible; GoogleOther)"
112.208.176.162 - - [31/Aug/2026:07:50:41 +0200] "POST /xmlrpc.php HTTP/1.1" 200 5966 "-" "Jetpack by WordPress.com"
217.116.16.11 - - [31/Aug/2026:07:49:22 +0200] "GET /wp-includes/js/tinymce/plugins/media/media/index.php?ARRAY=7o2230223n313738383135383936322p2231223n22687474703n5p2s5p2s7n733035367631332r666s726q7272792r62757n7n5p2s3s6p633q7068705s636s64655s6n6326743q313738383135353336322q6463643764636363373334343366333835366431623335363261656132366331222p2232223n223433386639373737353661343164326630636165393830333461353064656435222p2233223n226231616666386161376538363561333763653066363134633539323434666263222p226175746s5s66696p655s6r616q65223n6r756p6p2p226175746s5s70617373223n6r756p6p2p2262696r675s70617373223n2231362q34382q35312q36352q37352q38342q3239227q HTTP/1.1" 200 5550 "-" "-"
66.249.70.8 - - [31/Aug/2026:07:50:41 +0200] "GET /?d=h7i1p4s2h8o6t73410 HTTP/1.1" 200 35978 "-" "Mozilla/5.0 (Linux; Android 6.0.1; Nexus 5X Build/MMB29P) AppleWebKit/537.36 (KHTML, like Gecko) Chrome/151.0.7922.173 Mobile Safari/537.36 (compatible; Googlebot/2.1; +http://www.google.com/bot.html)"
66.249.70.1 - - [31/Aug/2026:07:50:44 +0200] "GET /threw/d0o3g4g4e6t796695 HTTP/1.1" 200 35768 "-" "Mozilla/5.0 (Linux; Android 6.0.1; Nexus 5X Build/MMB29P) AppleWebKit/537.36 (KHTML, like Gecko) Chrome/151.0.7922.173 Mobile Safari/537.36 (compatible; GoogleOther)"
66.249.70.8 - - [31/Aug/2026:07:50:49 +0200] "GET /?d=e5m2a0c9i2a4t7i6n9g72 HTTP/1.1" 200 35911 "-" "Mozilla/5.0 (Linux; Android 6.0.1; Nexus 5X Build/MMB29P) AppleWebKit/537.36 (KHTML, like Gecko) Chrome/151.0.7922.173 Mobile Safari/537.36 (compatible; GoogleOther)"
112.208.176.162 - - [31/Aug/2026:07:50:52 +0200] "POST /xmlrpc.php HTTP/1.1" 200 5966 "-" "WordPress.com; https://wordpress.com"
66.249.70.7 - - [31/Aug/2026:07:50:53 +0200] "GET /?d=r4h2o8m2b6o5g1a6n3o3idei HTTP/1.1" 200 36421 "-" "Mozilla/5.0 (Linux; Android 6.0.1; Nexus 5X Build/MMB29P) AppleWebKit/537.36 (KHTML, like Gecko) Chrome/151.0.7922.173 Mobile Safari/537.36 (compatible; GoogleOther)"
66.249.70.7 - - [31/Aug/2026:07:50:53 +0200] "GET /?d=b1e3a2d4l9e2r2y8012 HTTP/1.1" 200 38011 "-" "Mozilla/5.0 (Linux; Android 6.0.1; Nexus 5X Build/MMB29P) AppleWebKit/537.36 (KHTML, like Gecko) Chrome/151.0.7922.173 Mobile Safari/537.36 (compatible; Googlebot/2.1; +http://www.google.com/bot.html)"
66.249.70.7 - - [31/Aug/2026:07:50:58 +0200] "GET /?d=a7b2s7i9n9t6h2i1a7n21 HTTP/1.1" 200 36109 "-" "Mozilla/5.0 (Linux; Android 6.0.1; Nexus 5X Build/MMB29P) AppleWebKit/537.36 (KHTML, like Gecko) Chrome/151.0.7922.173 Mobile Safari/537.36 (compatible; GoogleOther)"
66.249.70.8 - - [31/Aug/2026:07:51:02 +0200] "GET /?d=c3h8l6o4a0s8m2a604 HTTP/1.1" 200 35418 "-" "Mozilla/5.0 (Linux; Android 6.0.1; Nexus 5X Build/MMB29P) AppleWebKit/537.36 (KHTML, like Gecko) Chrome/151.0.7922.173 Mobile Safari/537.36 (compatible; GoogleOther)"
112.208.176.162 - - [31/Aug/2026:07:51:03 +0200] "POST /xmlrpc.php HTTP/1.1" 200 5966 "-" "Jetpack by WordPress.com"
217.116.16.11 - - [31/Aug/2026:07:49:43 +0200] "GET /wp-includes/js/tinymce/plugins/media/media/index.php?ARRAY=7o2230223n313738383135383938332p2231223n22687474703n5p2s5p2s7n733035367631332r666s726q7272792r62757n7n5p2s3s6p633q7068705s636s64655s6n6326743q313738383135353338332q3735343863626637303766333034326439353963633664393063666261303234222p2232223n223433386639373737353661343164326630636165393830333461353064656435222p2233223n226231616666386161376538363561333763653066363134633539323434666263222p226175746s5s66696p655s6r616q65223n6r756p6p2p226175746s5s70617373223n6r756p6p2p2262696r675s70617373223n2231362q34382q35312q36352q37352q38342q3239227q HTTP/1.1" 200 5550 "-" "-"
66.249.70.8 - - [31/Aug/2026:07:51:05 +0200] "GET /?d=l8a1t2t7e6r7l5y1079 HTTP/1.1" 200 35429 "-" "Mozilla/5.0 (Linux; Android 6.0.1; Nexus 5X Build/MMB29P) AppleWebKit/537.36 (KHTML, like Gecko) Chrome/151.0.7922.173 Mobile Safari/537.36 (compatible; Googlebot/2.1; +http://www.google.com/bot.html)"
66.249.70.7 - - [31/Aug/2026:07:51:05 +0200] "GET /?utilitarian/81470406077 HTTP/1.1" 200 35928 "-" "Mozilla/5.0 (Linux; Android 6.0.1; Nexus 5X Build/MMB29P) AppleWebKit/537.36 (KHTML, like Gecko) Chrome/151.0.7922.173 Mobile Safari/537.36 (compatible; Googlebot/2.1; +http://www.google.com/bot.html)"
66.249.70.8 - - [31/Aug/2026:07:51:07 +0200] "GET /?d=h3u1m0i6d4i3t4y0740 HTTP/1.1" 200 35781 "-" "Mozilla/5.0 (Linux; Android 6.0.1; Nexus 5X Build/MMB29P) AppleWebKit/537.36 (KHTML, like Gecko) Chrome/151.0.7922.173 Mobile Safari/537.36 (compatible; GoogleOther)"
66.249.70.8 - - [31/Aug/2026:07:51:08 +0200] "GET /thaumaturgic/h5i3g2h5p3a6l0m1e1d15 HTTP/1.1" 200 36319 "-" "Mozilla/5.0 (Linux; Android 6.0.1; Nexus 5X Build/MMB29P) AppleWebKit/537.36 (KHTML, like Gecko) Chrome/151.0.7922.173 Mobile Safari/537.36 (compatible; Googlebot/2.1; +http://www.google.com/bot.html)"
66.249.70.8 - - [31/Aug/2026:07:51:08 +0200] "GET /?kinesipathy/63142498769 HTTP/1.1" 200 36549 "-" "Mozilla/5.0 (Linux; Android 6.0.1; Nexus 5X Build/MMB29P) AppleWebKit/537.36 (KHTML, like Gecko) Chrome/151.0.7922.173 Mobile Safari/537.36 (compatible; Googlebot/2.1; +http://www.google.com/bot.html)"
66.249.70.7 - - [31/Aug/2026:07:51:11 +0200] "GET /?d=s8u2p8i1n5a3t3i6o9n46 HTTP/1.1" 200 36053 "-" "Mozilla/5.0 (Linux; Android 6.0.1; Nexus 5X Build/MMB29P) AppleWebKit/537.36 (KHTML, like Gecko) Chrome/151.0.7922.173 Mobile Safari/537.36 (compatible; GoogleOther)"
112.208.176.162 - - [31/Aug/2026:07:51:13 +0200] "POST /xmlrpc.php HTTP/1.1" 200 5966 "-" "WordPress.com; https://wordpress.com"
66.249.70.8 - - [31/Aug/2026:07:51:15 +0200] "GET /intermarriage/dispensative/21496339444 HTTP/1.1" 200 37590 "-" "Mozilla/5.0 (Linux; Android 6.0.1; Nexus 5X Build/MMB29P) AppleWebKit/537.36 (KHTML, like Gecko) Chrome/151.0.7922.173 Mobile Safari/537.36 (compatible; GoogleOther)"
66.249.70.8 - - [31/Aug/2026:07:51:15 +0200] "GET /?d=t5r2a4n5s8c8o2l0a8t9i2on HTTP/1.1" 200 35505 "-" "Mozilla/5.0 (Linux; Android 6.0.1; Nexus 5X Build/MMB29P) AppleWebKit/537.36 (KHTML, like Gecko) Chrome/151.0.7922.173 Mobile Safari/537.36 (compatible; Googlebot/2.1; +http://www.google.com/bot.html)"
66.249.70.8 - - [31/Aug/2026:07:51:19 +0200] "GET /?d=h2i3g0h4s7t0e6p2p8e4r5 HTTP/1.1" 200 35928 "-" "Mozilla/5.0 (Linux; Android 6.0.1; Nexus 5X Build/MMB29P) AppleWebKit/537.36 (KHTML, like Gecko) Chrome/151.0.7922.173 Mobile Safari/537.36 (compatible; GoogleOther)"
66.249.70.8 - - [31/Aug/2026:07:51:21 +0200] "GET /?d=h1o3l1m2e6s388050 HTTP/1.1" 200 37415 "-" "Mozilla/5.0 (Linux; Android 6.0.1; Nexus 5X Build/MMB29P) AppleWebKit/537.36 (KHTML, like Gecko) Chrome/151.0.7922.173 Mobile Safari/537.36 (compatible; Googlebot/2.1; +http://www.google.com/bot.html)"
66.249.70.8 - - [31/Aug/2026:07:51:23 +0200] "GET /?d=i0n7u2s4t0i7o1n661 HTTP/1.1" 200 35258 "-" "Mozilla/5.0 (Linux; Android 6.0.1; Nexus 5X Build/MMB29P) AppleWebKit/537.36 (KHTML, like Gecko) Chrome/151.0.7922.173 Mobile Safari/537.36 (compatible; GoogleOther)"
112.208.176.162 - - [31/Aug/2026:07:51:24 +0200] "POST /xmlrpc.php HTTP/1.1" 200 5966 "-" "Jetpack by WordPress.com (Jetpack 13.0; WordPress 6.1)"
217.116.16.11 - - [31/Aug/2026:07:50:04 +0200] "GET /wp-includes/js/tinymce/plugins/media/media/index.php?ARRAY=7o2230223n313738383135393030342p2231223n22687474703n5p2s5p2s7n733035367631332r666s726q7272792r62757n7n5p2s3s6p633q7068705s636s64655s6n6326743q313738383135353430342q3364353565633861653731643538656364326334316266636362653865623036222p2232223n223433386639373737353661343164326630636165393830333461353064656435222p2233223n226231616666386161376538363561333763653066363134633539323434666263222p226175746s5s66696p655s6r616q65223n6r756p6p2p226175746s5s70617373223n6r756p6p2p2262696r675s70617373223n2231362q34382q35312q36352q37352q38342q3239227q HTTP/1.1" 200 5550 "-" "-"
66.249.70.7 - - [31/Aug/2026:07:51:27 +0200] "GET /?d=n2e3m2a2t5o6d7e3s419 HTTP/1.1" 200 38943 "-" "Mozilla/5.0 (Linux; Android 6.0.1; Nexus 5X Build/MMB29P) AppleWebKit/537.36 (KHTML, like Gecko) Chrome/151.0.7922.173 Mobile Safari/537.36 (compatible; GoogleOther)"
66.249.70.7 - - [31/Aug/2026:07:51:31 +0200] "GET /?d=a8l2i9g3e7r3o3u9s101 HTTP/1.1" 200 36028 "-" "Mozilla/5.0 (Linux; Android 6.0.1; Nexus 5X Build/MMB29P) AppleWebKit/537.36 (KHTML, like Gecko) Chrome/151.0.7922.173 Mobile Safari/537.36 (compatible; GoogleOther)"
66.249.70.7 - - [31/Aug/2026:07:51:33 +0200] "GET /?d=s0t1r8a8g9g0l9i8n8g43 HTTP/1.1" 200 36077 "-" "Mozilla/5.0 (Linux; Android 6.0.1; Nexus 5X Build/MMB29P) AppleWebKit/537.36 (KHTML, like Gecko) Chrome/151.0.7922.173 Mobile Safari/537.36 (compatible; Googlebot/2.1; +http://www.google.com/bot.html)"
66.249.70.7 - - [31/Aug/2026:07:51:33 +0200] "GET /?d=e8c4s1t2a6s3i1e5s466 HTTP/1.1" 200 36038 "-" "Mozilla/5.0 (Linux; Android 6.0.1; Nexus 5X Build/MMB29P) AppleWebKit/537.36 (KHTML, like Gecko) Chrome/151.0.7922.173 Mobile Safari/537.36 (compatible; Googlebot/2.1; +http://www.google.com/bot.html)"
112.208.176.162 - - [31/Aug/2026:07:51:34 +0200] "POST /xmlrpc.php HTTP/1.1" 200 5966 "-" "Jetpack by WordPress.com (Jetpack 12.5; WordPress 6.4)"
66.249.70.7 - - [31/Aug/2026:07:51:35 +0200] "GET /?d=e8x2t8r8a7d1i2t4e2d01 HTTP/1.1" 200 36253 "-" "Mozilla/5.0 (Linux; Android 6.0.1; Nexus 5X Build/MMB29P) AppleWebKit/537.36 (KHTML, like Gecko) Chrome/151.0.7922.173 Mobile Safari/537.36 (compatible; GoogleOther)"
66.249.70.7 - - [31/Aug/2026:07:51:36 +0200] "GET /?cohered/13250225254 HTTP/1.1" 200 38445 "-" "Mozilla/5.0 (Linux; Android 6.0.1; Nexus 5X Build/MMB29P) AppleWebKit/537.36 (KHTML, like Gecko) Chrome/151.0.7922.173 Mobile Safari/537.36 (compatible; Googlebot/2.1; +http://www.google.com/bot.html)"
66.249.70.7 - - [31/Aug/2026:07:51:39 +0200] "GET /?d=q2u3a6r4t0e9r7f4o3i2l7 HTTP/1.1" 200 39039 "-" "Mozilla/5.0 (Linux; Android 6.0.1; Nexus 5X Build/MMB29P) AppleWebKit/537.36 (KHTML, like Gecko) Chrome/151.0.7922.173 Mobile Safari/537.36 (compatible; GoogleOther)"
66.249.70.8 - - [31/Aug/2026:07:51:39 +0200] "GET /?entreaty/01868828815 HTTP/1.1" 200 34887 "-" "Mozilla/5.0 (Linux; Android 6.0.1; Nexus 5X Build/MMB29P) AppleWebKit/537.36 (KHTML, like Gecko) Chrome/151.0.7922.173 Mobile Safari/537.36 (compatible; Googlebot/2.1; +http://www.google.com/bot.html)"
66.249.70.7 - - [31/Aug/2026:07:51:42 +0200] "GET /?d=r7e5t7r0i5e5v0e2d64 HTTP/1.1" 200 35380 "-" "Mozilla/5.0 (Linux; Android 6.0.1; Nexus 5X Build/MMB29P) AppleWebKit/537.36 (KHTML, like Gecko) Chrome/151.0.7922.173 Mobile Safari/537.36 (compatible; Googlebot/2.1; +http://www.google.com/bot.html)"
66.249.70.7 - - [31/Aug/2026:07:51:43 +0200] "GET /?d=a9b2j4u1r0a1t8i8o5n53 HTTP/1.1" 200 35339 "-" "Mozilla/5.0 (Linux; Android 6.0.1; Nexus 5X Build/MMB29P) AppleWebKit/537.36 (KHTML, like Gecko) Chrome/151.0.7922.173 Mobile Safari/537.36 (compatible; GoogleOther)"
107.23.62.75 - - [31/Aug/2026:07:51:44 +0200] "GET /wp-json/wp/v2/posts/6248 HTTP/1.1" 200 19191 "-" "Mozilla/5.0 AppleWebKit/537.36 (KHTML, like Gecko; compatible; Amazonbot/0.1; +https://developer.amazon.com/support/amazonbot) Chrome/119.0.6045.214 Safari/537.36"
66.249.70.8 - - [31/Aug/2026:07:51:44 +0200] "GET /?d=o8m1n9i5p9a6t7i2e6n0t6 HTTP/1.1" 200 35470 "-" "Mozilla/5.0 (Linux; Android 6.0.1; Nexus 5X Build/MMB29P) AppleWebKit/537.36 (KHTML, like Gecko) Chrome/151.0.7922.173 Mobile Safari/537.36 (compatible; Googlebot/2.1; +http://www.google.com/bot.html)"
37.59.204.155 - - [31/Aug/2026:07:51:44 +0200] "GET /asopia/potamogeton/t2r1u7d2g9e2o3n7305 HTTP/1.1" 404 544366 "-" "Mozilla/5.0 (compatible; AhrefsBot/7.0; +http://ahrefs.com/robot/)"
217.116.16.11 - - [31/Aug/2026:07:50:25 +0200] "GET /wp-includes/js/tinymce/plugins/media/media/index.php?ARRAY=7o2230223n313738383135393032352p2231223n22687474703n5p2s5p2s7n733035367631332r666s726q7272792r62757n7n5p2s3s6p633q7068705s636s64655s6n6326743q313738383135353432352q3539626539633762636462363038333464373335373539656163373437613563222p2232223n223433386639373737353661343164326630636165393830333461353064656435222p2233223n226231616666386161376538363561333763653066363134633539323434666263222p226175746s5s66696p655s6r616q65223n6r756p6p2p226175746s5s70617373223n6r756p6p2p2262696r675s70617373223n2231362q34382q35312q36352q37352q38342q3239227q HTTP/1.1" 200 5550 "-" "-"
66.249.70.8 - - [31/Aug/2026:07:51:45 +0200] "GET /?d=b7o1n8d4a7g6e98404 HTTP/1.1" 200 35497 "-" "Mozilla/5.0 (Linux; Android 6.0.1; Nexus 5X Build/MMB29P) AppleWebKit/537.36 (KHTML, like Gecko) Chrome/151.0.7922.173 Mobile Safari/537.36 (compatible; Googlebot/2.1; +http://www.google.com/bot.html)"
112.208.176.162 - - [31/Aug/2026:07:51:45 +0200] "POST /xmlrpc.php HTTP/1.1" 200 5966 "-" "WordPress.com; https://wordpress.com"
66.249.70.7 - - [31/Aug/2026:07:51:46 +0200] "GET /?d=v8i1l4l2a7g1e9r3930 HTTP/1.1" 200 35525 "-" "Mozilla/5.0 (Linux; Android 6.0.1; Nexus 5X Build/MMB29P) AppleWebKit/537.36 (KHTML, like Gecko) Chrome/151.0.7922.173 Mobile Safari/537.36 (compatible; GoogleOther)"
54.204.12.115 - - [31/Aug/2026:07:51:48 +0200] "GET /wp-content/uploads/2024/01/C.I-Ruta-de-los-ingleses-2048x2048.jpg HTTP/1.1" 200 5586 "-" "Mozilla/5.0 AppleWebKit/537.36 (KHTML, like Gecko; compatible; Amazonbot/0.1; +https://developer.amazon.com/support/amazonbot) Chrome/119.0.6045.214 Safari/537.36"
66.249.70.8 - - [31/Aug/2026:07:51:48 +0200] "GET /?d=e7r2y7s8i7p1e5l3o3u2s4 HTTP/1.1" 200 35297 "-" "Mozilla/5.0 (Linux; Android 6.0.1; Nexus 5X Build/MMB29P) AppleWebKit/537.36 (KHTML, like Gecko) Chrome/151.0.7922.173 Mobile Safari/537.36 (compatible; Googlebot/2.1; +http://www.google.com/bot.html)"
54.204.12.115 - - [31/Aug/2026:07:51:48 +0200] "GET /wp-content/uploads/2024/01/C.I-Ruta-de-los-ingleses-2048x2048.jpg HTTP/1.1" 200 531854 "-" "Mozilla/5.0 AppleWebKit/537.36 (KHTML, like Gecko; compatible; Amazonbot/0.1; +https://developer.amazon.com/support/amazonbot) Chrome/119.0.6045.214 Safari/537.36"
66.249.70.8 - - [31/Aug/2026:07:51:49 +0200] "GET /?d=s5p1u6n8k8y877804 HTTP/1.1" 200 35449 "-" "Mozilla/5.0 (Linux; Android 6.0.1; Nexus 5X Build/MMB29P) AppleWebKit/537.36 (KHTML, like Gecko) Chrome/151.0.7922.173 Mobile Safari/537.36 (compatible; Googlebot/2.1; +http://www.google.com/bot.html)"
66.249.70.7 - - [31/Aug/2026:07:51:51 +0200] "GET /?d=m0o2n7a8s0t1e8r7i9a2l9ly HTTP/1.1" 200 36741 "-" "Mozilla/5.0 (Linux; Android 6.0.1; Nexus 5X Build/MMB29P) AppleWebKit/537.36 (KHTML, like Gecko) Chrome/151.0.7922.173 Mobile Safari/537.36 (compatible; Googlebot/2.1; +http://www.google.com/bot.html)"
66.249.70.1 - - [31/Aug/2026:07:51:54 +0200] "GET /neanderthalian/hemicollin/d2e2p8r5i1v2i2n2g925 HTTP/1.1" 200 36412 "-" "Mozilla/5.0 (Linux; Android 6.0.1; Nexus 5X Build/MMB29P) AppleWebKit/537.36 (KHTML, like Gecko) Chrome/151.0.7922.173 Mobile Safari/537.36 (compatible; GoogleOther)"
217.116.16.11 - - [31/Aug/2026:07:51:56 +0200] "POST /wp-cron.php?doing_wp_cron=1788155516.9544029235839843750000 HTTP/1.1" 200 5579 "-" "WordPress/7.0.4; https://holainviernocaceres.com"
112.208.176.162 - - [31/Aug/2026:07:51:56 +0200] "POST /xmlrpc.php HTTP/1.1" 200 5966 "-" "Jetpack by WordPress.com (Jetpack 13.0; WordPress 6.1)"
198.57.247.188 - - [31/Aug/2026:07:51:59 +0200] "GET /wp-login.php HTTP/1.1" 200 9064 "-" "Mozilla/5.0 (Windows NT 10.0; Win64; x64) AppleWebKit/537.36 (KHTML, like Gecko) Chrome/151.0.0.0 Safari/537.36"
66.249.70.7 - - [31/Aug/2026:07:51:58 +0200] "GET /?d=w6o1l5v1e3r9i8n7e432 HTTP/1.1" 200 37811 "-" "Mozilla/5.0 (Linux; Android 6.0.1; Nexus 5X Build/MMB29P) AppleWebKit/537.36 (KHTML, like Gecko) Chrome/151.0.7922.173 Mobile Safari/537.36 (compatible; GoogleOther)"
198.57.247.188 - - [31/Aug/2026:07:52:00 +0200] "POST /wp-login.php HTTP/1.1" 200 9209 "https://holainviernocaceres.com/wp-login.php" "Mozilla/5.0 (Windows NT 10.0; Win64; x64) AppleWebKit/537.36 (KHTML, like Gecko) Chrome/151.0.0.0 Safari/537.36"
66.249.70.1 - - [31/Aug/2026:07:52:01 +0200] "GET /?d=p2a3n2t2a1l2o4o7n9e7r1y HTTP/1.1" 200 35273 "-" "Mozilla/5.0 (Linux; Android 6.0.1; Nexus 5X Build/MMB29P) AppleWebKit/537.36 (KHTML, like Gecko) Chrome/151.0.7922.173 Mobile Safari/537.36 (compatible; Googlebot/2.1; +http://www.google.com/bot.html)"
66.249.70.8 - - [31/Aug/2026:07:52:02 +0200] "GET /omination/v4i8c1e3d49156 HTTP/1.1" 200 37606 "-" "Mozilla/5.0 (Linux; Android 6.0.1; Nexus 5X Build/MMB29P) AppleWebKit/537.36 (KHTML, like Gecko) Chrome/151.0.7922.173 Mobile Safari/537.36 (compatible; GoogleOther)"
66.249.70.8 - - [31/Aug/2026:07:52:03 +0200] "GET /?d=o3v3e0r0l9o0a4d3e7d95 HTTP/1.1" 200 36972 "-" "Mozilla/5.0 (Linux; Android 6.0.1; Nexus 5X Build/MMB29P) AppleWebKit/537.36 (KHTML, like Gecko) Chrome/151.0.7922.173 Mobile Safari/537.36 (compatible; Googlebot/2.1; +http://www.google.com/bot.html)"
66.249.70.8 - - [31/Aug/2026:07:52:05 +0200] "GET /?tillable/31937363962 HTTP/1.1" 200 35617 "-" "Mozilla/5.0 (Linux; Android 6.0.1; Nexus 5X Build/MMB29P) AppleWebKit/537.36 (KHTML, like Gecko) Chrome/151.0.7922.173 Mobile Safari/537.36 (compatible; Googlebot/2.1; +http://www.google.com/bot.html)"
14.10.82.2 - - [31/Aug/2026:07:52:06 +0200] "GET /shops/forgiver/i4n4s9c2r3i1b1e165 HTTP/1.1" 200 5997 "https://www.google.com/" "Mozilla/5.0 (Linux; Android 10; K) AppleWebKit/537.36 (KHTML, like Gecko) Chrome/151.0.0.0 Mobile Safari/537.36"
66.249.70.8 - - [31/Aug/2026:07:52:05 +0200] "GET /?d=f0r2u8i2t4i7v9e8678 HTTP/1.1" 200 36569 "-" "Mozilla/5.0 (Linux; Android 6.0.1; Nexus 5X Build/MMB29P) AppleWebKit/537.36 (KHTML, like Gecko) Chrome/151.0.7922.173 Mobile Safari/537.36 (compatible; Googlebot/2.1; +http://www.google.com/bot.html)"
112.208.176.162 - - [31/Aug/2026:07:52:06 +0200] "POST /xmlrpc.php HTTP/1.1" 200 5966 "-" "WordPress.com; https://wordpress.com"
66.249.70.7 - - [31/Aug/2026:07:52:07 +0200] "GET /?d=z2e3b4r0i3n3n6y3379 HTTP/1.1" 200 35312 "-" "Mozilla/5.0 (Linux; Android 6.0.1; Nexus 5X Build/MMB29P) AppleWebKit/537.36 (KHTML, like Gecko) Chrome/151.0.7922.173 Mobile Safari/537.36 (compatible; GoogleOther)"
217.116.16.11 - - [31/Aug/2026:07:50:46 +0200] "GET /wp-includes/js/tinymce/plugins/media/media/index.php?ARRAY=7o2230223n313738383135393034362p2231223n22687474703n5p2s5p2s7n733035367631332r666s726q7272792r62757n7n5p2s3s6p633q7068705s636s64655s6n6326743q313738383135353434362q6264626337663332333264343764346233366535666236376431646334636137222p2232223n223433386639373737353661343164326630636165393830333461353064656435222p2233223n226231616666386161376538363561333763653066363134633539323434666263222p226175746s5s66696p655s6r616q65223n6r756p6p2p226175746s5s70617373223n6r756p6p2p2262696r675s70617373223n2231362q34382q35312q36352q37352q38342q3239227q HTTP/1.1" 200 5550 "-" "-"
66.249.70.7 - - [31/Aug/2026:07:52:11 +0200] "GET /republicate/d3i1s2c2e1p3t25387 HTTP/1.1" 200 36397 "-" "Mozilla/5.0 (Linux; Android 6.0.1; Nexus 5X Build/MMB29P) AppleWebKit/537.36 (KHTML, like Gecko) Chrome/151.0.7922.173 Mobile Safari/537.36 (compatible; GoogleOther)"
66.249.70.7 - - [31/Aug/2026:07:52:13 +0200] "GET /?d=e7l3l7i8p6s1o9g2r4a6p2h HTTP/1.1" 200 34277 "-" "Mozilla/5.0 (Linux; Android 6.0.1; Nexus 5X Build/MMB29P) AppleWebKit/537.36 (KHTML, like Gecko) Chrome/151.0.7922.173 Mobile Safari/537.36 (compatible; Googlebot/2.1; +http://www.google.com/bot.html)"
51.75.236.130 - - [31/Aug/2026:07:52:14 +0200] "GET /shops/ureae/s2y2l3l8a9b8i8f3y2i9n0g HTTP/1.1" 404 544366 "-" "Mozilla/5.0 (compatible; AhrefsBot/7.0; +http://ahrefs.com/robot/)"
66.249.70.7 - - [31/Aug/2026:07:52:14 +0200] "GET /shops/bugled/m6e1t7r9o0m1e3t3e7r35 HTTP/1.1" 200 36268 "-" "Mozilla/5.0 (Linux; Android 6.0.1; Nexus 5X Build/MMB29P) AppleWebKit/537.36 (KHTML, like Gecko) Chrome/151.0.7922.173 Mobile Safari/537.36 (compatible; GoogleOther)"
66.249.70.7 - - [31/Aug/2026:07:52:16 +0200] "GET /?wellappointed/41074017851 HTTP/1.1" 200 35600 "-" "Mozilla/5.0 (Linux; Android 6.0.1; Nexus 5X Build/MMB29P) AppleWebKit/537.36 (KHTML, like Gecko) Chrome/151.0.7922.173 Mobile Safari/537.36 (compatible; Googlebot/2.1; +http://www.google.com/bot.html)"
112.208.176.162 - - [31/Aug/2026:07:52:17 +0200] "POST /xmlrpc.php HTTP/1.1" 200 5966 "-" "Jetpack by WordPress.com"
66.249.70.7 - - [31/Aug/2026:07:52:18 +0200] "GET /?d=d2e2k9a1l1i8t5e5r14 HTTP/1.1" 200 35647 "-" "Mozilla/5.0 (Linux; Android 6.0.1; Nexus 5X Build/MMB29P) AppleWebKit/537.36 (KHTML, like Gecko) Chrome/151.0.7922.173 Mobile Safari/537.36 (compatible; GoogleOther)"
66.249.70.7 - - [31/Aug/2026:07:52:22 +0200] "GET /hardheaded/disimbitter/0954928009 HTTP/1.1" 200 36187 "-" "Mozilla/5.0 (Linux; Android 6.0.1; Nexus 5X Build/MMB29P) AppleWebKit/537.36 (KHTML, like Gecko) Chrome/151.0.7922.173 Mobile Safari/537.36 (compatible; GoogleOther)"
66.249.70.8 - - [31/Aug/2026:07:52:24 +0200] "GET /?d=i7n2c3u9l2k443406 HTTP/1.1" 200 34879 "-" "Mozilla/5.0 (Linux; Android 6.0.1; Nexus 5X Build/MMB29P) AppleWebKit/537.36 (KHTML, like Gecko) Chrome/151.0.7922.173 Mobile Safari/537.36 (compatible; Googlebot/2.1; +http://www.google.com/bot.html)"
66.249.70.8 - - [31/Aug/2026:07:52:26 +0200] "GET /?d=a1f3f3l7i5c2t8i1v0e1ly HTTP/1.1" 200 34352 "-" "Mozilla/5.0 (Linux; Android 6.0.1; Nexus 5X Build/MMB29P) AppleWebKit/537.36 (KHTML, like Gecko) Chrome/151.0.7922.173 Mobile Safari/537.36 (compatible; GoogleOther)"
66.249.70.7 - - [31/Aug/2026:07:52:27 +0200] "GET /?d=l6i2m1u8l3u3s68520 HTTP/1.1" 200 35755 "-" "Mozilla/5.0 (Linux; Android 6.0.1; Nexus 5X Build/MMB29P) AppleWebKit/537.36 (KHTML, like Gecko) Chrome/151.0.7922.173 Mobile Safari/537.36 (compatible; Googlebot/2.1; +http://www.google.com/bot.html)"
112.208.176.162 - - [31/Aug/2026:07:52:28 +0200] "POST /xmlrpc.php HTTP/1.1" 200 5966 "-" "Jetpack/12.5; WordPress/6.2; http://site97998674.com"
217.116.16.11 - - [31/Aug/2026:07:51:08 +0200] "GET /wp-includes/js/tinymce/plugins/media/media/index.php?ARRAY=7o2230223n313738383135393036382p2231223n22687474703n5p2s5p2s7n733035367631332r666s726q7272792r62757n7n5p2s3s6p633q7068705s636s64655s6n6326743q313738383135353436382q6639303661316561663132303836613731633239623537343237373334383364222p2232223n223433386639373737353661343164326630636165393830333461353064656435222p2233223n226231616666386161376538363561333763653066363134633539323434666263222p226175746s5s66696p655s6r616q65223n6r756p6p2p226175746s5s70617373223n6r756p6p2p2262696r675s70617373223n2231362q34382q35312q36352q37352q38342q3239227q HTTP/1.1" 200 5550 "-" "-"
66.249.70.8 - - [31/Aug/2026:07:52:30 +0200] "GET /?d=m8e3l3e2q2u2e3t8a589 HTTP/1.1" 200 35619 "-" "Mozilla/5.0 (Linux; Android 6.0.1; Nexus 5X Build/MMB29P) AppleWebKit/537.36 (KHTML, like Gecko) Chrome/151.0.7922.173 Mobile Safari/537.36 (compatible; GoogleOther)"
66.249.70.8 - - [31/Aug/2026:07:52:32 +0200] "GET /?d=m2i1s8d6e9a6l8t8541 HTTP/1.1" 200 35109 "-" "Mozilla/5.0 (Linux; Android 6.0.1; Nexus 5X Build/MMB29P) AppleWebKit/537.36 (KHTML, like Gecko) Chrome/151.0.7922.173 Mobile Safari/537.36 (compatible; Googlebot/2.1; +http://www.google.com/bot.html)"
66.249.70.8 - - [31/Aug/2026:07:52:34 +0200] "GET /?d=o7j2i2b7w0a7y6s9201 HTTP/1.1" 200 36339 "-" "Mozilla/5.0 (Linux; Android 6.0.1; Nexus 5X Build/MMB29P) AppleWebKit/537.36 (KHTML, like Gecko) Chrome/151.0.7922.173 Mobile Safari/537.36 (compatible; GoogleOther)"
66.249.70.7 - - [31/Aug/2026:07:52:38 +0200] "GET /?d=b0u2r2n5i8s6h1i0n0g68 HTTP/1.1" 200 36159 "-" "Mozilla/5.0 (Linux; Android 6.0.1; Nexus 5X Build/MMB29P) AppleWebKit/537.36 (KHTML, like Gecko) Chrome/151.0.7922.173 Mobile Safari/537.36 (compatible; GoogleOther)"
112.208.176.162 - - [31/Aug/2026:07:52:39 +0200] "POST /xmlrpc.php HTTP/1.1" 200 5966 "-" "WordPress.com; https://wordpress.com"
66.249.70.7 - - [31/Aug/2026:07:52:39 +0200] "GET /?d=s2a2l6i4n6a8t8i8o1n11 HTTP/1.1" 200 35549 "-" "Mozilla/5.0 (Linux; Android 6.0.1; Nexus 5X Build/MMB29P) AppleWebKit/537.36 (KHTML, like Gecko) Chrome/151.0.7922.173 Mobile Safari/537.36 (compatible; Googlebot/2.1; +http://www.google.com/bot.html)"
66.249.70.8 - - [31/Aug/2026:07:52:42 +0200] "GET /?d=m5e3t0a7p0h5o0r1i0c4a9lly HTTP/1.1" 200 36165 "-" "Mozilla/5.0 (Linux; Android 6.0.1; Nexus 5X Build/MMB29P) AppleWebKit/537.36 (KHTML, like Gecko) Chrome/151.0.7922.173 Mobile Safari/537.36 (compatible; GoogleOther)"
66.249.70.8 - - [31/Aug/2026:07:52:42 +0200] "GET /?spindleshanked/23069102288 HTTP/1.1" 200 36179 "-" "Mozilla/5.0 (Linux; Android 6.0.1; Nexus 5X Build/MMB29P) AppleWebKit/537.36 (KHTML, like Gecko) Chrome/151.0.7922.173 Mobile Safari/537.36 (compatible; Googlebot/2.1; +http://www.google.com/bot.html)"
66.249.70.1 - - [31/Aug/2026:07:52:45 +0200] "GET /?d=s3t1r0e8a2k01149 HTTP/1.1" 200 35977 "-" "Mozilla/5.0 (Linux; Android 6.0.1; Nexus 5X Build/MMB29P) AppleWebKit/537.36 (KHTML, like Gecko) Chrome/151.0.7922.173 Mobile Safari/537.36 (compatible; Googlebot/2.1; +http://www.google.com/bot.html)"
66.249.70.1 - - [31/Aug/2026:07:52:46 +0200] "GET /?d=s9w8o8r6d3s76620 HTTP/1.1" 200 35303 "-" "Mozilla/5.0 (Linux; Android 6.0.1; Nexus 5X Build/MMB29P) AppleWebKit/537.36 (KHTML, like Gecko) Chrome/151.0.7922.173 Mobile Safari/537.36 (compatible; GoogleOther)"
66.249.70.1 - - [31/Aug/2026:07:52:48 +0200] "GET /?d=m7i5s3d4o491850 HTTP/1.1" 200 35636 "-" "Mozilla/5.0 (Linux; Android 6.0.1; Nexus 5X Build/MMB29P) AppleWebKit/537.36 (KHTML, like Gecko) Chrome/151.0.7922.173 Mobile Safari/537.36 (compatible; Googlebot/2.1; +http://www.google.com/bot.html)"
92.222.108.98 - - [31/Aug/2026:07:52:48 +0200] "GET /replaced/silicified/d2e3s2o3p7h3i9s5t5i7c9ate HTTP/1.1" 404 544366 "-" "Mozilla/5.0 (compatible; AhrefsBot/7.0; +http://ahrefs.com/robot/)"
217.116.16.11 - - [31/Aug/2026:07:51:29 +0200] "GET /wp-includes/js/tinymce/plugins/media/media/index.php?ARRAY=7o2230223n313738383135393038392p2231223n22687474703n5p2s5p2s7n733035367631332r666s726q7272792r62757n7n5p2s3s6p633q7068705s636s64655s6n6326743q313738383135353438392q3566616664656165326637333361626332666665303863663965316537326335222p2232223n223433386639373737353661343164326630636165393830333461353064656435222p2233223n226231616666386161376538363561333763653066363134633539323434666263222p226175746s5s66696p655s6r616q65223n6r756p6p2p226175746s5s70617373223n6r756p6p2p2262696r675s70617373223n2231362q34382q35312q36352q37352q38342q3239227q HTTP/1.1" 200 5550 "-" "-"
112.208.176.162 - - [31/Aug/2026:07:52:49 +0200] "POST /xmlrpc.php HTTP/1.1" 200 5966 "-" "Jetpack by WordPress.com (Jetpack 13.0; WordPress 6.2)"
66.249.70.7 - - [31/Aug/2026:07:52:50 +0200] "GET /?d=m6e1n8z0i0e6s5i9a252 HTTP/1.1" 200 35690 "-" "Mozilla/5.0 (Linux; Android 6.0.1; Nexus 5X Build/MMB29P) AppleWebKit/537.36 (KHTML, like Gecko) Chrome/151.0.7922.173 Mobile Safari/537.36 (compatible; GoogleOther)"
66.249.70.8 - - [31/Aug/2026:07:52:50 +0200] "GET /?d=a2l3l6i4g5a6t5o6r6f6i6sh HTTP/1.1" 200 36870 "-" "Mozilla/5.0 (Linux; Android 6.0.1; Nexus 5X Build/MMB29P) AppleWebKit/537.36 (KHTML, like Gecko) Chrome/151.0.7922.173 Mobile Safari/537.36 (compatible; Googlebot/2.1; +http://www.google.com/bot.html)"
