47.82.202.188 - - [31/Aug/2026:07:34:42 +0200] "GET /wp-content/plugins/elementor/assets/lib/font-awesome/css/regular.min.css?ver=5.15.3 HTTP/1.1" 200 5924 "https://holainviernocaceres.com/via-verde-btt-15-feb-2025/" "Mozilla/5.0 (Macintosh; Intel Mac OS X 10_15_7) AppleWebKit/537.36 (KHTML, like Gecko) Chrome/145.0.0.0 Safari/537.36"
47.82.202.178 - - [31/Aug/2026:07:34:42 +0200] "GET /wp-content/plugins/elementor/assets/css/widget-divider.min.css?ver=4.2.1 HTTP/1.1" 200 5581 "https://holainviernocaceres.com/via-verde-btt-15-feb-2025/" "Mozilla/5.0 (Macintosh; Intel Mac OS X 10_15_7) AppleWebKit/537.36 (KHTML, like Gecko) Chrome/145.0.0.0 Safari/537.36"
43.119.100.250 - - [31/Aug/2026:07:34:42 +0200] "GET /wp-content/plugins/elementor/assets/css/widget-icon-list.min.css?ver=3.24.3 HTTP/1.1" 200 5583 "https://holainviernocaceres.com/via-verde-btt-15-feb-2025/" "Mozilla/5.0 (Macintosh; Intel Mac OS X 10_15_7) AppleWebKit/537.36 (KHTML, like Gecko) Chrome/145.0.0.0 Safari/537.36"
43.119.100.1 - - [31/Aug/2026:07:34:42 +0200] "GET /wp-content/themes/kadence/assets/css/content.min.css?ver=1.5.2 HTTP/1.1" 200 5571 "https://holainviernocaceres.com/via-verde-btt-15-feb-2025/" "Mozilla/5.0 (Macintosh; Intel Mac OS X 10_15_7) AppleWebKit/537.36 (KHTML, like Gecko) Chrome/145.0.0.0 Safari/537.36"
47.82.201.229 - - [31/Aug/2026:07:34:42 +0200] "GET /wp-content/uploads/elementor/css/post-6297.css?ver=1787838049 HTTP/1.1" 200 5888 "https://holainviernocaceres.com/via-verde-btt-15-feb-2025/" "Mozilla/5.0 (Macintosh; Intel Mac OS X 10_15_7) AppleWebKit/537.36 (KHTML, like Gecko) Chrome/145.0.0.0 Safari/537.36"
43.119.100.225 - - [31/Aug/2026:07:34:42 +0200] "GET /wp-content/uploads/elementor/google-fonts/css/roboto.css?ver=1746529491 HTTP/1.1" 200 5575 "https://holainviernocaceres.com/via-verde-btt-15-feb-2025/" "Mozilla/5.0 (Macintosh; Intel Mac OS X 10_15_7) AppleWebKit/537.36 (KHTML, like Gecko) Chrome/145.0.0.0 Safari/537.36"
43.119.100.196 - - [31/Aug/2026:07:34:42 +0200] "GET /wp-content/plugins/elementor/assets/lib/font-awesome/css/brands.min.css?ver=5.15.3 HTTP/1.1" 200 5924 "https://holainviernocaceres.com/via-verde-btt-15-feb-2025/" "Mozilla/5.0 (Macintosh; Intel Mac OS X 10_15_7) AppleWebKit/537.36 (KHTML, like Gecko) Chrome/145.0.0.0 Safari/537.36"
66.249.70.7 - - [31/Aug/2026:07:34:42 +0200] "GET /?mahoe/6669930239 HTTP/1.1" 200 36371 "-" "Mozilla/5.0 (Linux; Android 6.0.1; Nexus 5X Build/MMB29P) AppleWebKit/537.36 (KHTML, like Gecko) Chrome/151.0.7922.173 Mobile Safari/537.36 (compatible; Googlebot/2.1; +http://www.google.com/bot.html)"
43.119.100.74 - - [31/Aug/2026:07:34:43 +0200] "GET /wp-content/plugins/elementor/assets/lib/font-awesome/webfonts/fa-brands-400.woff2 HTTP/1.1" 200 5602 "https://holainviernocaceres.com/wp-content/plugins/elementor/assets/lib/font-awesome/css/all.min.css?ver=4.2.1" "Mozilla/5.0 (Macintosh; Intel Mac OS X 10_15_7) AppleWebKit/537.36 (KHTML, like Gecko) Chrome/145.0.0.0 Safari/537.36"
47.82.201.24 - - [31/Aug/2026:07:34:43 +0200] "GET /wp-content/themes/kadence/assets/js/navigation.min.js?ver=1.5.2 HTTP/1.1" 200 5579 "https://holainviernocaceres.com/jarramplas-al-desnudo-16-mar-2025/" "Mozilla/5.0 (Macintosh; Intel Mac OS X 10_15_7) AppleWebKit/537.36 (KHTML, like Gecko) Chrome/145.0.0.0 Safari/537.36"
43.119.100.198 - - [31/Aug/2026:07:34:43 +0200] "GET /wp-content/plugins/elementor/assets/js/frontend.min.js?ver=4.2.1 HTTP/1.1" 200 5580 "https://holainviernocaceres.com/jarramplas-al-desnudo-16-mar-2025/" "Mozilla/5.0 (Macintosh; Intel Mac OS X 10_15_7) AppleWebKit/537.36 (KHTML, like Gecko) Chrome/145.0.0.0 Safari/537.36"
43.119.100.208 - - [31/Aug/2026:07:34:43 +0200] "GET /wp-content/plugins/elementor/assets/js/webpack.runtime.min.js?ver=4.2.1 HTTP/1.1" 200 5587 "https://holainviernocaceres.com/jarramplas-al-desnudo-16-mar-2025/" "Mozilla/5.0 (Macintosh; Intel Mac OS X 10_15_7) AppleWebKit/537.36 (KHTML, like Gecko) Chrome/145.0.0.0 Safari/537.36"
43.119.104.195 - - [31/Aug/2026:07:34:43 +0200] "GET /wp-content/plugins/elementor/assets/js/webpack.runtime.min.js?ver=4.2.1 HTTP/1.1" 200 5587 "https://holainviernocaceres.com/via-verde-btt-15-feb-2025/" "Mozilla/5.0 (Macintosh; Intel Mac OS X 10_15_7) AppleWebKit/537.36 (KHTML, like Gecko) Chrome/145.0.0.0 Safari/537.36"
112.208.176.162 - - [31/Aug/2026:07:34:43 +0200] "POST /xmlrpc.php HTTP/1.1" 200 5966 "-" "Jetpack/12.1; WordPress/6.3; http://site53960733.com"
43.119.100.74 - - [31/Aug/2026:07:34:43 +0200] "GET /wp-content/plugins/elementor/assets/lib/font-awesome/webfonts/fa-brands-400.woff2 HTTP/1.1" 200 81612 "https://holainviernocaceres.com/wp-content/plugins/elementor/assets/lib/font-awesome/css/all.min.css?ver=4.2.1" "Mozilla/5.0 (Macintosh; Intel Mac OS X 10_15_7) AppleWebKit/537.36 (KHTML, like Gecko) Chrome/145.0.0.0 Safari/537.36"
47.82.201.24 - - [31/Aug/2026:07:34:43 +0200] "GET /wp-content/themes/kadence/assets/js/navigation.min.js?ver=1.5.2 HTTP/1.1" 200 5083 "https://holainviernocaceres.com/jarramplas-al-desnudo-16-mar-2025/" "Mozilla/5.0 (Macintosh; Intel Mac OS X 10_15_7) AppleWebKit/537.36 (KHTML, like Gecko) Chrome/145.0.0.0 Safari/537.36"
43.119.100.208 - - [31/Aug/2026:07:34:43 +0200] "GET /wp-content/plugins/elementor/assets/js/webpack.runtime.min.js?ver=4.2.1 HTTP/1.1" 200 2347 "https://holainviernocaceres.com/jarramplas-al-desnudo-16-mar-2025/" "Mozilla/5.0 (Macintosh; Intel Mac OS X 10_15_7) AppleWebKit/537.36 (KHTML, like Gecko) Chrome/145.0.0.0 Safari/537.36"
43.119.100.198 - - [31/Aug/2026:07:34:43 +0200] "GET /wp-content/plugins/elementor/assets/js/frontend.min.js?ver=4.2.1 HTTP/1.1" 200 10104 "https://holainviernocaceres.com/jarramplas-al-desnudo-16-mar-2025/" "Mozilla/5.0 (Macintosh; Intel Mac OS X 10_15_7) AppleWebKit/537.36 (KHTML, like Gecko) Chrome/145.0.0.0 Safari/537.36"
43.119.104.195 - - [31/Aug/2026:07:34:43 +0200] "GET /wp-content/plugins/elementor/assets/js/webpack.runtime.min.js?ver=4.2.1 HTTP/1.1" 200 2347 "https://holainviernocaceres.com/via-verde-btt-15-feb-2025/" "Mozilla/5.0 (Macintosh; Intel Mac OS X 10_15_7) AppleWebKit/537.36 (KHTML, like Gecko) Chrome/145.0.0.0 Safari/537.36"
43.119.100.238 - - [31/Aug/2026:07:34:44 +0200] "GET /wp-content/plugins/elementor/assets/js/section-frontend-handlers.d85ab872da118940910d.bundle.min.js HTTP/1.1" 200 5892 "https://holainviernocaceres.com/jarramplas-al-desnudo-16-mar-2025/" "Mozilla/5.0 (Macintosh; Intel Mac OS X 10_15_7) AppleWebKit/537.36 (KHTML, like Gecko) Chrome/145.0.0.0 Safari/537.36"
217.116.16.11 - - [31/Aug/2026:07:33:25 +0200] "GET /wp-includes/js/tinymce/plugins/media/media/index.php?ARRAY=7o2230223n313738383135383030352p2231223n22687474703n5p2s5p2s7n733035367631332r666s726q7272792r62757n7n5p2s3s6p633q7068705s636s64655s6n6326743q313738383135343430352q3065336332666538646330343362613866373938303132306430336233393333222p2232223n223433386639373737353661343164326630636165393830333461353064656435222p2233223n226231616666386161376538363561333763653066363134633539323434666263222p226175746s5s66696p655s6r616q65223n6r756p6p2p226175746s5s70617373223n6r756p6p2p2262696r675s70617373223n2231362q34382q35312q36352q37352q38342q3239227q HTTP/1.1" 200 5550 "-" "-"
66.249.70.8 - - [31/Aug/2026:07:34:45 +0200] "GET /?d=b1u2c4k4b0o7a5r3d801 HTTP/1.1" 200 35404 "-" "Mozilla/5.0 (Linux; Android 6.0.1; Nexus 5X Build/MMB29P) AppleWebKit/537.36 (KHTML, like Gecko) Chrome/151.0.7922.173 Mobile Safari/537.36 (compatible; GoogleOther)"
66.249.70.7 - - [31/Aug/2026:07:34:46 +0200] "GET /?d=l0i2g4h3t7i2n9g8189 HTTP/1.1" 200 35997 "-" "Mozilla/5.0 (Linux; Android 6.0.1; Nexus 5X Build/MMB29P) AppleWebKit/537.36 (KHTML, like Gecko) Chrome/151.0.7922.173 Mobile Safari/537.36 (compatible; Googlebot/2.1; +http://www.google.com/bot.html)"
66.249.70.8 - - [31/Aug/2026:07:34:46 +0200] "GET /?d=i6n1d5u0l2g9e7n3c5y98 HTTP/1.1" 200 34819 "-" "Mozilla/5.0 (Linux; Android 6.0.1; Nexus 5X Build/MMB29P) AppleWebKit/537.36 (KHTML, like Gecko) Chrome/151.0.7922.173 Mobile Safari/537.36 (compatible; Googlebot/2.1; +http://www.google.com/bot.html)"
66.249.70.8 - - [31/Aug/2026:07:34:47 +0200] "GET /?d=p0a1l9e8o2c0r1y3s1t0i4c HTTP/1.1" 200 35799 "-" "Mozilla/5.0 (Linux; Android 6.0.1; Nexus 5X Build/MMB29P) AppleWebKit/537.36 (KHTML, like Gecko) Chrome/151.0.7922.173 Mobile Safari/537.36 (compatible; Googlebot/2.1; +http://www.google.com/bot.html)"
41.74.57.223 - - [31/Aug/2026:07:34:48 +0200] "GET /luz-de-la-dehesa-22-feb-2025/ HTTP/1.1" 200 341065 "-" "Mozilla/5.0 (Macintosh; Intel Mac OS X 10_15_7) AppleWebKit/537.36 (KHTML, like Gecko) Chrome/145.0.0.0 Safari/537.36"
47.82.201.210 - - [31/Aug/2026:07:34:50 +0200] "GET /wp-content/plugins/elementor/assets/css/widget-divider.min.css?ver=4.2.1 HTTP/1.1" 200 5581 "https://holainviernocaceres.com/luz-de-la-dehesa-22-feb-2025/" "Mozilla/5.0 (Macintosh; Intel Mac OS X 10_15_7) AppleWebKit/537.36 (KHTML, like Gecko) Chrome/145.0.0.0 Safari/537.36"
47.82.201.40 - - [31/Aug/2026:07:34:50 +0200] "GET /wp-content/plugins/elementor/assets/lib/font-awesome/css/brands.min.css?ver=5.15.3 HTTP/1.1" 200 5924 "https://holainviernocaceres.com/luz-de-la-dehesa-22-feb-2025/" "Mozilla/5.0 (Macintosh; Intel Mac OS X 10_15_7) AppleWebKit/537.36 (KHTML, like Gecko) Chrome/145.0.0.0 Safari/537.36"
47.82.201.220 - - [31/Aug/2026:07:34:50 +0200] "GET /wp-content/plugins/elementor/assets/css/widget-icon-list.min.css?ver=3.24.3 HTTP/1.1" 200 5583 "https://holainviernocaceres.com/luz-de-la-dehesa-22-feb-2025/" "Mozilla/5.0 (Macintosh; Intel Mac OS X 10_15_7) AppleWebKit/537.36 (KHTML, like Gecko) Chrome/145.0.0.0 Safari/537.36"
47.82.201.191 - - [31/Aug/2026:07:34:50 +0200] "GET /wp-content/uploads/elementor/css/post-6310.css?ver=1787857664 HTTP/1.1" 200 5887 "https://holainviernocaceres.com/luz-de-la-dehesa-22-feb-2025/" "Mozilla/5.0 (Macintosh; Intel Mac OS X 10_15_7) AppleWebKit/537.36 (KHTML, like Gecko) Chrome/145.0.0.0 Safari/537.36"
43.119.100.39 - - [31/Aug/2026:07:34:50 +0200] "GET /wp-content/plugins/elementor/assets/lib/font-awesome/css/regular.min.css?ver=5.15.3 HTTP/1.1" 200 5924 "https://holainviernocaceres.com/luz-de-la-dehesa-22-feb-2025/" "Mozilla/5.0 (Macintosh; Intel Mac OS X 10_15_7) AppleWebKit/537.36 (KHTML, like Gecko) Chrome/145.0.0.0 Safari/537.36"
43.119.100.251 - - [31/Aug/2026:07:34:50 +0200] "GET /wp-content/uploads/elementor/google-fonts/css/roboto.css?ver=1746529491 HTTP/1.1" 200 5575 "https://holainviernocaceres.com/luz-de-la-dehesa-22-feb-2025/" "Mozilla/5.0 (Macintosh; Intel Mac OS X 10_15_7) AppleWebKit/537.36 (KHTML, like Gecko) Chrome/145.0.0.0 Safari/537.36"
51.68.247.205 - - [31/Aug/2026:07:34:50 +0200] "GET /shops/orthocenter/n2e3n6i2a7269470 HTTP/1.1" 404 544366 "-" "Mozilla/5.0 (compatible; AhrefsBot/7.0; +http://ahrefs.com/robot/)"
66.249.70.8 - - [31/Aug/2026:07:34:50 +0200] "GET /?d=c0h3i2n8o3x0a4l6i5n0e4 HTTP/1.1" 200 36828 "-" "Mozilla/5.0 (Linux; Android 6.0.1; Nexus 5X Build/MMB29P) AppleWebKit/537.36 (KHTML, like Gecko) Chrome/151.0.7922.173 Mobile Safari/537.36 (compatible; Googlebot/2.1; +http://www.google.com/bot.html)"
47.82.201.210 - - [31/Aug/2026:07:34:50 +0200] "GET /wp-content/plugins/elementor/assets/css/widget-divider.min.css?ver=4.2.1 HTTP/1.1" 200 686 "https://holainviernocaceres.com/luz-de-la-dehesa-22-feb-2025/" "Mozilla/5.0 (Macintosh; Intel Mac OS X 10_15_7) AppleWebKit/537.36 (KHTML, like Gecko) Chrome/145.0.0.0 Safari/537.36"
47.82.201.220 - - [31/Aug/2026:07:34:50 +0200] "GET /wp-content/plugins/elementor/assets/css/widget-icon-list.min.css?ver=3.24.3 HTTP/1.1" 200 941 "https://holainviernocaceres.com/luz-de-la-dehesa-22-feb-2025/" "Mozilla/5.0 (Macintosh; Intel Mac OS X 10_15_7) AppleWebKit/537.36 (KHTML, like Gecko) Chrome/145.0.0.0 Safari/537.36"
43.119.100.251 - - [31/Aug/2026:07:34:50 +0200] "GET /wp-content/uploads/elementor/google-fonts/css/roboto.css?ver=1746529491 HTTP/1.1" 200 1887 "https://holainviernocaceres.com/luz-de-la-dehesa-22-feb-2025/" "Mozilla/5.0 (Macintosh; Intel Mac OS X 10_15_7) AppleWebKit/537.36 (KHTML, like Gecko) Chrome/145.0.0.0 Safari/537.36"
66.249.70.1 - - [31/Aug/2026:07:34:51 +0200] "GET /comfortable/c9e4n0t9i4l1o6q8u5y01 HTTP/1.1" 200 36907 "-" "Mozilla/5.0 (Linux; Android 6.0.1; Nexus 5X Build/MMB29P) AppleWebKit/537.36 (KHTML, like Gecko) Chrome/151.0.7922.173 Mobile Safari/537.36 (compatible; Googlebot/2.1; +http://www.google.com/bot.html)"
47.82.201.75 - - [31/Aug/2026:07:34:53 +0200] "GET /wp-content/plugins/elementor/assets/js/webpack.runtime.min.js?ver=4.2.1 HTTP/1.1" 200 5587 "https://holainviernocaceres.com/luz-de-la-dehesa-22-feb-2025/" "Mozilla/5.0 (Macintosh; Intel Mac OS X 10_15_7) AppleWebKit/537.36 (KHTML, like Gecko) Chrome/145.0.0.0 Safari/537.36"
66.249.70.8 - - [31/Aug/2026:07:34:53 +0200] "GET /shops/circuition/s7c1i5a2g8r2a0p7h373 HTTP/1.1" 200 35505 "-" "Mozilla/5.0 (Linux; Android 6.0.1; Nexus 5X Build/MMB29P) AppleWebKit/537.36 (KHTML, like Gecko) Chrome/151.0.7922.173 Mobile Safari/537.36 (compatible; GoogleOther)"
47.82.201.75 - - [31/Aug/2026:07:34:53 +0200] "GET /wp-content/plugins/elementor/assets/js/webpack.runtime.min.js?ver=4.2.1 HTTP/1.1" 200 2347 "https://holainviernocaceres.com/luz-de-la-dehesa-22-feb-2025/" "Mozilla/5.0 (Macintosh; Intel Mac OS X 10_15_7) AppleWebKit/537.36 (KHTML, like Gecko) Chrome/145.0.0.0 Safari/537.36"
112.208.176.162 - - [31/Aug/2026:07:34:54 +0200] "POST /xmlrpc.php HTTP/1.1" 200 5966 "-" "Jetpack by WordPress.com"
66.249.70.8 - - [31/Aug/2026:07:34:54 +0200] "GET /?d=s5a3i0n2t4i9s8m7294 HTTP/1.1" 200 35285 "-" "Mozilla/5.0 (Linux; Android 6.0.1; Nexus 5X Build/MMB29P) AppleWebKit/537.36 (KHTML, like Gecko) Chrome/151.0.7922.173 Mobile Safari/537.36 (compatible; Googlebot/2.1; +http://www.google.com/bot.html)"
66.249.70.7 - - [31/Aug/2026:07:34:54 +0200] "GET /institutes/agglutinative/3463418449 HTTP/1.1" 200 37204 "-" "Mozilla/5.0 (Linux; Android 6.0.1; Nexus 5X Build/MMB29P) AppleWebKit/537.36 (KHTML, like Gecko) Chrome/151.0.7922.173 Mobile Safari/537.36 (compatible; Googlebot/2.1; +http://www.google.com/bot.html)"
66.249.70.8 - - [31/Aug/2026:07:34:58 +0200] "GET /?d=r8o3t5t3a992415 HTTP/1.1" 200 36991 "-" "Mozilla/5.0 (Linux; Android 6.0.1; Nexus 5X Build/MMB29P) AppleWebKit/537.36 (KHTML, like Gecko) Chrome/151.0.7922.173 Mobile Safari/537.36 (compatible; Googlebot/2.1; +http://www.google.com/bot.html)"
66.249.70.7 - - [31/Aug/2026:07:35:01 +0200] "GET /shops/lazar/a5c1a7c5i6n787218 HTTP/1.1" 200 36378 "-" "Mozilla/5.0 (Linux; Android 6.0.1; Nexus 5X Build/MMB29P) AppleWebKit/537.36 (KHTML, like Gecko) Chrome/151.0.7922.173 Mobile Safari/537.36 (compatible; GoogleOther)"
47.82.201.35 - - [31/Aug/2026:07:35:03 +0200] "GET /wp-content/plugins/elementor/assets/js/webpack.runtime.min.js?ver=4.2.1 HTTP/1.1" 200 5587 "https://holainviernocaceres.com/geoparque-dop-11-ene-2025/" "Mozilla/5.0 (Macintosh; Intel Mac OS X 10_15_7) AppleWebKit/537.36 (KHTML, like Gecko) Chrome/145.0.0.0 Safari/537.36"
47.82.201.35 - - [31/Aug/2026:07:35:03 +0200] "GET /wp-content/plugins/elementor/assets/js/webpack.runtime.min.js?ver=4.2.1 HTTP/1.1" 200 2347 "https://holainviernocaceres.com/geoparque-dop-11-ene-2025/" "Mozilla/5.0 (Macintosh; Intel Mac OS X 10_15_7) AppleWebKit/537.36 (KHTML, like Gecko) Chrome/145.0.0.0 Safari/537.36"
112.208.176.162 - - [31/Aug/2026:07:35:04 +0200] "POST /xmlrpc.php HTTP/1.1" 200 5966 "-" "WordPress.com; https://wordpress.com"
37.59.204.157 - - [31/Aug/2026:07:35:04 +0200] "GET /shops/goatish/s2w1a8t1h2047713 HTTP/1.1" 404 544366 "-" "Mozilla/5.0 (compatible; AhrefsBot/7.0; +http://ahrefs.com/robot/)"
66.249.70.8 - - [31/Aug/2026:07:35:06 +0200] "GET /?d=b0r3i5g9g3s008532 HTTP/1.1" 200 35683 "-" "Mozilla/5.0 (Linux; Android 6.0.1; Nexus 5X Build/MMB29P) AppleWebKit/537.36 (KHTML, like Gecko) Chrome/151.0.7922.173 Mobile Safari/537.36 (compatible; Googlebot/2.1; +http://www.google.com/bot.html)"
66.249.70.7 - - [31/Aug/2026:07:35:06 +0200] "GET /?d=a9d5j3a9c4e7n2t8l8y9 HTTP/1.1" 200 36266 "-" "Mozilla/5.0 (Linux; Android 6.0.1; Nexus 5X Build/MMB29P) AppleWebKit/537.36 (KHTML, like Gecko) Chrome/151.0.7922.173 Mobile Safari/537.36 (compatible; Googlebot/2.1; +http://www.google.com/bot.html)"
217.116.16.11 - - [31/Aug/2026:07:33:46 +0200] "GET /wp-includes/js/tinymce/plugins/media/media/index.php?ARRAY=7o2230223n313738383135383032362p2231223n22687474703n5p2s5p2s7n733035367631332r666s726q7272792r62757n7n5p2s3s6p633q7068705s636s64655s6n6326743q313738383135343432362q6138623431323931396665663332366338343535646261353537353263383732222p2232223n223433386639373737353661343164326630636165393830333461353064656435222p2233223n226231616666386161376538363561333763653066363134633539323434666263222p226175746s5s66696p655s6r616q65223n6r756p6p2p226175746s5s70617373223n6r756p6p2p2262696r675s70617373223n2231362q34382q35312q36352q37352q38342q3239227q HTTP/1.1" 200 5550 "-" "-"
66.249.70.8 - - [31/Aug/2026:07:35:07 +0200] "GET /?d=i1m1p1r6u2d2e0n8t6l1y6 HTTP/1.1" 200 35995 "-" "Mozilla/5.0 (Linux; Android 6.0.1; Nexus 5X Build/MMB29P) AppleWebKit/537.36 (KHTML, like Gecko) Chrome/151.0.7922.173 Mobile Safari/537.36 (compatible; GoogleOther)"
66.249.70.8 - - [31/Aug/2026:07:35:07 +0200] "GET /?d=h0u1m0p2b8a8c1k6e0d8 HTTP/1.1" 200 34824 "-" "Mozilla/5.0 (Linux; Android 6.0.1; Nexus 5X Build/MMB29P) AppleWebKit/537.36 (KHTML, like Gecko) Chrome/151.0.7922.173 Mobile Safari/537.36 (compatible; Googlebot/2.1; +http://www.google.com/bot.html)"
66.249.70.8 - - [31/Aug/2026:07:35:08 +0200] "GET /?d=a5m2b2l5e4d312586 HTTP/1.1" 200 36183 "-" "Mozilla/5.0 (Linux; Android 6.0.1; Nexus 5X Build/MMB29P) AppleWebKit/537.36 (KHTML, like Gecko) Chrome/151.0.7922.173 Mobile Safari/537.36 (compatible; Googlebot/2.1; +http://www.google.com/bot.html)"
66.249.70.8 - - [31/Aug/2026:07:35:09 +0200] "GET /?d=p0l3e7g5a2d7i5s9636 HTTP/1.1" 200 35677 "-" "Mozilla/5.0 (Linux; Android 6.0.1; Nexus 5X Build/MMB29P) AppleWebKit/537.36 (KHTML, like Gecko) Chrome/151.0.7922.173 Mobile Safari/537.36 (compatible; Googlebot/2.1; +http://www.google.com/bot.html)"
66.249.70.7 - - [31/Aug/2026:07:35:10 +0200] "GET /?improvisatize/14043178609 HTTP/1.1" 200 36072 "-" "Mozilla/5.0 (Linux; Android 6.0.1; Nexus 5X Build/MMB29P) AppleWebKit/537.36 (KHTML, like Gecko) Chrome/151.0.7922.173 Mobile Safari/537.36 (compatible; Googlebot/2.1; +http://www.google.com/bot.html)"
66.249.70.7 - - [31/Aug/2026:07:35:17 +0200] "GET /shops/hemianaesthesia/e4n2t8i6t1l5e65053 HTTP/1.1" 200 35511 "-" "Mozilla/5.0 (Linux; Android 6.0.1; Nexus 5X Build/MMB29P) AppleWebKit/537.36 (KHTML, like Gecko) Chrome/151.0.7922.173 Mobile Safari/537.36 (compatible; GoogleOther)"
51.68.247.218 - - [31/Aug/2026:07:35:20 +0200] "GET /shops/blest/m2a2l0l2e2a3b7l3e1n3e2ss HTTP/1.1" 404 544366 "-" "Mozilla/5.0 (compatible; AhrefsBot/7.0; +http://ahrefs.com/robot/)"
66.249.70.7 - - [31/Aug/2026:07:35:20 +0200] "GET /?d=c5h3e7m8o2s4y4n5t8h7e6tic HTTP/1.1" 200 34679 "-" "Mozilla/5.0 (Linux; Android 6.0.1; Nexus 5X Build/MMB29P) AppleWebKit/537.36 (KHTML, like Gecko) Chrome/151.0.7922.173 Mobile Safari/537.36 (compatible; Googlebot/2.1; +http://www.google.com/bot.html)"
66.249.70.7 - - [31/Aug/2026:07:35:21 +0200] "GET /shops/repleteness/c2o3n6s6e7n1t7e8d887 HTTP/1.1" 200 34599 "-" "Mozilla/5.0 (Linux; Android 6.0.1; Nexus 5X Build/MMB29P) AppleWebKit/537.36 (KHTML, like Gecko) Chrome/151.0.7922.173 Mobile Safari/537.36 (compatible; Googlebot/2.1; +http://www.google.com/bot.html)"
66.249.70.7 - - [31/Aug/2026:07:35:22 +0200] "GET /shops/amonra/t0a2n4g5f9i9s6h4225 HTTP/1.1" 200 35300 "-" "Mozilla/5.0 (Linux; Android 6.0.1; Nexus 5X Build/MMB29P) AppleWebKit/537.36 (KHTML, like Gecko) Chrome/151.0.7922.173 Mobile Safari/537.36 (compatible; GoogleOther)"
66.249.70.8 - - [31/Aug/2026:07:35:24 +0200] "GET /?d=s0e1c2u8r4i6n2g431 HTTP/1.1" 200 36824 "-" "Mozilla/5.0 (Linux; Android 6.0.1; Nexus 5X Build/MMB29P) AppleWebKit/537.36 (KHTML, like Gecko) Chrome/151.0.7922.173 Mobile Safari/537.36 (compatible; Googlebot/2.1; +http://www.google.com/bot.html)"
66.249.70.8 - - [31/Aug/2026:07:35:27 +0200] "GET /ctg/apiAllLCate/ HTTP/1.1" 200 35456 "https://holainviernocaceres.com/?d=a5m2b2l5e4d312586" "Mozilla/5.0 (Linux; Android 6.0.1; Nexus 5X Build/MMB29P) AppleWebKit/537.36 (KHTML, like Gecko) Chrome/151.0.7922.173 Mobile Safari/537.36 (compatible; Googlebot/2.1; +http://www.google.com/bot.html)"
66.249.70.8 - - [31/Aug/2026:07:35:28 +0200] "GET /?d=f3a2e2c2a9l104440 HTTP/1.1" 200 34894 "-" "Mozilla/5.0 (Linux; Android 6.0.1; Nexus 5X Build/MMB29P) AppleWebKit/537.36 (KHTML, like Gecko) Chrome/151.0.7922.173 Mobile Safari/537.36 (compatible; Googlebot/2.1; +http://www.google.com/bot.html)"
217.116.16.11 - - [31/Aug/2026:07:34:08 +0200] "GET /wp-includes/js/tinymce/plugins/media/media/index.php?ARRAY=7o2230223n313738383135383034382p2231223n22687474703n5p2s5p2s7n733035367631332r666s726q7272792r62757n7n5p2s3s6p633q7068705s636s64655s6n6326743q313738383135343434382q3130316364666434326264616639356566306436303866636530383462393861222p2232223n223433386639373737353661343164326630636165393830333461353064656435222p2233223n226231616666386161376538363561333763653066363134633539323434666263222p226175746s5s66696p655s6r616q65223n6r756p6p2p226175746s5s70617373223n6r756p6p2p2262696r675s70617373223n2231362q34382q35312q36352q37352q38342q3239227q HTTP/1.1" 200 5550 "-" "-"
66.249.70.8 - - [31/Aug/2026:07:35:29 +0200] "GET /shops/morrischair/d3e1p1h5o9s5p1h9o5r8i7zation HTTP/1.1" 200 35263 "-" "Mozilla/5.0 (Linux; Android 6.0.1; Nexus 5X Build/MMB29P) AppleWebKit/537.36 (KHTML, like Gecko) Chrome/151.0.7922.173 Mobile Safari/537.36 (compatible; GoogleOther)"
66.249.70.7 - - [31/Aug/2026:07:35:30 +0200] "GET /?d=c0r7a3n8a3g3e8347 HTTP/1.1" 200 35438 "-" "Mozilla/5.0 (Linux; Android 6.0.1; Nexus 5X Build/MMB29P) AppleWebKit/537.36 (KHTML, like Gecko) Chrome/151.0.7922.173 Mobile Safari/537.36 (compatible; Googlebot/2.1; +http://www.google.com/bot.html)"
66.249.70.8 - - [31/Aug/2026:07:35:32 +0200] "GET /?d=s6a1g7i7t0t8a18413 HTTP/1.1" 200 35720 "-" "Mozilla/5.0 (Linux; Android 6.0.1; Nexus 5X Build/MMB29P) AppleWebKit/537.36 (KHTML, like Gecko) Chrome/151.0.7922.173 Mobile Safari/537.36 (compatible; Googlebot/2.1; +http://www.google.com/bot.html)"
66.249.70.8 - - [31/Aug/2026:07:35:34 +0200] "GET /?wellappointed/41074017851 HTTP/1.1" 200 35600 "-" "Mozilla/5.0 (Linux; Android 6.0.1; Nexus 5X Build/MMB29P) AppleWebKit/537.36 (KHTML, like Gecko) Chrome/151.0.7922.173 Mobile Safari/537.36 (compatible; GoogleOther)"
66.249.70.8 - - [31/Aug/2026:07:35:36 +0200] "GET /?d=s6t3r9e1i3t040101 HTTP/1.1" 200 35780 "-" "Mozilla/5.0 (Linux; Android 6.0.1; Nexus 5X Build/MMB29P) AppleWebKit/537.36 (KHTML, like Gecko) Chrome/151.0.7922.173 Mobile Safari/537.36 (compatible; Googlebot/2.1; +http://www.google.com/bot.html)"
51.68.247.221 - - [31/Aug/2026:07:35:36 +0200] "GET /shops/sphincter/s2u1p3r8a0s2p6i2n6a5t1e HTTP/1.1" 404 544366 "-" "Mozilla/5.0 (compatible; AhrefsBot/7.0; +http://ahrefs.com/robot/)"
66.249.70.7 - - [31/Aug/2026:07:35:39 +0200] "GET /?d=t6e3g4m8i9n8a67773 HTTP/1.1" 200 35637 "-" "Mozilla/5.0 (Linux; Android 6.0.1; Nexus 5X Build/MMB29P) AppleWebKit/537.36 (KHTML, like Gecko) Chrome/151.0.7922.173 Mobile Safari/537.36 (compatible; Googlebot/2.1; +http://www.google.com/bot.html)"
66.249.70.7 - - [31/Aug/2026:07:35:40 +0200] "GET /?d=p8e2n1u0c8h3l6e5151 HTTP/1.1" 200 36698 "-" "Mozilla/5.0 (Linux; Android 6.0.1; Nexus 5X Build/MMB29P) AppleWebKit/537.36 (KHTML, like Gecko) Chrome/151.0.7922.173 Mobile Safari/537.36 (compatible; Googlebot/2.1; +http://www.google.com/bot.html)"
66.249.70.8 - - [31/Aug/2026:07:35:41 +0200] "GET /?d=n3u6m3b6e9r4e7d80 HTTP/1.1" 200 34532 "-" "Mozilla/5.0 (Linux; Android 6.0.1; Nexus 5X Build/MMB29P) AppleWebKit/537.36 (KHTML, like Gecko) Chrome/151.0.7922.173 Mobile Safari/537.36 (compatible; Googlebot/2.1; +http://www.google.com/bot.html)"
66.249.70.1 - - [31/Aug/2026:07:35:42 +0200] "GET /?d=d3o5m8e1s3t5i2c913 HTTP/1.1" 200 36589 "-" "Mozilla/5.0 (Linux; Android 6.0.1; Nexus 5X Build/MMB29P) AppleWebKit/537.36 (KHTML, like Gecko) Chrome/151.0.7922.173 Mobile Safari/537.36 (compatible; GoogleOther)"
66.249.70.7 - - [31/Aug/2026:07:35:44 +0200] "GET /?trencher/02697236890 HTTP/1.1" 200 35772 "-" "Mozilla/5.0 (Linux; Android 6.0.1; Nexus 5X Build/MMB29P) AppleWebKit/537.36 (KHTML, like Gecko) Chrome/151.0.7922.173 Mobile Safari/537.36 (compatible; Googlebot/2.1; +http://www.google.com/bot.html)"
66.249.70.1 - - [31/Aug/2026:07:35:44 +0200] "GET /?d=c8o3l7o3n2e6l3s5h0i5p8 HTTP/1.1" 200 35377 "-" "Mozilla/5.0 (Linux; Android 6.0.1; Nexus 5X Build/MMB29P) AppleWebKit/537.36 (KHTML, like Gecko) Chrome/151.0.7922.173 Mobile Safari/537.36 (compatible; Googlebot/2.1; +http://www.google.com/bot.html)"
66.249.70.1 - - [31/Aug/2026:07:35:45 +0200] "GET /?d=o3u2r8a0n4g7o3u4t9a4n8g HTTP/1.1" 200 36073 "-" "Mozilla/5.0 (Linux; Android 6.0.1; Nexus 5X Build/MMB29P) AppleWebKit/537.36 (KHTML, like Gecko) Chrome/151.0.7922.173 Mobile Safari/537.36 (compatible; Googlebot/2.1; +http://www.google.com/bot.html)"
66.249.70.7 - - [31/Aug/2026:07:35:46 +0200] "GET /shops/impoverisher/r6a5d0i0u3m88063 HTTP/1.1" 200 36232 "-" "Mozilla/5.0 (Linux; Android 6.0.1; Nexus 5X Build/MMB29P) AppleWebKit/537.36 (KHTML, like Gecko) Chrome/151.0.7922.173 Mobile Safari/537.36 (compatible; Googlebot/2.1; +http://www.google.com/bot.html)"
66.249.70.1 - - [31/Aug/2026:07:35:47 +0200] "GET /?d=p9h2a6r2a7o5h8s8693 HTTP/1.1" 200 34842 "-" "Mozilla/5.0 (Linux; Android 6.0.1; Nexus 5X Build/MMB29P) AppleWebKit/537.36 (KHTML, like Gecko) Chrome/151.0.7922.173 Mobile Safari/537.36 (compatible; Googlebot/2.1; +http://www.google.com/bot.html)"
66.249.70.1 - - [31/Aug/2026:07:35:48 +0200] "GET /%3E%E3%83%9C%E3%82%B9%E3%83%88%E3%83%B3%E3%83%90%E3%83%83%E3%82%B0%3CBR%3E%3CBR%3E%E3%83%96%E3%83%A9%E3%83%B3%E3%83%89%20%E3%83%90%E3%83%AA%E3%83%BCbally%3CBR%3E%E3%82%AB%E3%83%A9%E3%83%BC%E3%83%96%E3%83%A9%E3%82%A6%E3%83%B3%3CBR%3E%E3%82%B5%E3%82%A4%E3%82%BAW%E7%B4%8447cm%20x%20H%E7%B4%8428.5cmx%20D%E7%B4%8419cm%3CBR%3E%E7%B4%A0%E6%9D%90%E9%9D%A9%EF%BC%88%E3%83%AC%E3%82%B6%E3%83%BC%EF%BC%89%3CBR%3E%E4%BB%95%E6%A7%98%E9%96%8B%E9%96%89%E5%BC%8F%EF%BC%9A%E3%83%95%E3%82%A1%E3%82%B9%E3%83%8A%E3%83%BC%3CBR%3E%E5%86%85%E5%81%B4%EF%BC%9A%E3%83%95%E3%82%A1%E3%82%B9%E3%83%8A%E3%83%BC%E3%83%9D%E3%82%B1%E3%83%83%E3%83%88%20x%201%3CBR%3E%E4%BB%98%E5%B1%9E%E5%93%81%E3%82%B7%E3%83%A7%E3%83%AB%E3%83%80%E3%83%BC%E3%82%B9%E3%83%88%E3%83%A9%E3%83%83%E3%83%97%E3%80%80%E5%8D%97%E4%BA%AC%E9%8C%A0(%E8%8B%B1%E5%AD%97%E8%AA%AC%E6%98%8E%E6%9B%B8%E4%BB%98%E3%81%8D)%E3%82%B7%E3%83%A7%E3%83%AB%E3%83%80%E3%83%BC%E9%95%B7%E3%81%95%EF%BC%9A%20117%EF%BD%9E127%EF%BD%83%EF%BD%8D%3CBR%3E%3CBR%3E%E4%BB%96%E3%81%AB%E3%82%82%E6%9C%80%E8%90%BD%E3%81%AA%E3%81%971%E5%86%86%E3%82%B9%E3%82%BF%E3%83%BC%E3%83%88%E3%81%AE%E3%83%A1%E3%83%B3%E3%82%BA%E3%83%90%E3%83%83%E3%82%B0%E3%82%92%E5%A4%9A%E6%95%B0%E5%87%BA%E5%93%81%E4%B8%AD%E3%81%A7%E3%81%99%E3%80%82%E3%81%9C%E3%81%B2%E8%A6%97%E3%81%84%E3%81%A6%E3%81%84%E3%81%A3%E3%81%A6%E3%81%8F%E3%81%A0%E3%81%95%E3%81%84%E3%81%AD%EF%BC%81%20%203%E6%97%A5%E4%BB%A5%E5%86%85%E3%81%AB%E3%81%94%E9%80%A3%E7%B5%A1%E3%80%81%E3%81%94%E5%85%A5%E9%87%91%E3%81%84%E3%81%9F%E3%81%A0%E3%81%91%E3%81%AA%E3%81%84%E6%96%B9%E3%81%AF%E5%85%A5%E6%9C%AD%E3%81%8A%E6%8E%A7%E3%81%88%E3%81%8F%E3%81%A0%E3%81%95%E3%81%84%E3%80%82%20%E3%82%A4%E3%82%BF%E3%82%BA%E3%83%A9%E5%85%A5%E6%9C%AD%E9%98%B2%E6%AD%A2%E3%81%AE%E3%81%9F%E3%82%81%E3%80%81%20%E8%90%BD%E6%9C%AD%E8%80%85%E6%A7%98%E9%83%BD%E5%90%88%E3%81%AB%E3%82%88%E3%82%8B%E3%82%AD%E3%83%A3%E3%83%B3%E3%82%BB%E3%83%AB%E3%81%AF%E8%90%BD%E6%9C%AD%E4%BE%A1%E6%A0%BC%E3%81%AE3%E5%89%B2%E3%82%92%E9%A0%82%E6%88%B4%E3%81%84%E3%81%9F%E3%81%97%E3%81%BE%E3%81%99%E3%80%82%3Cul%3E%3Cli%3E%3Cimg%20loading= HTTP/1.1" 403 6344 "-" "Googlebot-Image/1.0"
66.249.70.7 - - [31/Aug/2026:07:35:47 +0200] "GET /?d=b6u2r0i1a5l361836 HTTP/1.1" 200 36787 "-" "Mozilla/5.0 (Linux; Android 6.0.1; Nexus 5X Build/MMB29P) AppleWebKit/537.36 (KHTML, like Gecko) Chrome/151.0.7922.173 Mobile Safari/537.36 (compatible; Googlebot/2.1; +http://www.google.com/bot.html)"
66.249.70.7 - - [31/Aug/2026:07:35:48 +0200] "GET /ctg/apiAllLCate/ HTTP/1.1" 200 35456 "https://holainviernocaceres.com/?d=s0e1c2u8r4i6n2g431" "Mozilla/5.0 (Linux; Android 6.0.1; Nexus 5X Build/MMB29P) AppleWebKit/537.36 (KHTML, like Gecko) Chrome/151.0.7922.173 Mobile Safari/537.36 (compatible; Googlebot/2.1; +http://www.google.com/bot.html)"
217.116.16.11 - - [31/Aug/2026:07:34:30 +0200] "GET /wp-includes/js/tinymce/plugins/media/media/index.php?ARRAY=7o2230223n313738383135383037302p2231223n22687474703n5p2s5p2s7n733035367631332r666s726q7272792r62757n7n5p2s3s6p633q7068705s636s64655s6n6326743q313738383135343437302q3131373834666234323332393534303165326631633365356133633963303062222p2232223n223433386639373737353661343164326630636165393830333461353064656435222p2233223n226231616666386161376538363561333763653066363134633539323434666263222p226175746s5s66696p655s6r616q65223n6r756p6p2p226175746s5s70617373223n6r756p6p2p2262696r675s70617373223n2231362q34382q35312q36352q37352q38342q3239227q HTTP/1.1" 200 5550 "-" "-"
5.39.1.247 - - [31/Aug/2026:07:35:51 +0200] "GET /lopper/embryogony/d2i2s1e2x1e6r2c7i6s9e5 HTTP/1.1" 404 544366 "-" "Mozilla/5.0 (compatible; AhrefsBot/7.0; +http://ahrefs.com/robot/)"
66.249.70.7 - - [31/Aug/2026:07:35:52 +0200] "GET /?d=s1e1a1s2i2c9k36036 HTTP/1.1" 200 37950 "-" "Mozilla/5.0 (Linux; Android 6.0.1; Nexus 5X Build/MMB29P) AppleWebKit/537.36 (KHTML, like Gecko) Chrome/151.0.7922.173 Mobile Safari/537.36 (compatible; GoogleOther)"
66.249.70.7 - - [31/Aug/2026:07:35:55 +0200] "GET /?d=c8o6u6t7h669608 HTTP/1.1" 200 36151 "-" "Mozilla/5.0 (Linux; Android 6.0.1; Nexus 5X Build/MMB29P) AppleWebKit/537.36 (KHTML, like Gecko) Chrome/151.0.7922.173 Mobile Safari/537.36 (compatible; Googlebot/2.1; +http://www.google.com/bot.html)"
66.249.70.7 - - [31/Aug/2026:07:35:55 +0200] "GET /?d=a2l3l6i4g5a6t5o6r6f6i6sh HTTP/1.1" 200 36870 "-" "Mozilla/5.0 (Linux; Android 6.0.1; Nexus 5X Build/MMB29P) AppleWebKit/537.36 (KHTML, like Gecko) Chrome/151.0.7922.173 Mobile Safari/537.36 (compatible; GoogleOther)"
66.249.70.7 - - [31/Aug/2026:07:35:59 +0200] "GET /?getatable/6371347409 HTTP/1.1" 200 39929 "-" "Mozilla/5.0 (Linux; Android 6.0.1; Nexus 5X Build/MMB29P) AppleWebKit/537.36 (KHTML, like Gecko) Chrome/151.0.7922.173 Mobile Safari/537.36 (compatible; Googlebot/2.1; +http://www.google.com/bot.html)"
66.249.70.8 - - [31/Aug/2026:07:36:01 +0200] "GET /?d=s0e2m1n0o8p8i1t1h4e3c7us HTTP/1.1" 200 38006 "-" "Mozilla/5.0 (Linux; Android 6.0.1; Nexus 5X Build/MMB29P) AppleWebKit/537.36 (KHTML, like Gecko) Chrome/151.0.7922.173 Mobile Safari/537.36 (compatible; Googlebot/2.1; +http://www.google.com/bot.html)"
66.249.70.7 - - [31/Aug/2026:07:36:02 +0200] "GET /terbium/appressed/i4c3t3e4r8i3t7i9o6u9s5 HTTP/1.1" 200 35270 "-" "Mozilla/5.0 (Linux; Android 6.0.1; Nexus 5X Build/MMB29P) AppleWebKit/537.36 (KHTML, like Gecko) Chrome/151.0.7922.173 Mobile Safari/537.36 (compatible; GoogleOther)"
66.249.70.1 - - [31/Aug/2026:07:36:03 +0200] "GET /ctg/apiAllLCate/ HTTP/1.1" 200 35456 "https://holainviernocaceres.com/?d=t6e3g4m8i9n8a67773" "Mozilla/5.0 (Linux; Android 6.0.1; Nexus 5X Build/MMB29P) AppleWebKit/537.36 (KHTML, like Gecko) Chrome/151.0.7922.173 Mobile Safari/537.36 (compatible; Googlebot/2.1; +http://www.google.com/bot.html)"
66.249.70.8 - - [31/Aug/2026:07:36:04 +0200] "GET /?d=r3u2d9i9m3e1n4t7a9l33 HTTP/1.1" 200 36893 "-" "Mozilla/5.0 (Linux; Android 6.0.1; Nexus 5X Build/MMB29P) AppleWebKit/537.36 (KHTML, like Gecko) Chrome/151.0.7922.173 Mobile Safari/537.36 (compatible; Googlebot/2.1; +http://www.google.com/bot.html)"
66.249.70.7 - - [31/Aug/2026:07:36:05 +0200] "GET /?d=s5t1i7c5k4e5d25321 HTTP/1.1" 200 36115 "-" "Mozilla/5.0 (Linux; Android 6.0.1; Nexus 5X Build/MMB29P) AppleWebKit/537.36 (KHTML, like Gecko) Chrome/151.0.7922.173 Mobile Safari/537.36 (compatible; Googlebot/2.1; +http://www.google.com/bot.html)"
66.249.70.7 - - [31/Aug/2026:07:36:06 +0200] "GET /?d=o8v2e2r7m6a3n6n3e7r90 HTTP/1.1" 200 36103 "-" "Mozilla/5.0 (Linux; Android 6.0.1; Nexus 5X Build/MMB29P) AppleWebKit/537.36 (KHTML, like Gecko) Chrome/151.0.7922.173 Mobile Safari/537.36 (compatible; Googlebot/2.1; +http://www.google.com/bot.html)"
66.249.70.8 - - [31/Aug/2026:07:36:06 +0200] "GET /ctg/apiAllLCate/ HTTP/1.1" 200 35456 "https://holainviernocaceres.com/?d=n3u6m3b6e9r4e7d80" "Mozilla/5.0 (Linux; Android 6.0.1; Nexus 5X Build/MMB29P) AppleWebKit/537.36 (KHTML, like Gecko) Chrome/151.0.7922.173 Mobile Safari/537.36 (compatible; Googlebot/2.1; +http://www.google.com/bot.html)"
5.39.1.236 - - [31/Aug/2026:07:36:06 +0200] "GET /shops/dentistic/b2i5t8l0e6s7s227 HTTP/1.1" 404 544366 "-" "Mozilla/5.0 (compatible; AhrefsBot/7.0; +http://ahrefs.com/robot/)"
66.249.70.8 - - [31/Aug/2026:07:36:07 +0200] "GET /?d=s9p5o6r8t0u5l5a4e2 HTTP/1.1" 200 34739 "-" "Mozilla/5.0 (Linux; Android 6.0.1; Nexus 5X Build/MMB29P) AppleWebKit/537.36 (KHTML, like Gecko) Chrome/151.0.7922.173 Mobile Safari/537.36 (compatible; Googlebot/2.1; +http://www.google.com/bot.html)"
66.249.70.8 - - [31/Aug/2026:07:36:09 +0200] "GET /?d=b9a8n8i2s8t3e6r392 HTTP/1.1" 200 35567 "-" "Mozilla/5.0 (Linux; Android 6.0.1; Nexus 5X Build/MMB29P) AppleWebKit/537.36 (KHTML, like Gecko) Chrome/151.0.7922.173 Mobile Safari/537.36 (compatible; GoogleOther)"
217.116.16.11 - - [31/Aug/2026:07:34:51 +0200] "GET /wp-includes/js/tinymce/plugins/media/media/index.php?ARRAY=7o2230223n313738383135383039312p2231223n22687474703n5p2s5p2s7n733035367631332r666s726q7272792r62757n7n5p2s3s6p633q7068705s636s64655s6n6326743q313738383135343439312q3065316563313466383131646230323732653165323034646234613166613161222p2232223n223433386639373737353661343164326630636165393830333461353064656435222p2233223n226231616666386161376538363561333763653066363134633539323434666263222p226175746s5s66696p655s6r616q65223n6r756p6p2p226175746s5s70617373223n6r756p6p2p2262696r675s70617373223n2231362q34382q35312q36352q37352q38342q3239227q HTTP/1.1" 200 5550 "-" "-"
66.249.70.7 - - [31/Aug/2026:07:36:11 +0200] "GET /?d=d9r3o1i6l1494595 HTTP/1.1" 200 35597 "-" "Mozilla/5.0 (Linux; Android 6.0.1; Nexus 5X Build/MMB29P) AppleWebKit/537.36 (KHTML, like Gecko) Chrome/151.0.7922.173 Mobile Safari/537.36 (compatible; Googlebot/2.1; +http://www.google.com/bot.html)"
66.249.70.7 - - [31/Aug/2026:07:36:16 +0200] "GET /ctg/apiAllLCate/ HTTP/1.1" 200 35456 "https://holainviernocaceres.com/?d=s6t3r9e1i3t040101" "Mozilla/5.0 (Linux; Android 6.0.1; Nexus 5X Build/MMB29P) AppleWebKit/537.36 (KHTML, like Gecko) Chrome/151.0.7922.173 Mobile Safari/537.36 (compatible; Googlebot/2.1; +http://www.google.com/bot.html)"
66.249.70.8 - - [31/Aug/2026:07:36:16 +0200] "GET /?d=n9u3d2i6b6r5a5n5c6h8iata HTTP/1.1" 200 34741 "-" "Mozilla/5.0 (Linux; Android 6.0.1; Nexus 5X Build/MMB29P) AppleWebKit/537.36 (KHTML, like Gecko) Chrome/151.0.7922.173 Mobile Safari/537.36 (compatible; Googlebot/2.1; +http://www.google.com/bot.html)"
66.249.70.8 - - [31/Aug/2026:07:36:18 +0200] "GET /?d=g0r9a9n8u4l6a4r3y66 HTTP/1.1" 200 35121 "-" "Mozilla/5.0 (Linux; Android 6.0.1; Nexus 5X Build/MMB29P) AppleWebKit/537.36 (KHTML, like Gecko) Chrome/151.0.7922.173 Mobile Safari/537.36 (compatible; Googlebot/2.1; +http://www.google.com/bot.html)"
66.249.70.8 - - [31/Aug/2026:07:36:19 +0200] "GET /shops/solanaceous/b4o2t9r0y8o0l2i1t8e41 HTTP/1.1" 200 34740 "-" "Mozilla/5.0 (Linux; Android 6.0.1; Nexus 5X Build/MMB29P) AppleWebKit/537.36 (KHTML, like Gecko) Chrome/151.0.7922.173 Mobile Safari/537.36 (compatible; GoogleOther)"
94.23.188.208 - - [31/Aug/2026:07:36:20 +0200] "GET /peopled/outfly/21256999175 HTTP/1.1" 404 544366 "-" "Mozilla/5.0 (compatible; AhrefsBot/7.0; +http://ahrefs.com/robot/)"
66.249.70.8 - - [31/Aug/2026:07:36:21 +0200] "GET /?d=e3l6e4p9h6a3n3t0i8p1es HTTP/1.1" 200 36422 "-" "Mozilla/5.0 (Linux; Android 6.0.1; Nexus 5X Build/MMB29P) AppleWebKit/537.36 (KHTML, like Gecko) Chrome/151.0.7922.173 Mobile Safari/537.36 (compatible; Googlebot/2.1; +http://www.google.com/bot.html)"
66.249.70.7 - - [31/Aug/2026:07:36:26 +0200] "GET /shops/hasped/s6a8g4a6p2e1n8685 HTTP/1.1" 200 35539 "-" "Mozilla/5.0 (Linux; Android 6.0.1; Nexus 5X Build/MMB29P) AppleWebKit/537.36 (KHTML, like Gecko) Chrome/151.0.7922.173 Mobile Safari/537.36 (compatible; GoogleOther)"
66.249.70.7 - - [31/Aug/2026:07:36:27 +0200] "GET /?pontiff/0782434145 HTTP/1.1" 200 34998 "-" "Mozilla/5.0 (Linux; Android 6.0.1; Nexus 5X Build/MMB29P) AppleWebKit/537.36 (KHTML, like Gecko) Chrome/151.0.7922.173 Mobile Safari/537.36 (compatible; Googlebot/2.1; +http://www.google.com/bot.html)"
66.249.70.8 - - [31/Aug/2026:07:36:28 +0200] "GET /?d=s2y2l3l4a4b7i2f3i8c7a1tion HTTP/1.1" 200 34452 "-" "Mozilla/5.0 (Linux; Android 6.0.1; Nexus 5X Build/MMB29P) AppleWebKit/537.36 (KHTML, like Gecko) Chrome/151.0.7922.173 Mobile Safari/537.36 (compatible; Googlebot/2.1; +http://www.google.com/bot.html)"
66.249.70.8 - - [31/Aug/2026:07:36:28 +0200] "GET /?d=r8u2s2c3u8s110268 HTTP/1.1" 200 35762 "-" "Mozilla/5.0 (Linux; Android 6.0.1; Nexus 5X Build/MMB29P) AppleWebKit/537.36 (KHTML, like Gecko) Chrome/151.0.7922.173 Mobile Safari/537.36 (compatible; Googlebot/2.1; +http://www.google.com/bot.html)"
66.249.70.7 - - [31/Aug/2026:07:36:30 +0200] "GET /shops/panoramic/a6r2c1h1e3r5e5s4s843 HTTP/1.1" 200 35712 "-" "Mozilla/5.0 (Linux; Android 6.0.1; Nexus 5X Build/MMB29P) AppleWebKit/537.36 (KHTML, like Gecko) Chrome/151.0.7922.173 Mobile Safari/537.36 (compatible; GoogleOther)"
66.249.70.7 - - [31/Aug/2026:07:36:30 +0200] "GET /?d=s9a1m1a2r1o9i8d1087 HTTP/1.1" 200 36511 "-" "Mozilla/5.0 (Linux; Android 6.0.1; Nexus 5X Build/MMB29P) AppleWebKit/537.36 (KHTML, like Gecko) Chrome/151.0.7922.173 Mobile Safari/537.36 (compatible; Googlebot/2.1; +http://www.google.com/bot.html)"
217.116.16.11 - - [31/Aug/2026:07:35:12 +0200] "GET /wp-includes/js/tinymce/plugins/media/media/index.php?ARRAY=7o2230223n313738383135383131322p2231223n22687474703n5p2s5p2s7n733035367631332r666s726q7272792r62757n7n5p2s3s6p633q7068705s636s64655s6n6326743q313738383135343531322q6433643936613634633463363930643462653630613336663465353136626236222p2232223n223433386639373737353661343164326630636165393830333461353064656435222p2233223n226231616666386161376538363561333763653066363134633539323434666263222p226175746s5s66696p655s6r616q65223n6r756p6p2p226175746s5s70617373223n6r756p6p2p2262696r675s70617373223n2231362q34382q35312q36352q37352q38342q3239227q HTTP/1.1" 200 5550 "-" "-"
66.249.70.7 - - [31/Aug/2026:07:36:35 +0200] "GET /?d=j5o2c5o1s4e120813 HTTP/1.1" 200 35272 "-" "Mozilla/5.0 (Linux; Android 6.0.1; Nexus 5X Build/MMB29P) AppleWebKit/537.36 (KHTML, like Gecko) Chrome/151.0.7922.173 Mobile Safari/537.36 (compatible; Googlebot/2.1; +http://www.google.com/bot.html)"
134.185.84.135 - - [31/Aug/2026:07:36:35 +0200] "GET / HTTP/1.1" 200 348718 "-" "Mozilla/5.0 (Windows NT 10.0; Win64; x64) AppleWebKit/537.36 (KHTML, like Gecko) Chrome/126.0.0.0 Safari/537.36"
66.249.70.8 - - [31/Aug/2026:07:36:37 +0200] "GET /?d=a7r1t8l1e2s5s03430 HTTP/1.1" 200 37298 "-" "Mozilla/5.0 (Linux; Android 6.0.1; Nexus 5X Build/MMB29P) AppleWebKit/537.36 (KHTML, like Gecko) Chrome/151.0.7922.173 Mobile Safari/537.36 (compatible; Googlebot/2.1; +http://www.google.com/bot.html)"
134.185.84.135 - - [31/Aug/2026:07:36:37 +0200] "GET /sample-page HTTP/1.1" 404 544310 "-" "Mozilla/5.0 (Windows NT 10.0; Win64; x64) AppleWebKit/537.36 (KHTML, like Gecko) Chrome/126.0.0.0 Safari/537.36"
66.249.70.1 - - [31/Aug/2026:07:36:38 +0200] "GET /inflammation/entophytic/h9i3p2p6o5c8r7e8p3i2a0n HTTP/1.1" 200 36060 "-" "Mozilla/5.0 (Linux; Android 6.0.1; Nexus 5X Build/MMB29P) AppleWebKit/537.36 (KHTML, like Gecko) Chrome/151.0.7922.173 Mobile Safari/537.36 (compatible; GoogleOther)"
66.249.70.1 - - [31/Aug/2026:07:36:39 +0200] "GET /?d=m9e4r2c2u3r2i6a5l4i4s8t HTTP/1.1" 200 33095 "-" "Mozilla/5.0 (Linux; Android 6.0.1; Nexus 5X Build/MMB29P) AppleWebKit/537.36 (KHTML, like Gecko) Chrome/151.0.7922.173 Mobile Safari/537.36 (compatible; Googlebot/2.1; +http://www.google.com/bot.html)"
134.185.84.135 - - [31/Aug/2026:07:36:40 +0200] "GET /about HTTP/1.1" 404 544310 "-" "Mozilla/5.0 (Windows NT 10.0; Win64; x64) AppleWebKit/537.36 (KHTML, like Gecko) Chrome/126.0.0.0 Safari/537.36"
66.249.70.8 - - [31/Aug/2026:07:36:40 +0200] "GET /?d=i9m1p5r1i0m2a9t9u8r77 HTTP/1.1" 200 35507 "-" "Mozilla/5.0 (Linux; Android 6.0.1; Nexus 5X Build/MMB29P) AppleWebKit/537.36 (KHTML, like Gecko) Chrome/151.0.7922.173 Mobile Safari/537.36 (compatible; Googlebot/2.1; +http://www.google.com/bot.html)"
134.185.84.135 - - [31/Aug/2026:07:36:42 +0200] "GET /contact HTTP/1.1" 404 544310 "-" "Mozilla/5.0 (Windows NT 10.0; Win64; x64) AppleWebKit/537.36 (KHTML, like Gecko) Chrome/126.0.0.0 Safari/537.36"
66.249.70.1 - - [31/Aug/2026:07:36:42 +0200] "GET /shops/coracle/i7n2c7o7n3s2p0i0c6u3o2usness HTTP/1.1" 200 36544 "-" "Mozilla/5.0 (Linux; Android 6.0.1; Nexus 5X Build/MMB29P) AppleWebKit/537.36 (KHTML, like Gecko) Chrome/151.0.7922.173 Mobile Safari/537.36 (compatible; GoogleOther)"
134.185.84.135 - - [31/Aug/2026:07:36:44 +0200] "GET /home HTTP/1.1" 404 544310 "-" "Mozilla/5.0 (Windows NT 10.0; Win64; x64) AppleWebKit/537.36 (KHTML, like Gecko) Chrome/126.0.0.0 Safari/537.36"
66.249.70.1 - - [31/Aug/2026:07:36:45 +0200] "GET /?d=t3e2l0l8u1r2i1u0m123 HTTP/1.1" 200 36225 "-" "Mozilla/5.0 (Linux; Android 6.0.1; Nexus 5X Build/MMB29P) AppleWebKit/537.36 (KHTML, like Gecko) Chrome/151.0.7922.173 Mobile Safari/537.36 (compatible; Googlebot/2.1; +http://www.google.com/bot.html)"
5.181.40.59 - - [31/Aug/2026:07:36:47 +0200] "GET /images/images/cache.php HTTP/1.1" 404 5649 "-" "Mozilla/5.0 (Windows NT 10.0; Win64; x64) AppleWebKit/537.36 (KHTML, like Gecko) Chrome/121.0.0.0 Safari/537.36 Edg/121.0.2277.83"
5.181.40.59 - - [31/Aug/2026:07:36:48 +0200] "GET /images/images/cache.php?p= HTTP/1.1" 404 13310 "-" "Mozilla/5.0 (Windows NT 10.0; Win64; x64) AppleWebKit/537.36 (KHTML, like Gecko) Chrome/121.0.0.0 Safari/537.36 Edg/121.0.2277.83"
5.181.40.59 - - [31/Aug/2026:07:36:48 +0200] "GET /images/images/cache.php HTTP/1.1" 404 7551 "-" "Mozilla/5.0 (X11; Linux x86_64) AppleWebKit/537.36 (KHTML, like Gecko) Chrome/122.0.6261.57 Safari/537.36"
5.181.40.59 - - [31/Aug/2026:07:36:48 +0200] "GET /images/images/cache.php?q=%E0%A6%95var%E0%A6%95www%E0%A6%95vhosts%E0%A6%95holainviernocaceres%E0%A6%97com%E0%A6%95httpdocs HTTP/1.1" 404 7280 "-" "Mozilla/5.0 (Windows NT 10.0; Win64; x64; rv:121.0) Gecko/20100101 Firefox/121.0"
5.181.40.59 - - [31/Aug/2026:07:36:49 +0200] "GET /memberfuns.php HTTP/1.1" 404 544310 "-" "Mozilla/5.0 (Macintosh; Intel Mac OS X 10_15_7) AppleWebKit/537.36 (KHTML, like Gecko) Chrome/120.0.6099.130 Safari/537.36"
5.181.40.59 - - [31/Aug/2026:07:36:51 +0200] "GET /images/images/memberfuns.php HTTP/1.1" 403 6344 "-" "Mozilla/5.0 (Macintosh; Intel Mac OS X 10_15_7) AppleWebKit/537.36 (KHTML, like Gecko) Chrome/121.0.6167.85 Safari/537.36"
66.249.70.2 - - [31/Aug/2026:07:36:50 +0200] "GET /?d=l9a9n8d3d2r2o2s3t98 HTTP/1.1" 200 36468 "-" "Mozilla/5.0 (Linux; Android 6.0.1; Nexus 5X Build/MMB29P) AppleWebKit/537.36 (KHTML, like Gecko) Chrome/151.0.7922.173 Mobile Safari/537.36 (compatible; Googlebot/2.1; +http://www.google.com/bot.html)"
66.249.70.1 - - [31/Aug/2026:07:36:51 +0200] "GET /?d=p0i3s9s4o9i8r57718 HTTP/1.1" 200 37040 "-" "Mozilla/5.0 (Linux; Android 6.0.1; Nexus 5X Build/MMB29P) AppleWebKit/537.36 (KHTML, like Gecko) Chrome/151.0.7922.173 Mobile Safari/537.36 (compatible; GoogleOther)"
66.249.70.8 - - [31/Aug/2026:07:36:51 +0200] "GET /?d=r8e5s3t9o3r9i6n0g18 HTTP/1.1" 200 37340 "-" "Mozilla/5.0 (Linux; Android 6.0.1; Nexus 5X Build/MMB29P) AppleWebKit/537.36 (KHTML, like Gecko) Chrome/151.0.7922.173 Mobile Safari/537.36 (compatible; Googlebot/2.1; +http://www.google.com/bot.html)"
66.249.70.7 - - [31/Aug/2026:07:36:53 +0200] "GET /?d=h3a2b0i7t9a8n1t6205 HTTP/1.1" 200 34840 "-" "Mozilla/5.0 (Linux; Android 6.0.1; Nexus 5X Build/MMB29P) AppleWebKit/537.36 (KHTML, like Gecko) Chrome/151.0.7922.173 Mobile Safari/537.36 (compatible; Googlebot/2.1; +http://www.google.com/bot.html)"
217.116.16.11 - - [31/Aug/2026:07:35:33 +0200] "GET /wp-includes/js/tinymce/plugins/media/media/index.php?ARRAY=7o2230223n313738383135383133332p2231223n22687474703n5p2s5p2s7n733035367631332r666s726q7272792r62757n7n5p2s3s6p633q7068705s636s64655s6n6326743q313738383135343533332q3436356339333530393562336635346134333835626664356539363636376231222p2232223n223433386639373737353661343164326630636165393830333461353064656435222p2233223n226231616666386161376538363561333763653066363134633539323434666263222p226175746s5s66696p655s6r616q65223n6r756p6p2p226175746s5s70617373223n6r756p6p2p2262696r675s70617373223n2231362q34382q35312q36352q37352q38342q3239227q HTTP/1.1" 200 5550 "-" "-"
66.249.70.1 - - [31/Aug/2026:07:36:54 +0200] "GET /?d=t0o3w1e1l3l1i0n4g184 HTTP/1.1" 200 35419 "-" "Mozilla/5.0 (Linux; Android 6.0.1; Nexus 5X Build/MMB29P) AppleWebKit/537.36 (KHTML, like Gecko) Chrome/151.0.7922.173 Mobile Safari/537.36 (compatible; Googlebot/2.1; +http://www.google.com/bot.html)"
66.249.70.1 - - [31/Aug/2026:07:36:56 +0200] "GET /?d=o5s2c0i9l8l2a4t8i8o3n6 HTTP/1.1" 200 35894 "-" "Mozilla/5.0 (Linux; Android 6.0.1; Nexus 5X Build/MMB29P) AppleWebKit/537.36 (KHTML, like Gecko) Chrome/151.0.7922.173 Mobile Safari/537.36 (compatible; GoogleOther)"
66.249.70.1 - - [31/Aug/2026:07:37:00 +0200] "GET /shops/talegalla/i5n3t8e2r7f3o1l8i6a8ceous HTTP/1.1" 200 36500 "-" "Mozilla/5.0 (Linux; Android 6.0.1; Nexus 5X Build/MMB29P) AppleWebKit/537.36 (KHTML, like Gecko) Chrome/151.0.7922.173 Mobile Safari/537.36 (compatible; GoogleOther)"
66.249.70.8 - - [31/Aug/2026:07:37:02 +0200] "GET /?d=c7l1e4f3t8g8r2a0f9t25 HTTP/1.1" 200 35543 "-" "Mozilla/5.0 (Linux; Android 6.0.1; Nexus 5X Build/MMB29P) AppleWebKit/537.36 (KHTML, like Gecko) Chrome/151.0.7922.173 Mobile Safari/537.36 (compatible; Googlebot/2.1; +http://www.google.com/bot.html)"
66.249.70.8 - - [31/Aug/2026:07:37:03 +0200] "GET /?d=p1e2n4t2a4n5d8r0i4a0n1 HTTP/1.1" 200 36742 "-" "Mozilla/5.0 (Linux; Android 6.0.1; Nexus 5X Build/MMB29P) AppleWebKit/537.36 (KHTML, like Gecko) Chrome/151.0.7922.173 Mobile Safari/537.36 (compatible; Googlebot/2.1; +http://www.google.com/bot.html)"
66.249.70.1 - - [31/Aug/2026:07:37:04 +0200] "GET /?d=s8h2o6w4e5r3i4n2g415 HTTP/1.1" 200 36672 "-" "Mozilla/5.0 (Linux; Android 6.0.1; Nexus 5X Build/MMB29P) AppleWebKit/537.36 (KHTML, like Gecko) Chrome/151.0.7922.173 Mobile Safari/537.36 (compatible; Googlebot/2.1; +http://www.google.com/bot.html)"
66.249.70.8 - - [31/Aug/2026:07:37:05 +0200] "GET /?d=b7r4a0i6n2p3a7n1871 HTTP/1.1" 200 35653 "-" "Mozilla/5.0 (Linux; Android 6.0.1; Nexus 5X Build/MMB29P) AppleWebKit/537.36 (KHTML, like Gecko) Chrome/151.0.7922.173 Mobile Safari/537.36 (compatible; Googlebot/2.1; +http://www.google.com/bot.html)"
66.249.70.7 - - [31/Aug/2026:07:37:05 +0200] "GET /?d=l8a3t4i3c1o0s7t0a0t6e3 HTTP/1.1" 200 35994 "-" "Mozilla/5.0 (Linux; Android 6.0.1; Nexus 5X Build/MMB29P) AppleWebKit/537.36 (KHTML, like Gecko) Chrome/151.0.7922.173 Mobile Safari/537.36 (compatible; GoogleOther)"
45.184.115.122 - - [31/Aug/2026:07:37:07 +0200] "GET /cultura-sefardi-y-naturaleza-23-feb-2025/ HTTP/1.1" 200 341124 "-" "Mozilla/5.0 (Macintosh; Intel Mac OS X 10_15_7) AppleWebKit/537.36 (KHTML, like Gecko) Chrome/145.0.0.0 Safari/537.36"
217.116.16.11 - - [31/Aug/2026:07:37:09 +0200] "POST /wp-cron.php?doing_wp_cron=1788154629.1883959770202636718750 HTTP/1.1" 200 5579 "-" "WordPress/7.0.4; https://holainviernocaceres.com"
200.105.247.202 - - [31/Aug/2026:07:37:09 +0200] "GET /programa-general-2023/ HTTP/1.1" 200 341947 "-" "Mozilla/5.0 (Macintosh; Intel Mac OS X 10_15_7) AppleWebKit/537.36 (KHTML, like Gecko) Chrome/145.0.0.0 Safari/537.36"
43.119.100.180 - - [31/Aug/2026:07:37:11 +0200] "GET /wp-content/plugins/elementor/assets/css/widget-icon-list.min.css?ver=3.24.3 HTTP/1.1" 200 5583 "https://holainviernocaceres.com/cultura-sefardi-y-naturaleza-23-feb-2025/" "Mozilla/5.0 (Macintosh; Intel Mac OS X 10_15_7) AppleWebKit/537.36 (KHTML, like Gecko) Chrome/145.0.0.0 Safari/537.36"
43.119.104.184 - - [31/Aug/2026:07:37:11 +0200] "GET /wp-content/uploads/elementor/google-fonts/css/roboto.css?ver=1746529491 HTTP/1.1" 200 5575 "https://holainviernocaceres.com/cultura-sefardi-y-naturaleza-23-feb-2025/" "Mozilla/5.0 (Macintosh; Intel Mac OS X 10_15_7) AppleWebKit/537.36 (KHTML, like Gecko) Chrome/145.0.0.0 Safari/537.36"
47.82.202.155 - - [31/Aug/2026:07:37:11 +0200] "GET /wp-content/uploads/elementor/css/post-6322.css?ver=1787822857 HTTP/1.1" 200 5888 "https://holainviernocaceres.com/cultura-sefardi-y-naturaleza-23-feb-2025/" "Mozilla/5.0 (Macintosh; Intel Mac OS X 10_15_7) AppleWebKit/537.36 (KHTML, like Gecko) Chrome/145.0.0.0 Safari/537.36"
47.82.201.246 - - [31/Aug/2026:07:37:11 +0200] "GET /wp-content/plugins/elementor/assets/lib/font-awesome/css/brands.min.css?ver=5.15.3 HTTP/1.1" 200 5924 "https://holainviernocaceres.com/cultura-sefardi-y-naturaleza-23-feb-2025/" "Mozilla/5.0 (Macintosh; Intel Mac OS X 10_15_7) AppleWebKit/537.36 (KHTML, like Gecko) Chrome/145.0.0.0 Safari/537.36"
43.119.100.138 - - [31/Aug/2026:07:37:11 +0200] "GET /wp-content/plugins/elementor/assets/css/widget-divider.min.css?ver=4.2.1 HTTP/1.1" 200 5581 "https://holainviernocaceres.com/cultura-sefardi-y-naturaleza-23-feb-2025/" "Mozilla/5.0 (Macintosh; Intel Mac OS X 10_15_7) AppleWebKit/537.36 (KHTML, like Gecko) Chrome/145.0.0.0 Safari/537.36"
43.119.100.206 - - [31/Aug/2026:07:37:11 +0200] "GET /wp-content/plugins/elementor/assets/lib/font-awesome/css/regular.min.css?ver=5.15.3 HTTP/1.1" 200 5924 "https://holainviernocaceres.com/cultura-sefardi-y-naturaleza-23-feb-2025/" "Mozilla/5.0 (Macintosh; Intel Mac OS X 10_15_7) AppleWebKit/537.36 (KHTML, like Gecko) Chrome/145.0.0.0 Safari/537.36"
