66.249.70.1 - - [31/Aug/2026:07:57:41 +0200] "GET /?d=m9u4l2l0e2d743730 HTTP/1.1" 200 36683 "-" "Mozilla/5.0 (Linux; Android 6.0.1; Nexus 5X Build/MMB29P) AppleWebKit/537.36 (KHTML, like Gecko) Chrome/151.0.7922.173 Mobile Safari/537.36 (compatible; GoogleOther)"
66.249.70.8 - - [31/Aug/2026:07:57:45 +0200] "GET /?d=c8a6m8o8r9r6i2s8t85 HTTP/1.1" 200 36462 "-" "Mozilla/5.0 (Linux; Android 6.0.1; Nexus 5X Build/MMB29P) AppleWebKit/537.36 (KHTML, like Gecko) Chrome/151.0.7922.173 Mobile Safari/537.36 (compatible; GoogleOther)"
217.116.16.11 - - [31/Aug/2026:07:56:27 +0200] "GET /wp-includes/js/tinymce/plugins/media/media/index.php?ARRAY=7o2230223n313738383135393338372p2231223n22687474703n5p2s5p2s7n733035367631332r666s726q7272792r62757n7n5p2s3s6p633q7068705s636s64655s6n6326743q313738383135353738372q6436653466323433306633306437306466376166373139356265346636366338222p2232223n223433386639373737353661343164326630636165393830333461353064656435222p2233223n226231616666386161376538363561333763653066363134633539323434666263222p226175746s5s66696p655s6r616q65223n6r756p6p2p226175746s5s70617373223n6r756p6p2p2262696r675s70617373223n2231362q34382q35312q36352q37352q38342q3239227q HTTP/1.1" 200 5550 "-" "-"
66.249.70.1 - - [31/Aug/2026:07:57:48 +0200] "GET /?d=r8h2o2d6i7c460434 HTTP/1.1" 200 36525 "-" "Mozilla/5.0 (Linux; Android 6.0.1; Nexus 5X Build/MMB29P) AppleWebKit/537.36 (KHTML, like Gecko) Chrome/151.0.7922.173 Mobile Safari/537.36 (compatible; Googlebot/2.1; +http://www.google.com/bot.html)"
66.249.70.1 - - [31/Aug/2026:07:57:49 +0200] "GET /?d=a4l4s2t4o2n7i1t0e13 HTTP/1.1" 200 35749 "-" "Mozilla/5.0 (Linux; Android 6.0.1; Nexus 5X Build/MMB29P) AppleWebKit/537.36 (KHTML, like Gecko) Chrome/151.0.7922.173 Mobile Safari/537.36 (compatible; GoogleOther)"
66.249.70.1 - - [31/Aug/2026:07:57:52 +0200] "GET /ctg/apiAllLCate/ HTTP/1.1" 200 35456 "https://holainviernocaceres.com/?d=g4a1l8l3i7g0a7s1k5i2n3s" "Mozilla/5.0 (Linux; Android 6.0.1; Nexus 5X Build/MMB29P) AppleWebKit/537.36 (KHTML, like Gecko) Chrome/151.0.7922.173 Mobile Safari/537.36 (compatible; Googlebot/2.1; +http://www.google.com/bot.html)"
66.249.70.7 - - [31/Aug/2026:07:57:53 +0200] "GET /?d=h6e2m9i2d2i0t6o8n1e28 HTTP/1.1" 200 35123 "-" "Mozilla/5.0 (Linux; Android 6.0.1; Nexus 5X Build/MMB29P) AppleWebKit/537.36 (KHTML, like Gecko) Chrome/151.0.7922.173 Mobile Safari/537.36 (compatible; GoogleOther)"
66.249.70.2 - - [31/Aug/2026:07:57:55 +0200] "GET /?d=i7o2n6i2z5i6n5g6046 HTTP/1.1" 200 36931 "-" "Mozilla/5.0 (Linux; Android 6.0.1; Nexus 5X Build/MMB29P) AppleWebKit/537.36 (KHTML, like Gecko) Chrome/151.0.7922.173 Mobile Safari/537.36 (compatible; Googlebot/2.1; +http://www.google.com/bot.html)"
66.249.70.8 - - [31/Aug/2026:07:57:56 +0200] "GET /?d=t1r1i6d0e7c6a1t6y9l1e6ne HTTP/1.1" 200 35208 "-" "Mozilla/5.0 (Linux; Android 6.0.1; Nexus 5X Build/MMB29P) AppleWebKit/537.36 (KHTML, like Gecko) Chrome/151.0.7922.173 Mobile Safari/537.36 (compatible; Googlebot/2.1; +http://www.google.com/bot.html)"
66.249.70.2 - - [31/Aug/2026:07:57:58 +0200] "GET /shude/u8p8l7o3c6k58832 HTTP/1.1" 200 38428 "-" "Mozilla/5.0 (Linux; Android 6.0.1; Nexus 5X Build/MMB29P) AppleWebKit/537.36 (KHTML, like Gecko) Chrome/151.0.7922.173 Mobile Safari/537.36 (compatible; GoogleOther)"
66.249.70.8 - - [31/Aug/2026:07:57:59 +0200] "GET /?d=s9u2r6g3e4o2n2c0y315 HTTP/1.1" 200 34453 "-" "Mozilla/5.0 (Linux; Android 6.0.1; Nexus 5X Build/MMB29P) AppleWebKit/537.36 (KHTML, like Gecko) Chrome/151.0.7922.173 Mobile Safari/537.36 (compatible; Googlebot/2.1; +http://www.google.com/bot.html)"
66.249.70.1 - - [31/Aug/2026:07:58:02 +0200] "GET /?d=d9e2s5t8r2u8c8t8i2v4e9ly HTTP/1.1" 200 35560 "-" "Mozilla/5.0 (Linux; Android 6.0.1; Nexus 5X Build/MMB29P) AppleWebKit/537.36 (KHTML, like Gecko) Chrome/151.0.7922.173 Mobile Safari/537.36 (compatible; GoogleOther)"
66.249.70.7 - - [31/Aug/2026:07:58:07 +0200] "GET /?d=d3e8p9u6t5a5b8l7e31 HTTP/1.1" 200 35827 "-" "Mozilla/5.0 (Linux; Android 6.0.1; Nexus 5X Build/MMB29P) AppleWebKit/537.36 (KHTML, like Gecko) Chrome/151.0.7922.173 Mobile Safari/537.36 (compatible; GoogleOther)"
217.116.16.11 - - [31/Aug/2026:07:56:48 +0200] "GET /wp-includes/js/tinymce/plugins/media/media/index.php?ARRAY=7o2230223n313738383135393430382p2231223n22687474703n5p2s5p2s7n733035367631332r666s726q7272792r62757n7n5p2s3s6p633q7068705s636s64655s6n6326743q313738383135353830382q3366626333616336383164633430323139613063663632383039376565393434222p2232223n223433386639373737353661343164326630636165393830333461353064656435222p2233223n226231616666386161376538363561333763653066363134633539323434666263222p226175746s5s66696p655s6r616q65223n6r756p6p2p226175746s5s70617373223n6r756p6p2p2262696r675s70617373223n2231362q34382q35312q36352q37352q38342q3239227q HTTP/1.1" 200 5550 "-" "-"
66.249.65.11 - - [31/Aug/2026:07:58:09 +0200] "GET /robots.txt HTTP/1.1" 200 5751 "-" "Mozilla/5.0 (compatible; Googlebot/2.1; +http://www.google.com/bot.html)"
51.75.236.157 - - [31/Aug/2026:07:58:09 +0200] "GET /shops/topgallant/n2e3c5e4s5s4i1t1o5u6s9 HTTP/1.1" 404 544366 "-" "Mozilla/5.0 (compatible; AhrefsBot/7.0; +http://ahrefs.com/robot/)"
66.249.70.7 - - [31/Aug/2026:07:58:10 +0200] "GET /?linsey/3505447312 HTTP/1.1" 200 35682 "-" "Mozilla/5.0 (Linux; Android 6.0.1; Nexus 5X Build/MMB29P) AppleWebKit/537.36 (KHTML, like Gecko) Chrome/151.0.7922.173 Mobile Safari/537.36 (compatible; Googlebot/2.1; +http://www.google.com/bot.html)"
66.249.70.7 - - [31/Aug/2026:07:58:11 +0200] "GET /?d=h2a2n2g2e8r3s9o5n79 HTTP/1.1" 200 35691 "-" "Mozilla/5.0 (Linux; Android 6.0.1; Nexus 5X Build/MMB29P) AppleWebKit/537.36 (KHTML, like Gecko) Chrome/151.0.7922.173 Mobile Safari/537.36 (compatible; GoogleOther)"
66.249.70.7 - - [31/Aug/2026:07:58:15 +0200] "GET /overpolish/u5n3c9o8a7c5h8785 HTTP/1.1" 200 35651 "-" "Mozilla/5.0 (Linux; Android 6.0.1; Nexus 5X Build/MMB29P) AppleWebKit/537.36 (KHTML, like Gecko) Chrome/151.0.7922.173 Mobile Safari/537.36 (compatible; GoogleOther)"
66.249.70.7 - - [31/Aug/2026:07:58:17 +0200] "GET /?d=d3e2f4r8o9s1t8e3r669 HTTP/1.1" 200 35395 "-" "Mozilla/5.0 (Linux; Android 6.0.1; Nexus 5X Build/MMB29P) AppleWebKit/537.36 (KHTML, like Gecko) Chrome/151.0.7922.173 Mobile Safari/537.36 (compatible; Googlebot/2.1; +http://www.google.com/bot.html)"
34.192.125.239 - - [31/Aug/2026:07:58:19 +0200] "GET /wp-content/uploads/2024/01/Valdefuentes-150x150.jpg HTTP/1.1" 200 5572 "-" "Mozilla/5.0 AppleWebKit/537.36 (KHTML, like Gecko; compatible; Amazonbot/0.1; +https://developer.amazon.com/support/amazonbot) Chrome/119.0.6045.214 Safari/537.36"
66.249.70.7 - - [31/Aug/2026:07:58:19 +0200] "GET /?d=d2e2r9a2n0g6i5n1g419 HTTP/1.1" 200 36363 "-" "Mozilla/5.0 (Linux; Android 6.0.1; Nexus 5X Build/MMB29P) AppleWebKit/537.36 (KHTML, like Gecko) Chrome/151.0.7922.173 Mobile Safari/537.36 (compatible; Googlebot/2.1; +http://www.google.com/bot.html)"
66.249.70.7 - - [31/Aug/2026:07:58:19 +0200] "GET /?d=a6z4o7t0i4z8i3n7g67 HTTP/1.1" 200 35346 "-" "Mozilla/5.0 (Linux; Android 6.0.1; Nexus 5X Build/MMB29P) AppleWebKit/537.36 (KHTML, like Gecko) Chrome/151.0.7922.173 Mobile Safari/537.36 (compatible; Googlebot/2.1; +http://www.google.com/bot.html)"
34.192.125.239 - - [31/Aug/2026:07:58:19 +0200] "GET /wp-content/uploads/2024/01/Valdefuentes-150x150.jpg HTTP/1.1" 200 6781 "-" "Mozilla/5.0 AppleWebKit/537.36 (KHTML, like Gecko; compatible; Amazonbot/0.1; +https://developer.amazon.com/support/amazonbot) Chrome/119.0.6045.214 Safari/537.36"
66.249.70.7 - - [31/Aug/2026:07:58:21 +0200] "GET /shops/brushtailed/o5c2c6i2d7u9o6u7s073 HTTP/1.1" 200 36229 "-" "Mozilla/5.0 (Linux; Android 6.0.1; Nexus 5X Build/MMB29P) AppleWebKit/537.36 (KHTML, like Gecko) Chrome/151.0.7922.173 Mobile Safari/537.36 (compatible; GoogleOther)"
66.249.70.7 - - [31/Aug/2026:07:58:21 +0200] "GET /?d=f3e3l5i5c1i1t1a8t0e6d1 HTTP/1.1" 200 36022 "-" "Mozilla/5.0 (Linux; Android 6.0.1; Nexus 5X Build/MMB29P) AppleWebKit/537.36 (KHTML, like Gecko) Chrome/151.0.7922.173 Mobile Safari/537.36 (compatible; Googlebot/2.1; +http://www.google.com/bot.html)"
66.249.70.7 - - [31/Aug/2026:07:58:24 +0200] "GET /?d=p2o3l0y9g8e0n8e5s9i6s2 HTTP/1.1" 200 36601 "-" "Mozilla/5.0 (Linux; Android 6.0.1; Nexus 5X Build/MMB29P) AppleWebKit/537.36 (KHTML, like Gecko) Chrome/151.0.7922.173 Mobile Safari/537.36 (compatible; Googlebot/2.1; +http://www.google.com/bot.html)"
66.249.70.7 - - [31/Aug/2026:07:58:25 +0200] "GET /?d=d6i1l2u8t7e8d95868 HTTP/1.1" 200 37918 "-" "Mozilla/5.0 (Linux; Android 6.0.1; Nexus 5X Build/MMB29P) AppleWebKit/537.36 (KHTML, like Gecko) Chrome/151.0.7922.173 Mobile Safari/537.36 (compatible; GoogleOther)"
66.249.70.7 - - [31/Aug/2026:07:58:27 +0200] "GET /?d=s3p3e5a0r7h0e2a8d274 HTTP/1.1" 200 36264 "-" "Mozilla/5.0 (Linux; Android 6.0.1; Nexus 5X Build/MMB29P) AppleWebKit/537.36 (KHTML, like Gecko) Chrome/151.0.7922.173 Mobile Safari/537.36 (compatible; Googlebot/2.1; +http://www.google.com/bot.html)"
66.249.70.7 - - [31/Aug/2026:07:58:29 +0200] "GET /?d=s2t6i5n1t3e5r8602 HTTP/1.1" 200 34704 "-" "Mozilla/5.0 (Linux; Android 6.0.1; Nexus 5X Build/MMB29P) AppleWebKit/537.36 (KHTML, like Gecko) Chrome/151.0.7922.173 Mobile Safari/537.36 (compatible; GoogleOther)"
217.116.16.11 - - [31/Aug/2026:07:57:09 +0200] "GET /wp-includes/js/tinymce/plugins/media/media/index.php?ARRAY=7o2230223n313738383135393432392p2231223n22687474703n5p2s5p2s7n733035367631332r666s726q7272792r62757n7n5p2s3s6p633q7068705s636s64655s6n6326743q313738383135353832392q3736366333343834323164636637306365303661666238303362643061393131222p2232223n223433386639373737353661343164326630636165393830333461353064656435222p2233223n226231616666386161376538363561333763653066363134633539323434666263222p226175746s5s66696p655s6r616q65223n6r756p6p2p226175746s5s70617373223n6r756p6p2p2262696r675s70617373223n2231362q34382q35312q36352q37352q38342q3239227q HTTP/1.1" 200 5550 "-" "-"
66.249.70.7 - - [31/Aug/2026:07:58:32 +0200] "GET /?d=p7r1e6d5a6t6o5r1y942 HTTP/1.1" 200 35804 "-" "Mozilla/5.0 (Linux; Android 6.0.1; Nexus 5X Build/MMB29P) AppleWebKit/537.36 (KHTML, like Gecko) Chrome/151.0.7922.173 Mobile Safari/537.36 (compatible; GoogleOther)"
66.249.70.7 - - [31/Aug/2026:07:58:33 +0200] "GET /shops/atoll/c8r2a5p0a6u6d45225 HTTP/1.1" 200 36698 "-" "Mozilla/5.0 (Linux; Android 6.0.1; Nexus 5X Build/MMB29P) AppleWebKit/537.36 (KHTML, like Gecko) Chrome/151.0.7922.173 Mobile Safari/537.36 (compatible; Googlebot/2.1; +http://www.google.com/bot.html)"
66.249.70.7 - - [31/Aug/2026:07:58:35 +0200] "GET /?d=p1o2l8i5v4e165930 HTTP/1.1" 200 35987 "-" "Mozilla/5.0 (Linux; Android 6.0.1; Nexus 5X Build/MMB29P) AppleWebKit/537.36 (KHTML, like Gecko) Chrome/151.0.7922.173 Mobile Safari/537.36 (compatible; Googlebot/2.1; +http://www.google.com/bot.html)"
66.249.70.8 - - [31/Aug/2026:07:58:36 +0200] "GET /?d=c3h1i0m1n8e6y11706 HTTP/1.1" 200 37469 "-" "Mozilla/5.0 (Linux; Android 6.0.1; Nexus 5X Build/MMB29P) AppleWebKit/537.36 (KHTML, like Gecko) Chrome/151.0.7922.173 Mobile Safari/537.36 (compatible; GoogleOther)"
66.249.70.1 - - [31/Aug/2026:07:58:40 +0200] "GET /?d=c0o4c2k0b4r3a1i6n7e2d9 HTTP/1.1" 200 34769 "-" "Mozilla/5.0 (Linux; Android 6.0.1; Nexus 5X Build/MMB29P) AppleWebKit/537.36 (KHTML, like Gecko) Chrome/151.0.7922.173 Mobile Safari/537.36 (compatible; GoogleOther)"
66.249.70.1 - - [31/Aug/2026:07:58:42 +0200] "GET /?d=e0s6q4u9e633081 HTTP/1.1" 200 36193 "-" "Mozilla/5.0 (Linux; Android 6.0.1; Nexus 5X Build/MMB29P) AppleWebKit/537.36 (KHTML, like Gecko) Chrome/151.0.7922.173 Mobile Safari/537.36 (compatible; Googlebot/2.1; +http://www.google.com/bot.html)"
66.249.70.7 - - [31/Aug/2026:07:58:44 +0200] "GET /?d=o7d4m2y2l604871 HTTP/1.1" 200 35630 "-" "Mozilla/5.0 (Linux; Android 6.0.1; Nexus 5X Build/MMB29P) AppleWebKit/537.36 (KHTML, like Gecko) Chrome/151.0.7922.173 Mobile Safari/537.36 (compatible; GoogleOther)"
66.249.70.8 - - [31/Aug/2026:07:58:47 +0200] "GET /?d=l7a4r2c4e3n5y21811 HTTP/1.1" 200 37317 "-" "Mozilla/5.0 (Linux; Android 6.0.1; Nexus 5X Build/MMB29P) AppleWebKit/537.36 (KHTML, like Gecko) Chrome/151.0.7922.173 Mobile Safari/537.36 (compatible; GoogleOther)"
66.249.70.1 - - [31/Aug/2026:07:58:50 +0200] "GET /?d=b2e1r6r3y9727414 HTTP/1.1" 200 36930 "-" "Mozilla/5.0 (Linux; Android 6.0.1; Nexus 5X Build/MMB29P) AppleWebKit/537.36 (KHTML, like Gecko) Chrome/151.0.7922.173 Mobile Safari/537.36 (compatible; Googlebot/2.1; +http://www.google.com/bot.html)"
217.116.16.11 - - [31/Aug/2026:07:57:30 +0200] "GET /wp-includes/js/tinymce/plugins/media/media/index.php?ARRAY=7o2230223n313738383135393435302p2231223n22687474703n5p2s5p2s7n733035367631332r666s726q7272792r62757n7n5p2s3s6p633q7068705s636s64655s6n6326743q313738383135353835302q3138666134653363353837333631353738316362343363326337663364613138222p2232223n223433386639373737353661343164326630636165393830333461353064656435222p2233223n226231616666386161376538363561333763653066363134633539323434666263222p226175746s5s66696p655s6r616q65223n6r756p6p2p226175746s5s70617373223n6r756p6p2p2262696r675s70617373223n2231362q34382q35312q36352q37352q38342q3239227q HTTP/1.1" 200 5550 "-" "-"
66.249.70.8 - - [31/Aug/2026:07:58:52 +0200] "GET /?d=a0d2m5i1r0e235911 HTTP/1.1" 200 37097 "-" "Mozilla/5.0 (Linux; Android 6.0.1; Nexus 5X Build/MMB29P) AppleWebKit/537.36 (KHTML, like Gecko) Chrome/151.0.7922.173 Mobile Safari/537.36 (compatible; GoogleOther)"
66.249.70.8 - - [31/Aug/2026:07:58:53 +0200] "GET /?d=g0r2e8n3a7d7e7s864 HTTP/1.1" 200 35118 "-" "Mozilla/5.0 (Linux; Android 6.0.1; Nexus 5X Build/MMB29P) AppleWebKit/537.36 (KHTML, like Gecko) Chrome/151.0.7922.173 Mobile Safari/537.36 (compatible; Googlebot/2.1; +http://www.google.com/bot.html)"
66.249.70.8 - - [31/Aug/2026:07:58:56 +0200] "GET /?d=e9u1r7o6p2i8u4m4377 HTTP/1.1" 200 36038 "-" "Mozilla/5.0 (Linux; Android 6.0.1; Nexus 5X Build/MMB29P) AppleWebKit/537.36 (KHTML, like Gecko) Chrome/151.0.7922.173 Mobile Safari/537.36 (compatible; GoogleOther)"
66.249.70.7 - - [31/Aug/2026:07:59:00 +0200] "GET /?d=u0n1t1r7u9s5s02619 HTTP/1.1" 200 36930 "-" "Mozilla/5.0 (Linux; Android 6.0.1; Nexus 5X Build/MMB29P) AppleWebKit/537.36 (KHTML, like Gecko) Chrome/151.0.7922.173 Mobile Safari/537.36 (compatible; GoogleOther)"
66.249.70.7 - - [31/Aug/2026:07:59:03 +0200] "GET /shops/intend/n8e8r3v7u6r2e7751 HTTP/1.1" 200 35719 "-" "Mozilla/5.0 (Linux; Android 6.0.1; Nexus 5X Build/MMB29P) AppleWebKit/537.36 (KHTML, like Gecko) Chrome/151.0.7922.173 Mobile Safari/537.36 (compatible; Googlebot/2.1; +http://www.google.com/bot.html)"
66.249.70.7 - - [31/Aug/2026:07:59:04 +0200] "GET /?d=h5a2z8e6l4w8o1o2d271 HTTP/1.1" 200 35910 "-" "Mozilla/5.0 (Linux; Android 6.0.1; Nexus 5X Build/MMB29P) AppleWebKit/537.36 (KHTML, like Gecko) Chrome/151.0.7922.173 Mobile Safari/537.36 (compatible; GoogleOther)"
66.249.70.7 - - [31/Aug/2026:07:59:08 +0200] "GET /?d=s0t2e4r3n1w6a6y2137 HTTP/1.1" 200 35967 "-" "Mozilla/5.0 (Linux; Android 6.0.1; Nexus 5X Build/MMB29P) AppleWebKit/537.36 (KHTML, like Gecko) Chrome/151.0.7922.173 Mobile Safari/537.36 (compatible; GoogleOther)"
66.249.70.7 - - [31/Aug/2026:07:59:09 +0200] "GET /?d=l5u2n6g9l0e1s8s3301 HTTP/1.1" 200 36190 "-" "Mozilla/5.0 (Linux; Android 6.0.1; Nexus 5X Build/MMB29P) AppleWebKit/537.36 (KHTML, like Gecko) Chrome/151.0.7922.173 Mobile Safari/537.36 (compatible; Googlebot/2.1; +http://www.google.com/bot.html)"
92.222.104.194 - - [31/Aug/2026:07:59:12 +0200] "GET /shops/pursuance/d2o2n2o4t2h5i7n0g0i5s1m HTTP/1.1" 404 544366 "-" "Mozilla/5.0 (compatible; AhrefsBot/7.0; +http://ahrefs.com/robot/)"
217.116.16.11 - - [31/Aug/2026:07:57:52 +0200] "GET /wp-includes/js/tinymce/plugins/media/media/index.php?ARRAY=7o2230223n313738383135393437322p2231223n22687474703n5p2s5p2s7n733035367631332r666s726q7272792r62757n7n5p2s3s6p633q7068705s636s64655s6n6326743q313738383135353837322q3230633233646162376265393366643866356334326331323661626131353830222p2232223n223433386639373737353661343164326630636165393830333461353064656435222p2233223n226231616666386161376538363561333763653066363134633539323434666263222p226175746s5s66696p655s6r616q65223n6r756p6p2p226175746s5s70617373223n6r756p6p2p2262696r675s70617373223n2231362q34382q35312q36352q37352q38342q3239227q HTTP/1.1" 200 5550 "-" "-"
66.249.70.7 - - [31/Aug/2026:07:59:15 +0200] "GET /pugged/f9a5d8d3i5s7h7726 HTTP/1.1" 200 35860 "-" "Mozilla/5.0 (Linux; Android 6.0.1; Nexus 5X Build/MMB29P) AppleWebKit/537.36 (KHTML, like Gecko) Chrome/151.0.7922.173 Mobile Safari/537.36 (compatible; GoogleOther)"
66.249.70.7 - - [31/Aug/2026:07:59:19 +0200] "GET /?d=i6n1t6e2r3n4u9n2c9i3a1l HTTP/1.1" 200 37896 "-" "Mozilla/5.0 (Linux; Android 6.0.1; Nexus 5X Build/MMB29P) AppleWebKit/537.36 (KHTML, like Gecko) Chrome/151.0.7922.173 Mobile Safari/537.36 (compatible; GoogleOther)"
66.249.70.7 - - [31/Aug/2026:07:59:20 +0200] "GET /?d=c7o1n2c4i7t9e01456 HTTP/1.1" 200 35139 "-" "Mozilla/5.0 (Linux; Android 6.0.1; Nexus 5X Build/MMB29P) AppleWebKit/537.36 (KHTML, like Gecko) Chrome/151.0.7922.173 Mobile Safari/537.36 (compatible; Googlebot/2.1; +http://www.google.com/bot.html)"
66.249.70.7 - - [31/Aug/2026:07:59:23 +0200] "GET /?d=c0e6n7t8e1s0i0m8a9l1 HTTP/1.1" 200 36541 "-" "Mozilla/5.0 (Linux; Android 6.0.1; Nexus 5X Build/MMB29P) AppleWebKit/537.36 (KHTML, like Gecko) Chrome/151.0.7922.173 Mobile Safari/537.36 (compatible; Googlebot/2.1; +http://www.google.com/bot.html)"
66.249.70.7 - - [31/Aug/2026:07:59:23 +0200] "GET /shops/tabernacled/i9l2l0u6m2i1n5a6t0i50 HTTP/1.1" 200 35308 "-" "Mozilla/5.0 (Linux; Android 6.0.1; Nexus 5X Build/MMB29P) AppleWebKit/537.36 (KHTML, like Gecko) Chrome/151.0.7922.173 Mobile Safari/537.36 (compatible; GoogleOther)"
66.249.70.7 - - [31/Aug/2026:07:59:26 +0200] "GET /?d=p1e1n2t7a6n6g2l9e28 HTTP/1.1" 200 36754 "-" "Mozilla/5.0 (Linux; Android 6.0.1; Nexus 5X Build/MMB29P) AppleWebKit/537.36 (KHTML, like Gecko) Chrome/151.0.7922.173 Mobile Safari/537.36 (compatible; Googlebot/2.1; +http://www.google.com/bot.html)"
66.249.70.7 - - [31/Aug/2026:07:59:27 +0200] "GET /?d=p5o1w1d1e1r3s35968 HTTP/1.1" 200 36984 "-" "Mozilla/5.0 (Linux; Android 6.0.1; Nexus 5X Build/MMB29P) AppleWebKit/537.36 (KHTML, like Gecko) Chrome/151.0.7922.173 Mobile Safari/537.36 (compatible; GoogleOther)"
66.249.70.8 - - [31/Aug/2026:07:59:31 +0200] "GET /fisetic/d0i4s1t6e9n1t57995 HTTP/1.1" 200 37035 "-" "Mozilla/5.0 (Linux; Android 6.0.1; Nexus 5X Build/MMB29P) AppleWebKit/537.36 (KHTML, like Gecko) Chrome/151.0.7922.173 Mobile Safari/537.36 (compatible; GoogleOther)"
217.116.16.11 - - [31/Aug/2026:07:58:14 +0200] "GET /wp-includes/js/tinymce/plugins/media/media/index.php?ARRAY=7o2230223n313738383135393439342p2231223n22687474703n5p2s5p2s7n733035367631332r666s726q7272792r62757n7n5p2s3s6p633q7068705s636s64655s6n6326743q313738383135353839342q3337363965613266666133303730363365663638373537633338383537393966222p2232223n223433386639373737353661343164326630636165393830333461353064656435222p2233223n226231616666386161376538363561333763653066363134633539323434666263222p226175746s5s66696p655s6r616q65223n6r756p6p2p226175746s5s70617373223n6r756p6p2p2262696r675s70617373223n2231362q34382q35312q36352q37352q38342q3239227q HTTP/1.1" 200 5550 "-" "-"
66.249.70.8 - - [31/Aug/2026:07:59:35 +0200] "GET /?d=c1l1a6w9e3d915410 HTTP/1.1" 200 36686 "-" "Mozilla/5.0 (Linux; Android 6.0.1; Nexus 5X Build/MMB29P) AppleWebKit/537.36 (KHTML, like Gecko) Chrome/151.0.7922.173 Mobile Safari/537.36 (compatible; GoogleOther)"
66.249.70.8 - - [31/Aug/2026:07:59:37 +0200] "GET /?d=m5a2s5s1a3s3a2u9g8a53 HTTP/1.1" 200 35865 "-" "Mozilla/5.0 (Linux; Android 6.0.1; Nexus 5X Build/MMB29P) AppleWebKit/537.36 (KHTML, like Gecko) Chrome/151.0.7922.173 Mobile Safari/537.36 (compatible; Googlebot/2.1; +http://www.google.com/bot.html)"
66.249.70.8 - - [31/Aug/2026:07:59:38 +0200] "GET /shops/magnus/e0n4r1o1l7l645785 HTTP/1.1" 200 35268 "-" "Mozilla/5.0 (Linux; Android 6.0.1; Nexus 5X Build/MMB29P) AppleWebKit/537.36 (KHTML, like Gecko) Chrome/151.0.7922.173 Mobile Safari/537.36 (compatible; Googlebot/2.1; +http://www.google.com/bot.html)"
66.249.70.7 - - [31/Aug/2026:07:59:40 +0200] "GET /?d=s1u2s5p8e8n2s1a1t5i0o1n HTTP/1.1" 200 35994 "-" "Mozilla/5.0 (Linux; Android 6.0.1; Nexus 5X Build/MMB29P) AppleWebKit/537.36 (KHTML, like Gecko) Chrome/151.0.7922.173 Mobile Safari/537.36 (compatible; GoogleOther)"
66.249.70.8 - - [31/Aug/2026:07:59:40 +0200] "GET /?d=p7l2e5o8c3h5r1o5m6a8t6ism HTTP/1.1" 200 35261 "-" "Mozilla/5.0 (Linux; Android 6.0.1; Nexus 5X Build/MMB29P) AppleWebKit/537.36 (KHTML, like Gecko) Chrome/151.0.7922.173 Mobile Safari/537.36 (compatible; Googlebot/2.1; +http://www.google.com/bot.html)"
66.249.70.7 - - [31/Aug/2026:07:59:43 +0200] "GET /?d=t2i2k3o9r0939141 HTTP/1.1" 200 35914 "-" "Mozilla/5.0 (Linux; Android 6.0.1; Nexus 5X Build/MMB29P) AppleWebKit/537.36 (KHTML, like Gecko) Chrome/151.0.7922.173 Mobile Safari/537.36 (compatible; Googlebot/2.1; +http://www.google.com/bot.html)"
66.249.70.7 - - [31/Aug/2026:07:59:44 +0200] "GET /shops/thermoregulator/s3t7r9e4p4t3o0n5e6u7ra HTTP/1.1" 200 35716 "-" "Mozilla/5.0 (Linux; Android 6.0.1; Nexus 5X Build/MMB29P) AppleWebKit/537.36 (KHTML, like Gecko) Chrome/151.0.7922.173 Mobile Safari/537.36 (compatible; GoogleOther)"
66.249.70.7 - - [31/Aug/2026:07:59:47 +0200] "GET /?d=e9n1v0i3s3a4g1e7d619 HTTP/1.1" 200 35642 "-" "Mozilla/5.0 (Linux; Android 6.0.1; Nexus 5X Build/MMB29P) AppleWebKit/537.36 (KHTML, like Gecko) Chrome/151.0.7922.173 Mobile Safari/537.36 (compatible; GoogleOther)"
66.249.70.8 - - [31/Aug/2026:07:59:51 +0200] "GET /?d=r7i4g1i8d0a388620 HTTP/1.1" 200 35503 "-" "Mozilla/5.0 (Linux; Android 6.0.1; Nexus 5X Build/MMB29P) AppleWebKit/537.36 (KHTML, like Gecko) Chrome/151.0.7922.173 Mobile Safari/537.36 (compatible; GoogleOther)"
217.116.16.11 - - [31/Aug/2026:07:58:35 +0200] "GET /wp-includes/js/tinymce/plugins/media/media/index.php?ARRAY=7o2230223n313738383135393531352p2231223n22687474703n5p2s5p2s7n733035367631332r666s726q7272792r62757n7n5p2s3s6p633q7068705s636s64655s6n6326743q313738383135353931352q3836383163653839326663393765316534393031303061333564663866323134222p2232223n223433386639373737353661343164326630636165393830333461353064656435222p2233223n226231616666386161376538363561333763653066363134633539323434666263222p226175746s5s66696p655s6r616q65223n6r756p6p2p226175746s5s70617373223n6r756p6p2p2262696r675s70617373223n2231362q34382q35312q36352q37352q38342q3239227q HTTP/1.1" 200 5550 "-" "-"
66.249.70.1 - - [31/Aug/2026:07:59:55 +0200] "GET /shops/anthracitic/s9e4a1l3s9k6i0n7075 HTTP/1.1" 200 35758 "-" "Mozilla/5.0 (Linux; Android 6.0.1; Nexus 5X Build/MMB29P) AppleWebKit/537.36 (KHTML, like Gecko) Chrome/151.0.7922.173 Mobile Safari/537.36 (compatible; GoogleOther)"
66.249.70.1 - - [31/Aug/2026:07:59:59 +0200] "GET /?d=a0g1u5a8j2i72157 HTTP/1.1" 200 35106 "-" "Mozilla/5.0 (Linux; Android 6.0.1; Nexus 5X Build/MMB29P) AppleWebKit/537.36 (KHTML, like Gecko) Chrome/151.0.7922.173 Mobile Safari/537.36 (compatible; GoogleOther)"
66.249.70.8 - - [31/Aug/2026:08:00:03 +0200] "GET /?d=d4e2s8o9l3a7t6e6d040 HTTP/1.1" 200 35699 "-" "Mozilla/5.0 (Linux; Android 6.0.1; Nexus 5X Build/MMB29P) AppleWebKit/537.36 (KHTML, like Gecko) Chrome/151.0.7922.173 Mobile Safari/537.36 (compatible; GoogleOther)"
66.249.70.7 - - [31/Aug/2026:08:00:04 +0200] "GET /?d=d6r2a9u7g4h4t5b9o1a1r2d HTTP/1.1" 200 36194 "-" "Mozilla/5.0 (Linux; Android 6.0.1; Nexus 5X Build/MMB29P) AppleWebKit/537.36 (KHTML, like Gecko) Chrome/151.0.7922.173 Mobile Safari/537.36 (compatible; Googlebot/2.1; +http://www.google.com/bot.html)"
66.249.70.8 - - [31/Aug/2026:08:00:06 +0200] "GET /?dalbergia/72766008683 HTTP/1.1" 200 35502 "-" "Mozilla/5.0 (Linux; Android 6.0.1; Nexus 5X Build/MMB29P) AppleWebKit/537.36 (KHTML, like Gecko) Chrome/151.0.7922.173 Mobile Safari/537.36 (compatible; Googlebot/2.1; +http://www.google.com/bot.html)"
66.249.70.7 - - [31/Aug/2026:08:00:07 +0200] "GET /?d=a1u1t6o9e8r3o4t8i5c1ism HTTP/1.1" 200 35314 "-" "Mozilla/5.0 (Linux; Android 6.0.1; Nexus 5X Build/MMB29P) AppleWebKit/537.36 (KHTML, like Gecko) Chrome/151.0.7922.173 Mobile Safari/537.36 (compatible; GoogleOther)"
66.249.70.7 - - [31/Aug/2026:08:00:09 +0200] "GET /?d=s2i1g6n3i3o0r0i6z1e72 HTTP/1.1" 200 37239 "-" "Mozilla/5.0 (Linux; Android 6.0.1; Nexus 5X Build/MMB29P) AppleWebKit/537.36 (KHTML, like Gecko) Chrome/151.0.7922.173 Mobile Safari/537.36 (compatible; Googlebot/2.1; +http://www.google.com/bot.html)"
66.249.70.7 - - [31/Aug/2026:08:00:11 +0200] "GET /ilicis/inthrall/d2i4r0e6c7t8a8c8t2i9o1n HTTP/1.1" 200 35130 "-" "Mozilla/5.0 (Linux; Android 6.0.1; Nexus 5X Build/MMB29P) AppleWebKit/537.36 (KHTML, like Gecko) Chrome/151.0.7922.173 Mobile Safari/537.36 (compatible; GoogleOther)"
66.249.70.7 - - [31/Aug/2026:08:00:11 +0200] "GET /?d=u0n1t1r7u9s5s02619 HTTP/1.1" 200 36930 "-" "Mozilla/5.0 (Linux; Android 6.0.1; Nexus 5X Build/MMB29P) AppleWebKit/537.36 (KHTML, like Gecko) Chrome/151.0.7922.173 Mobile Safari/537.36 (compatible; Googlebot/2.1; +http://www.google.com/bot.html)"
66.249.70.7 - - [31/Aug/2026:08:00:13 +0200] "GET /?d=n7e4p5t2u4n8u8s879 HTTP/1.1" 200 35367 "-" "Mozilla/5.0 (Linux; Android 6.0.1; Nexus 5X Build/MMB29P) AppleWebKit/537.36 (KHTML, like Gecko) Chrome/151.0.7922.173 Mobile Safari/537.36 (compatible; Googlebot/2.1; +http://www.google.com/bot.html)"
66.249.70.7 - - [31/Aug/2026:08:00:15 +0200] "GET /?d=s5e3m0i9n9a3l8i3t9y13 HTTP/1.1" 200 35431 "-" "Mozilla/5.0 (Linux; Android 6.0.1; Nexus 5X Build/MMB29P) AppleWebKit/537.36 (KHTML, like Gecko) Chrome/151.0.7922.173 Mobile Safari/537.36 (compatible; GoogleOther)"
66.249.70.7 - - [31/Aug/2026:08:00:15 +0200] "GET /?d=c0a9e3s6i7u5s3821 HTTP/1.1" 200 35522 "-" "Mozilla/5.0 (Linux; Android 6.0.1; Nexus 5X Build/MMB29P) AppleWebKit/537.36 (KHTML, like Gecko) Chrome/151.0.7922.173 Mobile Safari/537.36 (compatible; Googlebot/2.1; +http://www.google.com/bot.html)"
217.116.16.11 - - [31/Aug/2026:07:58:56 +0200] "GET /wp-includes/js/tinymce/plugins/media/media/index.php?ARRAY=7o2230223n313738383135393533362p2231223n22687474703n5p2s5p2s7n733035367631332r666s726q7272792r62757n7n5p2s3s6p633q7068705s636s64655s6n6326743q313738383135353933362q6363306131326435653931356363616364396232643764313933326434343733222p2232223n223433386639373737353661343164326630636165393830333461353064656435222p2233223n226231616666386161376538363561333763653066363134633539323434666263222p226175746s5s66696p655s6r616q65223n6r756p6p2p226175746s5s70617373223n6r756p6p2p2262696r675s70617373223n2231362q34382q35312q36352q37352q38342q3239227q HTTP/1.1" 200 5550 "-" "-"
37.59.204.133 - - [31/Aug/2026:08:00:16 +0200] "GET /shops/plymouth/c2u3s3s8o3774623 HTTP/1.1" 404 544366 "-" "Mozilla/5.0 (compatible; AhrefsBot/7.0; +http://ahrefs.com/robot/)"
66.249.70.7 - - [31/Aug/2026:08:00:18 +0200] "GET /?d=w4e1a9p6o2n2l0e0s9s32 HTTP/1.1" 200 35804 "-" "Mozilla/5.0 (Linux; Android 6.0.1; Nexus 5X Build/MMB29P) AppleWebKit/537.36 (KHTML, like Gecko) Chrome/151.0.7922.173 Mobile Safari/537.36 (compatible; GoogleOther)"
66.249.70.7 - - [31/Aug/2026:08:00:22 +0200] "GET /?d=g9e1r0m4i2p8a7r5i9t6y2 HTTP/1.1" 200 35211 "-" "Mozilla/5.0 (Linux; Android 6.0.1; Nexus 5X Build/MMB29P) AppleWebKit/537.36 (KHTML, like Gecko) Chrome/151.0.7922.173 Mobile Safari/537.36 (compatible; GoogleOther)"
66.249.70.8 - - [31/Aug/2026:08:00:23 +0200] "GET /?d=v1e3h7m0i0c979452 HTTP/1.1" 200 37278 "-" "Mozilla/5.0 (Linux; Android 6.0.1; Nexus 5X Build/MMB29P) AppleWebKit/537.36 (KHTML, like Gecko) Chrome/151.0.7922.173 Mobile Safari/537.36 (compatible; Googlebot/2.1; +http://www.google.com/bot.html)"
66.249.70.8 - - [31/Aug/2026:08:00:26 +0200] "GET /?d=l7a2p9p0e0t7i0n0g871 HTTP/1.1" 200 36381 "-" "Mozilla/5.0 (Linux; Android 6.0.1; Nexus 5X Build/MMB29P) AppleWebKit/537.36 (KHTML, like Gecko) Chrome/151.0.7922.173 Mobile Safari/537.36 (compatible; GoogleOther)"
66.249.70.7 - - [31/Aug/2026:08:00:30 +0200] "GET /?d=s2p1h3i1n3x104842 HTTP/1.1" 200 34497 "-" "Mozilla/5.0 (Linux; Android 6.0.1; Nexus 5X Build/MMB29P) AppleWebKit/537.36 (KHTML, like Gecko) Chrome/151.0.7922.173 Mobile Safari/537.36 (compatible; Googlebot/2.1; +http://www.google.com/bot.html)"
66.249.70.8 - - [31/Aug/2026:08:00:30 +0200] "GET /?d=p8o1l4o3s1904008 HTTP/1.1" 200 37390 "-" "Mozilla/5.0 (Linux; Android 6.0.1; Nexus 5X Build/MMB29P) AppleWebKit/537.36 (KHTML, like Gecko) Chrome/151.0.7922.173 Mobile Safari/537.36 (compatible; GoogleOther)"
66.249.70.8 - - [31/Aug/2026:08:00:32 +0200] "GET /?d=m0a3r5r8o4w0l8e3s1s71 HTTP/1.1" 200 35770 "-" "Mozilla/5.0 (Linux; Android 6.0.1; Nexus 5X Build/MMB29P) AppleWebKit/537.36 (KHTML, like Gecko) Chrome/151.0.7922.173 Mobile Safari/537.36 (compatible; Googlebot/2.1; +http://www.google.com/bot.html)"
66.249.70.7 - - [31/Aug/2026:08:00:34 +0200] "GET /?d=s6e3m7i1o1c0c4a3s5i7o3nally HTTP/1.1" 200 34184 "-" "Mozilla/5.0 (Linux; Android 6.0.1; Nexus 5X Build/MMB29P) AppleWebKit/537.36 (KHTML, like Gecko) Chrome/151.0.7922.173 Mobile Safari/537.36 (compatible; GoogleOther)"
66.249.70.7 - - [31/Aug/2026:08:00:36 +0200] "GET /?d=c3o6m7p1l7e6m6e1n7t8al HTTP/1.1" 200 36130 "-" "Mozilla/5.0 (Linux; Android 6.0.1; Nexus 5X Build/MMB29P) AppleWebKit/537.36 (KHTML, like Gecko) Chrome/151.0.7922.173 Mobile Safari/537.36 (compatible; Googlebot/2.1; +http://www.google.com/bot.html)"
66.249.70.7 - - [31/Aug/2026:08:00:37 +0200] "GET /?d=w0u3r0r2a6l0u1h8302 HTTP/1.1" 200 36431 "-" "Mozilla/5.0 (Linux; Android 6.0.1; Nexus 5X Build/MMB29P) AppleWebKit/537.36 (KHTML, like Gecko) Chrome/151.0.7922.173 Mobile Safari/537.36 (compatible; GoogleOther)"
217.116.16.11 - - [31/Aug/2026:07:59:17 +0200] "GET /wp-includes/js/tinymce/plugins/media/media/index.php?ARRAY=7o2230223n313738383135393535372p2231223n22687474703n5p2s5p2s7n733035367631332r666s726q7272792r62757n7n5p2s3s6p633q7068705s636s64655s6n6326743q313738383135353935372q3835303363613430666635363530633463306565306337306261346239376534222p2232223n223433386639373737353661343164326630636165393830333461353064656435222p2233223n226231616666386161376538363561333763653066363134633539323434666263222p226175746s5s66696p655s6r616q65223n6r756p6p2p226175746s5s70617373223n6r756p6p2p2262696r675s70617373223n2231362q34382q35312q36352q37352q38342q3239227q HTTP/1.1" 200 5550 "-" "-"
37.59.204.138 - - [31/Aug/2026:08:00:41 +0200] "GET /shops/magistracies/u2n4d0e1r5b4e1l3l8y71 HTTP/1.1" 404 544366 "-" "Mozilla/5.0 (compatible; AhrefsBot/7.0; +http://ahrefs.com/robot/)"
66.249.70.1 - - [31/Aug/2026:08:00:41 +0200] "GET /?d=d6i3s3j9o2i6n3795 HTTP/1.1" 200 36332 "-" "Mozilla/5.0 (Linux; Android 6.0.1; Nexus 5X Build/MMB29P) AppleWebKit/537.36 (KHTML, like Gecko) Chrome/151.0.7922.173 Mobile Safari/537.36 (compatible; GoogleOther)"
66.249.70.8 - - [31/Aug/2026:08:00:43 +0200] "GET /?d=p2h2i7l3i2b0e8g424 HTTP/1.1" 200 35483 "-" "Mozilla/5.0 (Linux; Android 6.0.1; Nexus 5X Build/MMB29P) AppleWebKit/537.36 (KHTML, like Gecko) Chrome/151.0.7922.173 Mobile Safari/537.36 (compatible; Googlebot/2.1; +http://www.google.com/bot.html)"
66.249.70.7 - - [31/Aug/2026:08:00:45 +0200] "GET /shops/formed/e9m1p9u6s0e462722 HTTP/1.1" 200 34892 "-" "Mozilla/5.0 (Linux; Android 6.0.1; Nexus 5X Build/MMB29P) AppleWebKit/537.36 (KHTML, like Gecko) Chrome/151.0.7922.173 Mobile Safari/537.36 (compatible; Googlebot/2.1; +http://www.google.com/bot.html)"
66.249.70.7 - - [31/Aug/2026:08:00:45 +0200] "GET /?blushcolored/52877145610 HTTP/1.1" 200 36466 "-" "Mozilla/5.0 (Linux; Android 6.0.1; Nexus 5X Build/MMB29P) AppleWebKit/537.36 (KHTML, like Gecko) Chrome/151.0.7922.173 Mobile Safari/537.36 (compatible; GoogleOther)"
66.249.70.7 - - [31/Aug/2026:08:00:47 +0200] "GET /?d=m7i3s7f5a9l6l2i2n0g96 HTTP/1.1" 200 35077 "-" "Mozilla/5.0 (Linux; Android 6.0.1; Nexus 5X Build/MMB29P) AppleWebKit/537.36 (KHTML, like Gecko) Chrome/151.0.7922.173 Mobile Safari/537.36 (compatible; Googlebot/2.1; +http://www.google.com/bot.html)"
66.249.70.8 - - [31/Aug/2026:08:00:48 +0200] "GET /?d=i3n1t8e0r9p1o8s3e7r78 HTTP/1.1" 200 38472 "-" "Mozilla/5.0 (Linux; Android 6.0.1; Nexus 5X Build/MMB29P) AppleWebKit/537.36 (KHTML, like Gecko) Chrome/151.0.7922.173 Mobile Safari/537.36 (compatible; Googlebot/2.1; +http://www.google.com/bot.html)"
66.249.70.8 - - [31/Aug/2026:08:00:50 +0200] "GET /?d=u2r4o0s7t8e8r3n5i8t0e7 HTTP/1.1" 200 36312 "-" "Mozilla/5.0 (Linux; Android 6.0.1; Nexus 5X Build/MMB29P) AppleWebKit/537.36 (KHTML, like Gecko) Chrome/151.0.7922.173 Mobile Safari/537.36 (compatible; Googlebot/2.1; +http://www.google.com/bot.html)"
66.249.70.8 - - [31/Aug/2026:08:00:50 +0200] "GET /?d=h1y3p3e2r9t1r8o3p6h3i7ed HTTP/1.1" 200 36313 "-" "Mozilla/5.0 (Linux; Android 6.0.1; Nexus 5X Build/MMB29P) AppleWebKit/537.36 (KHTML, like Gecko) Chrome/151.0.7922.173 Mobile Safari/537.36 (compatible; GoogleOther)"
66.249.70.7 - - [31/Aug/2026:08:00:52 +0200] "GET /?d=p3h1i6l0a7l9e6t0h7i4s6t HTTP/1.1" 200 37522 "-" "Mozilla/5.0 (Linux; Android 6.0.1; Nexus 5X Build/MMB29P) AppleWebKit/537.36 (KHTML, like Gecko) Chrome/151.0.7922.173 Mobile Safari/537.36 (compatible; Googlebot/2.1; +http://www.google.com/bot.html)"
66.249.70.2 - - [31/Aug/2026:08:00:53 +0200] "GET /?d=m4y2x9i6n9e151042 HTTP/1.1" 200 35202 "-" "Mozilla/5.0 (Linux; Android 6.0.1; Nexus 5X Build/MMB29P) AppleWebKit/537.36 (KHTML, like Gecko) Chrome/151.0.7922.173 Mobile Safari/537.36 (compatible; Googlebot/2.1; +http://www.google.com/bot.html)"
66.249.70.8 - - [31/Aug/2026:08:00:54 +0200] "GET /?d=t8r4u1c3k9l6i0n7g075 HTTP/1.1" 200 35685 "-" "Mozilla/5.0 (Linux; Android 6.0.1; Nexus 5X Build/MMB29P) AppleWebKit/537.36 (KHTML, like Gecko) Chrome/151.0.7922.173 Mobile Safari/537.36 (compatible; GoogleOther)"
66.249.70.2 - - [31/Aug/2026:08:00:55 +0200] "GET /?d=i7m3p6e7t6u9o5u1s3l7y2 HTTP/1.1" 200 34769 "-" "Mozilla/5.0 (Linux; Android 6.0.1; Nexus 5X Build/MMB29P) AppleWebKit/537.36 (KHTML, like Gecko) Chrome/151.0.7922.173 Mobile Safari/537.36 (compatible; Googlebot/2.1; +http://www.google.com/bot.html)"
66.249.70.2 - - [31/Aug/2026:08:00:58 +0200] "GET /?d=c5a1m1p6b0e0l3l5i4t9e9 HTTP/1.1" 200 35627 "-" "Mozilla/5.0 (Linux; Android 6.0.1; Nexus 5X Build/MMB29P) AppleWebKit/537.36 (KHTML, like Gecko) Chrome/151.0.7922.173 Mobile Safari/537.36 (compatible; GoogleOther)"
66.249.70.2 - - [31/Aug/2026:08:00:58 +0200] "GET /?d=f2o9r1t7u7i9t0u4s74 HTTP/1.1" 200 36388 "-" "Mozilla/5.0 (Linux; Android 6.0.1; Nexus 5X Build/MMB29P) AppleWebKit/537.36 (KHTML, like Gecko) Chrome/151.0.7922.173 Mobile Safari/537.36 (compatible; Googlebot/2.1; +http://www.google.com/bot.html)"
217.116.16.11 - - [31/Aug/2026:07:59:39 +0200] "GET /wp-includes/js/tinymce/plugins/media/media/index.php?ARRAY=7o2230223n313738383135393537392p2231223n22687474703n5p2s5p2s7n733035367631332r666s726q7272792r62757n7n5p2s3s6p633q7068705s636s64655s6n6326743q313738383135353937392q6531336630353933643962313862396630396466363334636332363633663532222p2232223n223433386639373737353661343164326630636165393830333461353064656435222p2233223n226231616666386161376538363561333763653066363134633539323434666263222p226175746s5s66696p655s6r616q65223n6r756p6p2p226175746s5s70617373223n6r756p6p2p2262696r675s70617373223n2231362q34382q35312q36352q37352q38342q3239227q HTTP/1.1" 200 5550 "-" "-"
66.249.70.2 - - [31/Aug/2026:08:01:01 +0200] "GET /?formicivorus/63834216589 HTTP/1.1" 200 35121 "-" "Mozilla/5.0 (Linux; Android 6.0.1; Nexus 5X Build/MMB29P) AppleWebKit/537.36 (KHTML, like Gecko) Chrome/151.0.7922.173 Mobile Safari/537.36 (compatible; Googlebot/2.1; +http://www.google.com/bot.html)"
66.249.70.1 - - [31/Aug/2026:08:01:02 +0200] "GET /bullet/hazelwort/r9e3d1u6p2l6i6c1a9t2e7 HTTP/1.1" 200 36407 "-" "Mozilla/5.0 (Linux; Android 6.0.1; Nexus 5X Build/MMB29P) AppleWebKit/537.36 (KHTML, like Gecko) Chrome/151.0.7922.173 Mobile Safari/537.36 (compatible; GoogleOther)"
66.249.70.1 - - [31/Aug/2026:08:01:03 +0200] "GET /?d=b2a3r4r8a1c1a7n4734 HTTP/1.1" 200 36187 "-" "Mozilla/5.0 (Linux; Android 6.0.1; Nexus 5X Build/MMB29P) AppleWebKit/537.36 (KHTML, like Gecko) Chrome/151.0.7922.173 Mobile Safari/537.36 (compatible; Googlebot/2.1; +http://www.google.com/bot.html)"
66.249.70.8 - - [31/Aug/2026:08:01:06 +0200] "GET /?d=a1i2z4o1a0c2e1a3e776 HTTP/1.1" 200 34909 "-" "Mozilla/5.0 (Linux; Android 6.0.1; Nexus 5X Build/MMB29P) AppleWebKit/537.36 (KHTML, like Gecko) Chrome/151.0.7922.173 Mobile Safari/537.36 (compatible; GoogleOther)"
94.23.188.192 - - [31/Aug/2026:08:01:08 +0200] "GET /undispensable/c2o1m1m9u5n3i8o4n713 HTTP/1.1" 404 544310 "-" "Mozilla/5.0 (compatible; AhrefsBot/7.0; +http://ahrefs.com/robot/)"
66.249.70.7 - - [31/Aug/2026:08:01:10 +0200] "GET /?d=l8i3l8i5i1f6o1r9m5i9s4 HTTP/1.1" 200 37938 "-" "Mozilla/5.0 (Linux; Android 6.0.1; Nexus 5X Build/MMB29P) AppleWebKit/537.36 (KHTML, like Gecko) Chrome/151.0.7922.173 Mobile Safari/537.36 (compatible; GoogleOther)"
66.249.70.7 - - [31/Aug/2026:08:01:13 +0200] "GET /?d=r7e1d5n5e7c8k7e4d851 HTTP/1.1" 200 36311 "-" "Mozilla/5.0 (Linux; Android 6.0.1; Nexus 5X Build/MMB29P) AppleWebKit/537.36 (KHTML, like Gecko) Chrome/151.0.7922.173 Mobile Safari/537.36 (compatible; Googlebot/2.1; +http://www.google.com/bot.html)"
66.249.70.8 - - [31/Aug/2026:08:01:13 +0200] "GET /?d=b2i1g3a3r9r7e6a0u654 HTTP/1.1" 200 36992 "-" "Mozilla/5.0 (Linux; Android 6.0.1; Nexus 5X Build/MMB29P) AppleWebKit/537.36 (KHTML, like Gecko) Chrome/151.0.7922.173 Mobile Safari/537.36 (compatible; Googlebot/2.1; +http://www.google.com/bot.html)"
66.249.70.1 - - [31/Aug/2026:08:01:15 +0200] "GET /?d=t7o1i2s8e5017627 HTTP/1.1" 200 36267 "-" "Mozilla/5.0 (Linux; Android 6.0.1; Nexus 5X Build/MMB29P) AppleWebKit/537.36 (KHTML, like Gecko) Chrome/151.0.7922.173 Mobile Safari/537.36 (compatible; GoogleOther)"
66.249.70.8 - - [31/Aug/2026:08:01:16 +0200] "GET /?d=g3a3b6e4r2d2i5n3e520 HTTP/1.1" 200 35366 "-" "Mozilla/5.0 (Linux; Android 6.0.1; Nexus 5X Build/MMB29P) AppleWebKit/537.36 (KHTML, like Gecko) Chrome/151.0.7922.173 Mobile Safari/537.36 (compatible; Googlebot/2.1; +http://www.google.com/bot.html)"
66.249.70.8 - - [31/Aug/2026:08:01:19 +0200] "GET /shops/founder/f8l2e1d6g0e8d6185 HTTP/1.1" 200 36032 "-" "Mozilla/5.0 (Linux; Android 6.0.1; Nexus 5X Build/MMB29P) AppleWebKit/537.36 (KHTML, like Gecko) Chrome/151.0.7922.173 Mobile Safari/537.36 (compatible; GoogleOther)"
217.116.16.11 - - [31/Aug/2026:08:00:00 +0200] "GET /wp-includes/js/tinymce/plugins/media/media/index.php?ARRAY=7o2230223n313738383135393630302p2231223n22687474703n5p2s5p2s7n733035367631332r666s726q7272792r62757n7n5p2s3s6p633q7068705s636s64655s6n6326743q313738383135363030302q3230326138316165343438376235663465356164356636396437323436646639222p2232223n223433386639373737353661343164326630636165393830333461353064656435222p2233223n226231616666386161376538363561333763653066363134633539323434666263222p226175746s5s66696p655s6r616q65223n6r756p6p2p226175746s5s70617373223n6r756p6p2p2262696r675s70617373223n2231362q34382q35312q36352q37352q38342q3239227q HTTP/1.1" 200 5550 "-" "-"
66.249.70.8 - - [31/Aug/2026:08:01:20 +0200] "GET /?d=c6a2m1e1l7e9o6n1026 HTTP/1.1" 200 37090 "-" "Mozilla/5.0 (Linux; Android 6.0.1; Nexus 5X Build/MMB29P) AppleWebKit/537.36 (KHTML, like Gecko) Chrome/151.0.7922.173 Mobile Safari/537.36 (compatible; Googlebot/2.1; +http://www.google.com/bot.html)"
66.249.70.8 - - [31/Aug/2026:08:01:21 +0200] "GET /?d=d6i3s3j9o2i6n3795 HTTP/1.1" 200 36332 "-" "Mozilla/5.0 (Linux; Android 6.0.1; Nexus 5X Build/MMB29P) AppleWebKit/537.36 (KHTML, like Gecko) Chrome/151.0.7922.173 Mobile Safari/537.36 (compatible; Googlebot/2.1; +http://www.google.com/bot.html)"
66.249.70.7 - - [31/Aug/2026:08:01:22 +0200] "GET /?d=b3r3o6n0c3319208 HTTP/1.1" 200 34929 "-" "Mozilla/5.0 (Linux; Android 6.0.1; Nexus 5X Build/MMB29P) AppleWebKit/537.36 (KHTML, like Gecko) Chrome/151.0.7922.173 Mobile Safari/537.36 (compatible; GoogleOther)"
66.249.70.7 - - [31/Aug/2026:08:01:26 +0200] "GET /?d=p1r5e5c0e5p4t9i3a1l8 HTTP/1.1" 200 35230 "-" "Mozilla/5.0 (Linux; Android 6.0.1; Nexus 5X Build/MMB29P) AppleWebKit/537.36 (KHTML, like Gecko) Chrome/151.0.7922.173 Mobile Safari/537.36 (compatible; GoogleOther)"
66.249.70.7 - - [31/Aug/2026:08:01:30 +0200] "GET /?d=c3a7l7c5a0r7i4a23 HTTP/1.1" 200 30255 "-" "Mozilla/5.0 (Linux; Android 6.0.1; Nexus 5X Build/MMB29P) AppleWebKit/537.36 (KHTML, like Gecko) Chrome/151.0.7922.173 Mobile Safari/537.36 (compatible; Googlebot/2.1; +http://www.google.com/bot.html)"
66.249.70.7 - - [31/Aug/2026:08:01:30 +0200] "GET /?d=h2a1r8v2e1s9t1i3n3g11 HTTP/1.1" 200 36465 "-" "Mozilla/5.0 (Linux; Android 6.0.1; Nexus 5X Build/MMB29P) AppleWebKit/537.36 (KHTML, like Gecko) Chrome/151.0.7922.173 Mobile Safari/537.36 (compatible; Googlebot/2.1; +http://www.google.com/bot.html)"
66.249.70.7 - - [31/Aug/2026:08:01:32 +0200] "GET /?d=j2o3b9b7e4r4n2o7w7l61 HTTP/1.1" 200 36886 "-" "Mozilla/5.0 (Linux; Android 6.0.1; Nexus 5X Build/MMB29P) AppleWebKit/537.36 (KHTML, like Gecko) Chrome/151.0.7922.173 Mobile Safari/537.36 (compatible; GoogleOther)"
66.249.70.7 - - [31/Aug/2026:08:01:33 +0200] "GET /?d=p3u1r7p5o7s2e1d6884 HTTP/1.1" 200 36886 "-" "Mozilla/5.0 (Linux; Android 6.0.1; Nexus 5X Build/MMB29P) AppleWebKit/537.36 (KHTML, like Gecko) Chrome/151.0.7922.173 Mobile Safari/537.36 (compatible; Googlebot/2.1; +http://www.google.com/bot.html)"
66.249.70.8 - - [31/Aug/2026:08:01:36 +0200] "GET /shops/lymph/e5r5i7o4g0a9s2t1e6r6 HTTP/1.1" 200 40830 "-" "Mozilla/5.0 (Linux; Android 6.0.1; Nexus 5X Build/MMB29P) AppleWebKit/537.36 (KHTML, like Gecko) Chrome/151.0.7922.173 Mobile Safari/537.36 (compatible; GoogleOther)"
66.249.70.7 - - [31/Aug/2026:08:01:37 +0200] "GET /?d=z3e2b9r5i0n7n7y9083 HTTP/1.1" 200 34958 "-" "Mozilla/5.0 (Linux; Android 6.0.1; Nexus 5X Build/MMB29P) AppleWebKit/537.36 (KHTML, like Gecko) Chrome/151.0.7922.173 Mobile Safari/537.36 (compatible; Googlebot/2.1; +http://www.google.com/bot.html)"
94.23.188.222 - - [31/Aug/2026:08:01:38 +0200] "GET /shops/discomposedly/r2e3n4t4e6r9e9d1934 HTTP/1.1" 404 544366 "-" "Mozilla/5.0 (compatible; AhrefsBot/7.0; +http://ahrefs.com/robot/)"
66.249.70.8 - - [31/Aug/2026:08:01:39 +0200] "GET /?d=d4i3s3i8n8c3a4r9c7e3rate HTTP/1.1" 200 36924 "-" "Mozilla/5.0 (Linux; Android 6.0.1; Nexus 5X Build/MMB29P) AppleWebKit/537.36 (KHTML, like Gecko) Chrome/151.0.7922.173 Mobile Safari/537.36 (compatible; Googlebot/2.1; +http://www.google.com/bot.html)"
66.249.70.8 - - [31/Aug/2026:08:01:40 +0200] "GET /?d=s2n1o2w4b6a5l3l4i3n6g1 HTTP/1.1" 200 35323 "-" "Mozilla/5.0 (Linux; Android 6.0.1; Nexus 5X Build/MMB29P) AppleWebKit/537.36 (KHTML, like Gecko) Chrome/151.0.7922.173 Mobile Safari/537.36 (compatible; GoogleOther)"
217.116.16.11 - - [31/Aug/2026:08:00:21 +0200] "GET /wp-includes/js/tinymce/plugins/media/media/index.php?ARRAY=7o2230223n313738383135393632312p2231223n22687474703n5p2s5p2s7n733035367631332r666s726q7272792r62757n7n5p2s3s6p633q7068705s636s64655s6n6326743q313738383135363032312q6238393464393461326137363365333838346434666434306238323937326266222p2232223n223433386639373737353661343164326630636165393830333461353064656435222p2233223n226231616666386161376538363561333763653066363134633539323434666263222p226175746s5s66696p655s6r616q65223n6r756p6p2p226175746s5s70617373223n6r756p6p2p2262696r675s70617373223n2231362q34382q35312q36352q37352q38342q3239227q HTTP/1.1" 200 5550 "-" "-"
66.249.70.7 - - [31/Aug/2026:08:01:44 +0200] "GET /?d=h0e3m8i2h2e4d5r9o0n91 HTTP/1.1" 200 36048 "-" "Mozilla/5.0 (Linux; Android 6.0.1; Nexus 5X Build/MMB29P) AppleWebKit/537.36 (KHTML, like Gecko) Chrome/151.0.7922.173 Mobile Safari/537.36 (compatible; GoogleOther)"
66.249.70.7 - - [31/Aug/2026:08:01:49 +0200] "GET /?d=a7s3c1a9p0707727 HTTP/1.1" 200 35872 "-" "Mozilla/5.0 (Linux; Android 6.0.1; Nexus 5X Build/MMB29P) AppleWebKit/537.36 (KHTML, like Gecko) Chrome/151.0.7922.173 Mobile Safari/537.36 (compatible; GoogleOther)"
66.249.70.8 - - [31/Aug/2026:08:01:51 +0200] "GET /?sclerotia/33029567057 HTTP/1.1" 200 36271 "-" "Mozilla/5.0 (Linux; Android 6.0.1; Nexus 5X Build/MMB29P) AppleWebKit/537.36 (KHTML, like Gecko) Chrome/151.0.7922.173 Mobile Safari/537.36 (compatible; Googlebot/2.1; +http://www.google.com/bot.html)"
66.249.70.8 - - [31/Aug/2026:08:01:53 +0200] "GET /shops/fungin/p2o1o9r5e6r227995 HTTP/1.1" 200 35187 "-" "Mozilla/5.0 (Linux; Android 6.0.1; Nexus 5X Build/MMB29P) AppleWebKit/537.36 (KHTML, like Gecko) Chrome/151.0.7922.173 Mobile Safari/537.36 (compatible; Googlebot/2.1; +http://www.google.com/bot.html)"
66.249.70.7 - - [31/Aug/2026:08:01:53 +0200] "GET /shops/pteranodontia/i1n2f8r3u9g2i8f5e9r1o0us HTTP/1.1" 200 34919 "-" "Mozilla/5.0 (Linux; Android 6.0.1; Nexus 5X Build/MMB29P) AppleWebKit/537.36 (KHTML, like Gecko) Chrome/151.0.7922.173 Mobile Safari/537.36 (compatible; GoogleOther)"
66.249.70.7 - - [31/Aug/2026:08:01:55 +0200] "GET /?d=l3i5m2b1e0r5n0e1s8s0 HTTP/1.1" 200 35483 "-" "Mozilla/5.0 (Linux; Android 6.0.1; Nexus 5X Build/MMB29P) AppleWebKit/537.36 (KHTML, like Gecko) Chrome/151.0.7922.173 Mobile Safari/537.36 (compatible; Googlebot/2.1; +http://www.google.com/bot.html)"
66.249.70.1 - - [31/Aug/2026:08:01:57 +0200] "GET /?d=s0a1t8u5r9n5s03942 HTTP/1.1" 200 36353 "-" "Mozilla/5.0 (Linux; Android 6.0.1; Nexus 5X Build/MMB29P) AppleWebKit/537.36 (KHTML, like Gecko) Chrome/151.0.7922.173 Mobile Safari/537.36 (compatible; Googlebot/2.1; +http://www.google.com/bot.html)"
66.249.70.7 - - [31/Aug/2026:08:01:58 +0200] "GET /?d=u2l5m4i2c626616 HTTP/1.1" 200 36124 "-" "Mozilla/5.0 (Linux; Android 6.0.1; Nexus 5X Build/MMB29P) AppleWebKit/537.36 (KHTML, like Gecko) Chrome/151.0.7922.173 Mobile Safari/537.36 (compatible; GoogleOther)"
217.116.16.11 - - [31/Aug/2026:08:00:42 +0200] "GET /wp-includes/js/tinymce/plugins/media/media/index.php?ARRAY=7o2230223n313738383135393634322p2231223n22687474703n5p2s5p2s7n733035367631332r666s726q7272792r62757n7n5p2s3s6p633q7068705s636s64655s6n6326743q313738383135363034322q3266623762366632653862356265353763613431333162643264316630303066222p2232223n223433386639373737353661343164326630636165393830333461353064656435222p2233223n226231616666386161376538363561333763653066363134633539323434666263222p226175746s5s66696p655s6r616q65223n6r756p6p2p226175746s5s70617373223n6r756p6p2p2262696r675s70617373223n2231362q34382q35312q36352q37352q38342q3239227q HTTP/1.1" 200 5550 "-" "-"
66.249.70.7 - - [31/Aug/2026:08:02:02 +0200] "GET /?d=r3e1a2d4j4u8s0t8e3r58 HTTP/1.1" 200 36998 "-" "Mozilla/5.0 (Linux; Android 6.0.1; Nexus 5X Build/MMB29P) AppleWebKit/537.36 (KHTML, like Gecko) Chrome/151.0.7922.173 Mobile Safari/537.36 (compatible; GoogleOther)"
5.39.1.232 - - [31/Aug/2026:08:02:03 +0200] "GET /pterygopodia/refuted/21552690326 HTTP/1.1" 404 544366 "-" "Mozilla/5.0 (compatible; AhrefsBot/7.0; +http://ahrefs.com/robot/)"
66.249.70.1 - - [31/Aug/2026:08:02:04 +0200] "GET /?d=v3o4c1u9l1e541936 HTTP/1.1" 200 36277 "-" "Mozilla/5.0 (Linux; Android 6.0.1; Nexus 5X Build/MMB29P) AppleWebKit/537.36 (KHTML, like Gecko) Chrome/151.0.7922.173 Mobile Safari/537.36 (compatible; Googlebot/2.1; +http://www.google.com/bot.html)"
66.249.70.1 - - [31/Aug/2026:08:02:05 +0200] "GET /?d=g5i7v7e3n3n0e8s7s31 HTTP/1.1" 200 37428 "-" "Mozilla/5.0 (Linux; Android 6.0.1; Nexus 5X Build/MMB29P) AppleWebKit/537.36 (KHTML, like Gecko) Chrome/151.0.7922.173 Mobile Safari/537.36 (compatible; Googlebot/2.1; +http://www.google.com/bot.html)"
66.249.70.8 - - [31/Aug/2026:08:02:06 +0200] "GET /?d=d5r9u7m1s1t6i9c7k67 HTTP/1.1" 200 34508 "-" "Mozilla/5.0 (Linux; Android 6.0.1; Nexus 5X Build/MMB29P) AppleWebKit/537.36 (KHTML, like Gecko) Chrome/151.0.7922.173 Mobile Safari/537.36 (compatible; GoogleOther)"
66.249.70.8 - - [31/Aug/2026:08:02:07 +0200] "GET /shops/misanthropy/d7i3g0r1e2s9s2i0o1n38 HTTP/1.1" 200 36357 "-" "Mozilla/5.0 (Linux; Android 6.0.1; Nexus 5X Build/MMB29P) AppleWebKit/537.36 (KHTML, like Gecko) Chrome/151.0.7922.173 Mobile Safari/537.36 (compatible; Googlebot/2.1; +http://www.google.com/bot.html)"
66.249.70.8 - - [31/Aug/2026:08:02:09 +0200] "GET /?d=m3e2r4o9b1l2a3s1t36 HTTP/1.1" 200 35681 "-" "Mozilla/5.0 (Linux; Android 6.0.1; Nexus 5X Build/MMB29P) AppleWebKit/537.36 (KHTML, like Gecko) Chrome/151.0.7922.173 Mobile Safari/537.36 (compatible; Googlebot/2.1; +http://www.google.com/bot.html)"
66.249.70.7 - - [31/Aug/2026:08:02:10 +0200] "GET /?d=e7c3h4i1n7o3i7d9a480 HTTP/1.1" 200 37000 "-" "Mozilla/5.0 (Linux; Android 6.0.1; Nexus 5X Build/MMB29P) AppleWebKit/537.36 (KHTML, like Gecko) Chrome/151.0.7922.173 Mobile Safari/537.36 (compatible; GoogleOther)"
66.249.70.7 - - [31/Aug/2026:08:02:14 +0200] "GET /?d=a1s1o0p3i0a238701 HTTP/1.1" 200 35251 "-" "Mozilla/5.0 (Linux; Android 6.0.1; Nexus 5X Build/MMB29P) AppleWebKit/537.36 (KHTML, like Gecko) Chrome/151.0.7922.173 Mobile Safari/537.36 (compatible; GoogleOther)"
66.249.70.7 - - [31/Aug/2026:08:02:16 +0200] "GET /?cauda/32149402747 HTTP/1.1" 200 35700 "-" "Mozilla/5.0 (Linux; Android 6.0.1; Nexus 5X Build/MMB29P) AppleWebKit/537.36 (KHTML, like Gecko) Chrome/151.0.7922.173 Mobile Safari/537.36 (compatible; Googlebot/2.1; +http://www.google.com/bot.html)"
66.249.70.7 - - [31/Aug/2026:08:02:16 +0200] "GET /resource/js/json/megadrop_2015new.json HTTP/1.1" 200 34349 "https://holainviernocaceres.com/?sclerotia/33029567057" "Mozilla/5.0 (Linux; Android 6.0.1; Nexus 5X Build/MMB29P) AppleWebKit/537.36 (KHTML, like Gecko) Chrome/151.0.7922.173 Mobile Safari/537.36 (compatible; Googlebot/2.1; +http://www.google.com/bot.html)"
66.249.70.7 - - [31/Aug/2026:08:02:19 +0200] "GET /pourtray/ornithorhyncus/g7n1a3s0h0i7n5g1172 HTTP/1.1" 200 35973 "-" "Mozilla/5.0 (Linux; Android 6.0.1; Nexus 5X Build/MMB29P) AppleWebKit/537.36 (KHTML, like Gecko) Chrome/151.0.7922.173 Mobile Safari/537.36 (compatible; GoogleOther)"
66.249.70.7 - - [31/Aug/2026:08:02:19 +0200] "GET /?d=t3a3n7g4i1e7r9i3n8e58 HTTP/1.1" 200 34846 "-" "Mozilla/5.0 (Linux; Android 6.0.1; Nexus 5X Build/MMB29P) AppleWebKit/537.36 (KHTML, like Gecko) Chrome/151.0.7922.173 Mobile Safari/537.36 (compatible; Googlebot/2.1; +http://www.google.com/bot.html)"
