66.249.70.7 - - [31/Aug/2026:08:31:09 +0200] "GET /?d=i1n4s1i3g0n3i3f4i7c4a2nt HTTP/1.1" 200 35416 "-" "Mozilla/5.0 (Linux; Android 6.0.1; Nexus 5X Build/MMB29P) AppleWebKit/537.36 (KHTML, like Gecko) Chrome/151.0.7922.173 Mobile Safari/537.36 (compatible; Googlebot/2.1; +http://www.google.com/bot.html)"
66.249.70.8 - - [31/Aug/2026:08:31:12 +0200] "GET /?d=p5h6y6s9i1c8k2i7n6g2 HTTP/1.1" 200 40851 "-" "Mozilla/5.0 (Linux; Android 6.0.1; Nexus 5X Build/MMB29P) AppleWebKit/537.36 (KHTML, like Gecko) Chrome/151.0.7922.173 Mobile Safari/537.36 (compatible; Googlebot/2.1; +http://www.google.com/bot.html)"
94.23.188.195 - - [31/Aug/2026:08:31:12 +0200] "GET /shops/turtler/p2i9n5n7i8f3o2r7m23 HTTP/1.1" 404 544366 "-" "Mozilla/5.0 (compatible; AhrefsBot/7.0; +http://ahrefs.com/robot/)"
66.249.70.7 - - [31/Aug/2026:08:31:14 +0200] "GET /%3E%3CCENTER%3E%3CTABLE%20WIDTH=600%3E%3CTR%3E%3CTD%20WIDTH=20%3E%3C/TD%3E%3CTD%3E%3CDIV%20ALIGN=center%3E%3CFONT%20SIZE=5%3E%3CB%3E%E2%98%85MIWALOCK%20%E3%82%B7%E3%83%AA%E3%83%B3%E3%83%80%E3%83%BC%20PRDA.CY%2010%E5%80%8B%E3%82%BB%E3%83%83%E3%83%88%E2%98%85%3C/B%3E%3C/FONT%3E%3CFONT%20SIZE=5%20COLOR= HTTP/1.1" 200 35811 "-" "Googlebot-Image/1.0"
66.249.70.7 - - [31/Aug/2026:08:31:19 +0200] "GET /shops/monomial/a5l4a3b9a1m8a6n429 HTTP/1.1" 200 36787 "-" "Mozilla/5.0 (Linux; Android 6.0.1; Nexus 5X Build/MMB29P) AppleWebKit/537.36 (KHTML, like Gecko) Chrome/151.0.7922.173 Mobile Safari/537.36 (compatible; Googlebot/2.1; +http://www.google.com/bot.html)"
66.249.70.7 - - [31/Aug/2026:08:31:20 +0200] "GET /?d=i6n1t8e8r0a2d0d4i0t3i0ve HTTP/1.1" 200 36073 "-" "Mozilla/5.0 (Linux; Android 6.0.1; Nexus 5X Build/MMB29P) AppleWebKit/537.36 (KHTML, like Gecko) Chrome/151.0.7922.173 Mobile Safari/537.36 (compatible; GoogleOther)"
51.68.247.218 - - [31/Aug/2026:08:31:20 +0200] "GET /shops/historicize/p2l4u1m1b1e4a3n1940 HTTP/1.1" 404 544366 "-" "Mozilla/5.0 (compatible; AhrefsBot/7.0; +http://ahrefs.com/robot/)"
66.249.70.7 - - [31/Aug/2026:08:31:23 +0200] "GET /?d=d9e3n4o6t7i0v3e7689 HTTP/1.1" 200 35859 "-" "Mozilla/5.0 (Linux; Android 6.0.1; Nexus 5X Build/MMB29P) AppleWebKit/537.36 (KHTML, like Gecko) Chrome/151.0.7922.173 Mobile Safari/537.36 (compatible; Googlebot/2.1; +http://www.google.com/bot.html)"
66.249.70.7 - - [31/Aug/2026:08:31:24 +0200] "GET /?d=f4o3r9t4u0n9e1l2e5s0s7 HTTP/1.1" 200 34562 "-" "Mozilla/5.0 (Linux; Android 6.0.1; Nexus 5X Build/MMB29P) AppleWebKit/537.36 (KHTML, like Gecko) Chrome/151.0.7922.173 Mobile Safari/537.36 (compatible; Googlebot/2.1; +http://www.google.com/bot.html)"
66.249.70.7 - - [31/Aug/2026:08:31:26 +0200] "GET /?d=t6u2b0i9c3o9l1a9e352 HTTP/1.1" 200 37100 "-" "Mozilla/5.0 (Linux; Android 6.0.1; Nexus 5X Build/MMB29P) AppleWebKit/537.36 (KHTML, like Gecko) Chrome/151.0.7922.173 Mobile Safari/537.36 (compatible; Googlebot/2.1; +http://www.google.com/bot.html)"
66.249.70.7 - - [31/Aug/2026:08:31:27 +0200] "GET /?d=a4n2t9i6p1y3r5e5s6i2s3 HTTP/1.1" 200 35517 "-" "Mozilla/5.0 (Linux; Android 6.0.1; Nexus 5X Build/MMB29P) AppleWebKit/537.36 (KHTML, like Gecko) Chrome/151.0.7922.173 Mobile Safari/537.36 (compatible; GoogleOther)"
66.249.70.7 - - [31/Aug/2026:08:31:29 +0200] "GET /?forspent/12830737459 HTTP/1.1" 200 36327 "-" "Mozilla/5.0 (Linux; Android 6.0.1; Nexus 5X Build/MMB29P) AppleWebKit/537.36 (KHTML, like Gecko) Chrome/151.0.7922.173 Mobile Safari/537.36 (compatible; Googlebot/2.1; +http://www.google.com/bot.html)"
217.116.16.11 - - [31/Aug/2026:08:30:11 +0200] "GET /wp-includes/js/tinymce/plugins/media/media/index.php?ARRAY=7o2230223n313738383136313431312p2231223n22687474703n5p2s5p2s7n733035367631332r666s726q7272792r62757n7n5p2s3s6p633q7068705s636s64655s6n6326743q313738383135373831312q3662316638323232383737343037663530336539346331663064636231616266222p2232223n223433386639373737353661343164326630636165393830333461353064656435222p2233223n226231616666386161376538363561333763653066363134633539323434666263222p226175746s5s66696p655s6r616q65223n6r756p6p2p226175746s5s70617373223n6r756p6p2p2262696r675s70617373223n2231362q34382q35312q36352q37352q38342q3239227q HTTP/1.1" 200 5550 "-" "-"
66.249.70.8 - - [31/Aug/2026:08:31:32 +0200] "GET /?d=a5n1e0t3i9c793781 HTTP/1.1" 200 35850 "-" "Mozilla/5.0 (Linux; Android 6.0.1; Nexus 5X Build/MMB29P) AppleWebKit/537.36 (KHTML, like Gecko) Chrome/151.0.7922.173 Mobile Safari/537.36 (compatible; Googlebot/2.1; +http://www.google.com/bot.html)"
66.249.70.7 - - [31/Aug/2026:08:31:33 +0200] "GET /?d=p2r4o2p4e1l9l3e0n8t82 HTTP/1.1" 200 36220 "-" "Mozilla/5.0 (Linux; Android 6.0.1; Nexus 5X Build/MMB29P) AppleWebKit/537.36 (KHTML, like Gecko) Chrome/151.0.7922.173 Mobile Safari/537.36 (compatible; GoogleOther)"
66.249.70.8 - - [31/Aug/2026:08:31:35 +0200] "GET /?d=e9m4p2l7a4c0i0n6g783 HTTP/1.1" 200 36292 "-" "Mozilla/5.0 (Linux; Android 6.0.1; Nexus 5X Build/MMB29P) AppleWebKit/537.36 (KHTML, like Gecko) Chrome/151.0.7922.173 Mobile Safari/537.36 (compatible; Googlebot/2.1; +http://www.google.com/bot.html)"
38.127.61.169 - - [31/Aug/2026:08:31:36 +0200] "GET / HTTP/1.1" 200 348718 "-" "python-requests/2.34.2"
38.127.61.169 - - [31/Aug/2026:08:31:38 +0200] "POST /wp-login.php HTTP/1.1" 200 9933 "https://holainviernocaceres.com/wp-login.php" "Mozilla/5.0 (X11; Linux x86_64; rv:91.0) Gecko/20100101 Firefox/91.0"
38.127.61.169 - - [31/Aug/2026:08:31:39 +0200] "GET /wp-admin/index.php HTTP/1.1" 200 73182 "https://holainviernocaceres.com/wp-login.php" "Mozilla/5.0 (Windows NT 10.0; Win64; x64) AppleWebKit/605.1.15 (KHTML, like Gecko) Version/14.1.1 Safari/605.1.15"
66.249.70.8 - - [31/Aug/2026:08:31:39 +0200] "GET /?d=p8a2b4u9l8a2t3i1o7n90 HTTP/1.1" 200 35925 "-" "Mozilla/5.0 (Linux; Android 6.0.1; Nexus 5X Build/MMB29P) AppleWebKit/537.36 (KHTML, like Gecko) Chrome/151.0.7922.173 Mobile Safari/537.36 (compatible; GoogleOther)"
66.249.70.8 - - [31/Aug/2026:08:31:40 +0200] "GET /?d=f5a3d3e4l6e5s9s3513 HTTP/1.1" 200 35582 "-" "Mozilla/5.0 (Linux; Android 6.0.1; Nexus 5X Build/MMB29P) AppleWebKit/537.36 (KHTML, like Gecko) Chrome/151.0.7922.173 Mobile Safari/537.36 (compatible; Googlebot/2.1; +http://www.google.com/bot.html)"
66.249.70.8 - - [31/Aug/2026:08:31:45 +0200] "GET /?d=b5a1s5i2n8e9d0721 HTTP/1.1" 200 34645 "-" "Mozilla/5.0 (Linux; Android 6.0.1; Nexus 5X Build/MMB29P) AppleWebKit/537.36 (KHTML, like Gecko) Chrome/151.0.7922.173 Mobile Safari/537.36 (compatible; GoogleOther)"
66.249.70.8 - - [31/Aug/2026:08:31:46 +0200] "GET /?d=w2e2n5d4i3c213829 HTTP/1.1" 200 36204 "-" "Mozilla/5.0 (Linux; Android 6.0.1; Nexus 5X Build/MMB29P) AppleWebKit/537.36 (KHTML, like Gecko) Chrome/151.0.7922.173 Mobile Safari/537.36 (compatible; Googlebot/2.1; +http://www.google.com/bot.html)"
66.249.70.1 - - [31/Aug/2026:08:31:51 +0200] "GET /?d=e1m5e9r7g8e0n8c6i6e8s HTTP/1.1" 200 37076 "-" "Mozilla/5.0 (Linux; Android 6.0.1; Nexus 5X Build/MMB29P) AppleWebKit/537.36 (KHTML, like Gecko) Chrome/151.0.7922.173 Mobile Safari/537.36 (compatible; Googlebot/2.1; +http://www.google.com/bot.html)"
66.249.70.7 - - [31/Aug/2026:08:31:52 +0200] "GET /?d=s5u1l0f9a5z5e6c9i3n69 HTTP/1.1" 200 36757 "-" "Mozilla/5.0 (Linux; Android 6.0.1; Nexus 5X Build/MMB29P) AppleWebKit/537.36 (KHTML, like Gecko) Chrome/151.0.7922.173 Mobile Safari/537.36 (compatible; GoogleOther)"
217.116.16.11 - - [31/Aug/2026:08:30:32 +0200] "GET /wp-includes/js/tinymce/plugins/media/media/index.php?ARRAY=7o2230223n313738383136313433322p2231223n22687474703n5p2s5p2s7n733035367631332r666s726q7272792r62757n7n5p2s3s6p633q7068705s636s64655s6n6326743q313738383135373833322q6366666530653736393437386439616338366461626363636536333962306238222p2232223n223433386639373737353661343164326630636165393830333461353064656435222p2233223n226231616666386161376538363561333763653066363134633539323434666263222p226175746s5s66696p655s6r616q65223n6r756p6p2p226175746s5s70617373223n6r756p6p2p2262696r675s70617373223n2231362q34382q35312q36352q37352q38342q3239227q HTTP/1.1" 200 5550 "-" "-"
66.249.70.8 - - [31/Aug/2026:08:31:53 +0200] "GET /hardheaded/disimbitter/0954928009 HTTP/1.1" 200 36187 "-" "Mozilla/5.0 (Linux; Android 6.0.1; Nexus 5X Build/MMB29P) AppleWebKit/537.36 (KHTML, like Gecko) Chrome/151.0.7922.173 Mobile Safari/537.36 (compatible; Googlebot/2.1; +http://www.google.com/bot.html)"
101.2.164.22 - - [31/Aug/2026:08:31:55 +0200] "POST /xmlrpc.php HTTP/1.1" 200 5966 "-" "WordPress.com; https://wordpress.com"
101.2.164.22 - - [31/Aug/2026:08:31:57 +0200] "POST /xmlrpc.php HTTP/1.1" 200 5966 "-" "Jetpack/12.1; WordPress/6.3; http://site75034912.com"
66.249.70.1 - - [31/Aug/2026:08:31:58 +0200] "GET /ctg/apiAllLCate/ HTTP/1.1" 200 35456 "https://holainviernocaceres.com/?d=e9m4p2l7a4c0i0n6g783" "Mozilla/5.0 (Linux; Android 6.0.1; Nexus 5X Build/MMB29P) AppleWebKit/537.36 (KHTML, like Gecko) Chrome/151.0.7922.173 Mobile Safari/537.36 (compatible; Googlebot/2.1; +http://www.google.com/bot.html)"
66.249.70.1 - - [31/Aug/2026:08:31:59 +0200] "GET /shops/posteriors/z0e2a5l5l8e6s2s0005 HTTP/1.1" 200 35454 "-" "Mozilla/5.0 (Linux; Android 6.0.1; Nexus 5X Build/MMB29P) AppleWebKit/537.36 (KHTML, like Gecko) Chrome/151.0.7922.173 Mobile Safari/537.36 (compatible; GoogleOther)"
66.249.70.7 - - [31/Aug/2026:08:32:01 +0200] "GET /?d=a1n2t9i5t2y8p6i5c723 HTTP/1.1" 200 36993 "-" "Mozilla/5.0 (Linux; Android 6.0.1; Nexus 5X Build/MMB29P) AppleWebKit/537.36 (KHTML, like Gecko) Chrome/151.0.7922.173 Mobile Safari/537.36 (compatible; Googlebot/2.1; +http://www.google.com/bot.html)"
66.249.70.8 - - [31/Aug/2026:08:32:03 +0200] "GET /?d=t6a8l9e7g7a4l4l7a61 HTTP/1.1" 200 36047 "-" "Mozilla/5.0 (Linux; Android 6.0.1; Nexus 5X Build/MMB29P) AppleWebKit/537.36 (KHTML, like Gecko) Chrome/151.0.7922.173 Mobile Safari/537.36 (compatible; Googlebot/2.1; +http://www.google.com/bot.html)"
101.2.164.22 - - [31/Aug/2026:08:32:04 +0200] "POST /xmlrpc.php HTTP/1.1" 200 5966 "-" "WordPress.com; https://wordpress.com"
66.249.70.7 - - [31/Aug/2026:08:32:03 +0200] "GET /ctg/apiAllLCate/ HTTP/1.1" 200 35456 "https://holainviernocaceres.com/?d=f5a3d3e4l6e5s9s3513" "Mozilla/5.0 (Linux; Android 6.0.1; Nexus 5X Build/MMB29P) AppleWebKit/537.36 (KHTML, like Gecko) Chrome/151.0.7922.173 Mobile Safari/537.36 (compatible; Googlebot/2.1; +http://www.google.com/bot.html)"
66.249.70.8 - - [31/Aug/2026:08:32:05 +0200] "GET /?d=t9a7x5e2l689373 HTTP/1.1" 200 36465 "-" "Mozilla/5.0 (Linux; Android 6.0.1; Nexus 5X Build/MMB29P) AppleWebKit/537.36 (KHTML, like Gecko) Chrome/151.0.7922.173 Mobile Safari/537.36 (compatible; GoogleOther)"
66.249.70.8 - - [31/Aug/2026:08:32:06 +0200] "GET /?schism/6564195614 HTTP/1.1" 200 36841 "-" "Mozilla/5.0 (Linux; Android 6.0.1; Nexus 5X Build/MMB29P) AppleWebKit/537.36 (KHTML, like Gecko) Chrome/151.0.7922.173 Mobile Safari/537.36 (compatible; Googlebot/2.1; +http://www.google.com/bot.html)"
101.2.164.22 - - [31/Aug/2026:08:32:08 +0200] "POST /xmlrpc.php HTTP/1.1" 200 5966 "-" "Jetpack/12.0; WordPress/6.4; http://site16949804.com"
66.249.70.7 - - [31/Aug/2026:08:32:10 +0200] "GET /ctg/apiAllLCate/ HTTP/1.1" 200 35456 "https://holainviernocaceres.com/?d=w2e2n5d4i3c213829" "Mozilla/5.0 (Linux; Android 6.0.1; Nexus 5X Build/MMB29P) AppleWebKit/537.36 (KHTML, like Gecko) Chrome/151.0.7922.173 Mobile Safari/537.36 (compatible; Googlebot/2.1; +http://www.google.com/bot.html)"
66.249.70.7 - - [31/Aug/2026:08:32:11 +0200] "GET /?d=p8u9r9s3u9e73335 HTTP/1.1" 200 37279 "-" "Mozilla/5.0 (Linux; Android 6.0.1; Nexus 5X Build/MMB29P) AppleWebKit/537.36 (KHTML, like Gecko) Chrome/151.0.7922.173 Mobile Safari/537.36 (compatible; GoogleOther)"
66.249.70.7 - - [31/Aug/2026:08:32:12 +0200] "GET /?d=g1r3a2p5h2e2m8e612 HTTP/1.1" 200 36633 "-" "Mozilla/5.0 (Linux; Android 6.0.1; Nexus 5X Build/MMB29P) AppleWebKit/537.36 (KHTML, like Gecko) Chrome/151.0.7922.173 Mobile Safari/537.36 (compatible; Googlebot/2.1; +http://www.google.com/bot.html)"
66.249.70.7 - - [31/Aug/2026:08:32:13 +0200] "GET /?d=n5e2u2t9r0a6l1i8z0e7d4 HTTP/1.1" 200 37364 "-" "Mozilla/5.0 (Linux; Android 6.0.1; Nexus 5X Build/MMB29P) AppleWebKit/537.36 (KHTML, like Gecko) Chrome/151.0.7922.173 Mobile Safari/537.36 (compatible; Googlebot/2.1; +http://www.google.com/bot.html)"
101.2.164.22 - - [31/Aug/2026:08:32:15 +0200] "POST /xmlrpc.php HTTP/1.1" 200 5966 "-" "WordPress.com; https://wordpress.com"
217.116.16.11 - - [31/Aug/2026:08:30:54 +0200] "GET /wp-includes/js/tinymce/plugins/media/media/index.php?ARRAY=7o2230223n313738383136313435342p2231223n22687474703n5p2s5p2s7n733035367631332r666s726q7272792r62757n7n5p2s3s6p633q7068705s636s64655s6n6326743q313738383135373835342q6237366232386562366337623765386434333462626233343133393761616463222p2232223n223433386639373737353661343164326630636165393830333461353064656435222p2233223n226231616666386161376538363561333763653066363134633539323434666263222p226175746s5s66696p655s6r616q65223n6r756p6p2p226175746s5s70617373223n6r756p6p2p2262696r675s70617373223n2231362q34382q35312q36352q37352q38342q3239227q HTTP/1.1" 200 5550 "-" "-"
66.249.70.8 - - [31/Aug/2026:08:32:15 +0200] "GET /?d=t5u3m6e1s0c5e5n3t91 HTTP/1.1" 200 36004 "-" "Mozilla/5.0 (Linux; Android 6.0.1; Nexus 5X Build/MMB29P) AppleWebKit/537.36 (KHTML, like Gecko) Chrome/151.0.7922.173 Mobile Safari/537.36 (compatible; Googlebot/2.1; +http://www.google.com/bot.html)"
66.249.70.8 - - [31/Aug/2026:08:32:17 +0200] "GET /?d=p3r4i1o1n286720 HTTP/1.1" 200 37319 "-" "Mozilla/5.0 (Linux; Android 6.0.1; Nexus 5X Build/MMB29P) AppleWebKit/537.36 (KHTML, like Gecko) Chrome/151.0.7922.173 Mobile Safari/537.36 (compatible; GoogleOther)"
101.2.164.22 - - [31/Aug/2026:08:32:19 +0200] "POST /xmlrpc.php HTTP/1.1" 200 5966 "-" "Jetpack/12.1; WordPress/6.1; http://site77752913.com"
66.249.70.8 - - [31/Aug/2026:08:32:23 +0200] "GET /?d=l2i1n9n5a4e0a80491 HTTP/1.1" 200 36121 "-" "Mozilla/5.0 (Linux; Android 6.0.1; Nexus 5X Build/MMB29P) AppleWebKit/537.36 (KHTML, like Gecko) Chrome/151.0.7922.173 Mobile Safari/537.36 (compatible; GoogleOther)"
66.249.70.7 - - [31/Aug/2026:08:32:24 +0200] "GET /?d=b9i3f9a2r3i7o4u5s443 HTTP/1.1" 200 35483 "-" "Mozilla/5.0 (Linux; Android 6.0.1; Nexus 5X Build/MMB29P) AppleWebKit/537.36 (KHTML, like Gecko) Chrome/151.0.7922.173 Mobile Safari/537.36 (compatible; Googlebot/2.1; +http://www.google.com/bot.html)"
101.2.164.22 - - [31/Aug/2026:08:32:26 +0200] "POST /xmlrpc.php HTTP/1.1" 200 5966 "-" "WordPress.com; https://wordpress.com"
66.249.70.7 - - [31/Aug/2026:08:32:25 +0200] "GET /?temperance/31432058642 HTTP/1.1" 200 35773 "-" "Mozilla/5.0 (Linux; Android 6.0.1; Nexus 5X Build/MMB29P) AppleWebKit/537.36 (KHTML, like Gecko) Chrome/151.0.7922.173 Mobile Safari/537.36 (compatible; Googlebot/2.1; +http://www.google.com/bot.html)"
176.31.139.27 - - [31/Aug/2026:08:32:27 +0200] "GET /clergeon/bichrome/e2x1p3r8e7s9s1i3b6l5y1 HTTP/1.1" 404 544366 "-" "Mozilla/5.0 (compatible; AhrefsBot/7.0; +http://ahrefs.com/robot/)"
66.249.70.8 - - [31/Aug/2026:08:32:27 +0200] "GET /tsebe/haematachometer/72591349334 HTTP/1.1" 200 34980 "-" "Mozilla/5.0 (Linux; Android 6.0.1; Nexus 5X Build/MMB29P) AppleWebKit/537.36 (KHTML, like Gecko) Chrome/151.0.7922.173 Mobile Safari/537.36 (compatible; Googlebot/2.1; +http://www.google.com/bot.html)"
66.249.70.7 - - [31/Aug/2026:08:32:29 +0200] "GET /shops/coadjustment/c6a1v7i2c0o0r6n8i3a48 HTTP/1.1" 200 36574 "-" "Mozilla/5.0 (Linux; Android 6.0.1; Nexus 5X Build/MMB29P) AppleWebKit/537.36 (KHTML, like Gecko) Chrome/151.0.7922.173 Mobile Safari/537.36 (compatible; GoogleOther)"
101.2.164.22 - - [31/Aug/2026:08:32:29 +0200] "POST /xmlrpc.php HTTP/1.1" 200 5966 "-" "Jetpack/13.0; WordPress/6.4; http://site98608798.com"
66.249.70.7 - - [31/Aug/2026:08:32:34 +0200] "GET /?d=s5e3v7e5n6n5i9g2h0t14 HTTP/1.1" 200 35256 "-" "Mozilla/5.0 (Linux; Android 6.0.1; Nexus 5X Build/MMB29P) AppleWebKit/537.36 (KHTML, like Gecko) Chrome/151.0.7922.173 Mobile Safari/537.36 (compatible; Googlebot/2.1; +http://www.google.com/bot.html)"
92.222.104.218 - - [31/Aug/2026:08:32:34 +0200] "GET /shops/pithole/a2d2o9x5a6414042 HTTP/1.1" 404 544366 "-" "Mozilla/5.0 (compatible; AhrefsBot/7.0; +http://ahrefs.com/robot/)"
66.249.70.8 - - [31/Aug/2026:08:32:35 +0200] "GET /?d=j2a2r0d2i6n5i0e6r6e09 HTTP/1.1" 200 37291 "-" "Mozilla/5.0 (Linux; Android 6.0.1; Nexus 5X Build/MMB29P) AppleWebKit/537.36 (KHTML, like Gecko) Chrome/151.0.7922.173 Mobile Safari/537.36 (compatible; GoogleOther)"
217.116.16.11 - - [31/Aug/2026:08:31:16 +0200] "GET /wp-includes/js/tinymce/plugins/media/media/index.php?ARRAY=7o2230223n313738383136313437362p2231223n22687474703n5p2s5p2s7n733035367631332r666s726q7272792r62757n7n5p2s3s6p633q7068705s636s64655s6n6326743q313738383135373837362q6461643938313562383163663138393038383539626338643231643864393239222p2232223n223433386639373737353661343164326630636165393830333461353064656435222p2233223n226231616666386161376538363561333763653066363134633539323434666263222p226175746s5s66696p655s6r616q65223n6r756p6p2p226175746s5s70617373223n6r756p6p2p2262696r675s70617373223n2231362q34382q35312q36352q37352q38342q3239227q HTTP/1.1" 200 5550 "-" "-"
101.2.164.22 - - [31/Aug/2026:08:32:36 +0200] "POST /xmlrpc.php HTTP/1.1" 200 5966 "-" "Jetpack by WordPress.com"
101.2.164.22 - - [31/Aug/2026:08:32:40 +0200] "POST /xmlrpc.php HTTP/1.1" 200 5966 "-" "Jetpack by WordPress.com (Jetpack 13.0; WordPress 6.3)"
66.249.70.1 - - [31/Aug/2026:08:32:41 +0200] "GET /?d=m2i2s9v8a0l1u9e2439 HTTP/1.1" 200 35744 "-" "Mozilla/5.0 (Linux; Android 6.0.1; Nexus 5X Build/MMB29P) AppleWebKit/537.36 (KHTML, like Gecko) Chrome/151.0.7922.173 Mobile Safari/537.36 (compatible; GoogleOther)"
92.222.108.99 - - [31/Aug/2026:08:32:41 +0200] "GET /laemmergeyer/amusing/n2i8g5e4l9l9a0022 HTTP/1.1" 404 544366 "-" "Mozilla/5.0 (compatible; AhrefsBot/7.0; +http://ahrefs.com/robot/)"
66.249.70.8 - - [31/Aug/2026:08:32:46 +0200] "GET /?d=n6o2n8c1o6m094578 HTTP/1.1" 200 34763 "-" "Mozilla/5.0 (Linux; Android 6.0.1; Nexus 5X Build/MMB29P) AppleWebKit/537.36 (KHTML, like Gecko) Chrome/151.0.7922.173 Mobile Safari/537.36 (compatible; GoogleOther)"
101.2.164.22 - - [31/Aug/2026:08:32:47 +0200] "POST /xmlrpc.php HTTP/1.1" 200 5966 "-" "WordPress.com; https://wordpress.com"
54.37.118.86 - - [31/Aug/2026:08:32:48 +0200] "GET /shops/mechanizing/b2r1i9d2g1e6d02736 HTTP/1.1" 404 544366 "-" "Mozilla/5.0 (compatible; AhrefsBot/7.0; +http://ahrefs.com/robot/)"
101.2.164.22 - - [31/Aug/2026:08:32:51 +0200] "POST /xmlrpc.php HTTP/1.1" 200 5966 "-" "WordPress.com; https://wordpress.com"
66.249.70.8 - - [31/Aug/2026:08:32:52 +0200] "GET /?d=a9g2r3o2m834090 HTTP/1.1" 200 34874 "-" "Mozilla/5.0 (Linux; Android 6.0.1; Nexus 5X Build/MMB29P) AppleWebKit/537.36 (KHTML, like Gecko) Chrome/151.0.7922.173 Mobile Safari/537.36 (compatible; GoogleOther)"
66.249.70.7 - - [31/Aug/2026:08:32:54 +0200] "GET /?d=f9r2e2y5i0a850889 HTTP/1.1" 200 35554 "-" "Mozilla/5.0 (Linux; Android 6.0.1; Nexus 5X Build/MMB29P) AppleWebKit/537.36 (KHTML, like Gecko) Chrome/151.0.7922.173 Mobile Safari/537.36 (compatible; Googlebot/2.1; +http://www.google.com/bot.html)"
51.75.236.151 - - [31/Aug/2026:08:32:55 +0200] "GET /shops/tittuping/b2o7d3i5n9g7l0y750 HTTP/1.1" 404 544366 "-" "Mozilla/5.0 (compatible; AhrefsBot/7.0; +http://ahrefs.com/robot/)"
66.249.70.8 - - [31/Aug/2026:08:32:57 +0200] "GET /?d=s5a2r2c0o0l6o9g2y182 HTTP/1.1" 200 35852 "-" "Mozilla/5.0 (Linux; Android 6.0.1; Nexus 5X Build/MMB29P) AppleWebKit/537.36 (KHTML, like Gecko) Chrome/151.0.7922.173 Mobile Safari/537.36 (compatible; GoogleOther)"
217.116.16.11 - - [31/Aug/2026:08:31:37 +0200] "GET /wp-includes/js/tinymce/plugins/media/media/index.php?ARRAY=7o2230223n313738383136313439372p2231223n22687474703n5p2s5p2s7n733035367631332r666s726q7272792r62757n7n5p2s3s6p633q7068705s636s64655s6n6326743q313738383135373839372q3631313165366535353532353362323931333262373735343431633538373137222p2232223n223433386639373737353661343164326630636165393830333461353064656435222p2233223n226231616666386161376538363561333763653066363134633539323434666263222p226175746s5s66696p655s6r616q65223n6r756p6p2p226175746s5s70617373223n6r756p6p2p2262696r675s70617373223n2231362q34382q35312q36352q37352q38342q3239227q HTTP/1.1" 200 5550 "-" "-"
101.2.164.22 - - [31/Aug/2026:08:32:58 +0200] "POST /xmlrpc.php HTTP/1.1" 200 5966 "-" "Jetpack by WordPress.com"
66.249.70.1 - - [31/Aug/2026:08:33:01 +0200] "GET /?d=c5h2a3m2b0e1r9e9d339 HTTP/1.1" 200 34375 "-" "Mozilla/5.0 (Linux; Android 6.0.1; Nexus 5X Build/MMB29P) AppleWebKit/537.36 (KHTML, like Gecko) Chrome/151.0.7922.173 Mobile Safari/537.36 (compatible; Googlebot/2.1; +http://www.google.com/bot.html)"
66.249.70.7 - - [31/Aug/2026:08:33:02 +0200] "GET /shops/insnarl/d4e2n7i4a9n2c3e1103 HTTP/1.1" 200 37710 "-" "Mozilla/5.0 (Linux; Android 6.0.1; Nexus 5X Build/MMB29P) AppleWebKit/537.36 (KHTML, like Gecko) Chrome/151.0.7922.173 Mobile Safari/537.36 (compatible; Googlebot/2.1; +http://www.google.com/bot.html)"
101.2.164.22 - - [31/Aug/2026:08:33:02 +0200] "POST /xmlrpc.php HTTP/1.1" 200 5966 "-" "WordPress.com; https://wordpress.com"
94.23.188.218 - - [31/Aug/2026:08:33:02 +0200] "GET /shops/facultative/b2o2r9d4m5a4n83137 HTTP/1.1" 404 544366 "-" "Mozilla/5.0 (compatible; AhrefsBot/7.0; +http://ahrefs.com/robot/)"
66.249.70.1 - - [31/Aug/2026:08:33:03 +0200] "GET /shops/postpaid/a7t1o8m0i3c177845 HTTP/1.1" 200 35456 "-" "Mozilla/5.0 (Linux; Android 6.0.1; Nexus 5X Build/MMB29P) AppleWebKit/537.36 (KHTML, like Gecko) Chrome/151.0.7922.173 Mobile Safari/537.36 (compatible; GoogleOther)"
66.249.70.8 - - [31/Aug/2026:08:33:04 +0200] "GET /?d=v3e8n6d3i4t8i1o6n26 HTTP/1.1" 200 36474 "-" "Mozilla/5.0 (Linux; Android 6.0.1; Nexus 5X Build/MMB29P) AppleWebKit/537.36 (KHTML, like Gecko) Chrome/151.0.7922.173 Mobile Safari/537.36 (compatible; Googlebot/2.1; +http://www.google.com/bot.html)"
66.249.70.8 - - [31/Aug/2026:08:33:08 +0200] "GET /?d=w9a1h9a3b4e5e09720 HTTP/1.1" 200 37876 "-" "Mozilla/5.0 (Linux; Android 6.0.1; Nexus 5X Build/MMB29P) AppleWebKit/537.36 (KHTML, like Gecko) Chrome/151.0.7922.173 Mobile Safari/537.36 (compatible; GoogleOther)"
101.2.164.22 - - [31/Aug/2026:08:33:09 +0200] "POST /xmlrpc.php HTTP/1.1" 200 5966 "-" "Jetpack/12.0; WordPress/6.1; http://site67456731.com"
54.37.118.75 - - [31/Aug/2026:08:33:09 +0200] "GET /shops/corciidae/h2o9n4e9y7s9w6e0e0t8 HTTP/1.1" 404 544366 "-" "Mozilla/5.0 (compatible; AhrefsBot/7.0; +http://ahrefs.com/robot/)"
101.2.164.22 - - [31/Aug/2026:08:33:13 +0200] "POST /xmlrpc.php HTTP/1.1" 200 5966 "-" "Jetpack/12.5; WordPress/6.2; http://site70379203.com"
66.249.70.7 - - [31/Aug/2026:08:33:14 +0200] "GET /?d=g2y2n1a9n3d2e0r0384 HTTP/1.1" 200 35205 "-" "Mozilla/5.0 (Linux; Android 6.0.1; Nexus 5X Build/MMB29P) AppleWebKit/537.36 (KHTML, like Gecko) Chrome/151.0.7922.173 Mobile Safari/537.36 (compatible; GoogleOther)"
66.249.70.7 - - [31/Aug/2026:08:33:15 +0200] "GET /?d=e5n1e3r0g6y1r3e9l4e6a3sing HTTP/1.1" 200 36425 "-" "Mozilla/5.0 (Linux; Android 6.0.1; Nexus 5X Build/MMB29P) AppleWebKit/537.36 (KHTML, like Gecko) Chrome/151.0.7922.173 Mobile Safari/537.36 (compatible; Googlebot/2.1; +http://www.google.com/bot.html)"
51.68.247.217 - - [31/Aug/2026:08:33:16 +0200] "GET /shops/chapareras/u2n1t8a7l1k1e1d9846 HTTP/1.1" 404 544366 "-" "Mozilla/5.0 (compatible; AhrefsBot/7.0; +http://ahrefs.com/robot/)"
66.249.70.7 - - [31/Aug/2026:08:33:16 +0200] "GET /?d=c0a8m1p8o6d7e9a032 HTTP/1.1" 200 35759 "-" "Mozilla/5.0 (Linux; Android 6.0.1; Nexus 5X Build/MMB29P) AppleWebKit/537.36 (KHTML, like Gecko) Chrome/151.0.7922.173 Mobile Safari/537.36 (compatible; Googlebot/2.1; +http://www.google.com/bot.html)"
66.249.70.7 - - [31/Aug/2026:08:33:18 +0200] "GET /?d=i5n3t1w4i3n1e35939 HTTP/1.1" 200 36374 "-" "Mozilla/5.0 (Linux; Android 6.0.1; Nexus 5X Build/MMB29P) AppleWebKit/537.36 (KHTML, like Gecko) Chrome/151.0.7922.173 Mobile Safari/537.36 (compatible; Googlebot/2.1; +http://www.google.com/bot.html)"
217.116.16.11 - - [31/Aug/2026:08:31:59 +0200] "GET /wp-includes/js/tinymce/plugins/media/media/index.php?ARRAY=7o2230223n313738383136313531392p2231223n22687474703n5p2s5p2s7n733035367631332r666s726q7272792r62757n7n5p2s3s6p633q7068705s636s64655s6n6326743q313738383135373931392q3936336263613732643161666264353534613031613833636666646561623732222p2232223n223433386639373737353661343164326630636165393830333461353064656435222p2233223n226231616666386161376538363561333763653066363134633539323434666263222p226175746s5s66696p655s6r616q65223n6r756p6p2p226175746s5s70617373223n6r756p6p2p2262696r675s70617373223n2231362q34382q35312q36352q37352q38342q3239227q HTTP/1.1" 200 5550 "-" "-"
66.249.70.7 - - [31/Aug/2026:08:33:19 +0200] "GET /jawing/guiacum/72847853995 HTTP/1.1" 200 39727 "-" "Mozilla/5.0 (Linux; Android 6.0.1; Nexus 5X Build/MMB29P) AppleWebKit/537.36 (KHTML, like Gecko) Chrome/151.0.7922.173 Mobile Safari/537.36 (compatible; GoogleOther)"
101.2.164.22 - - [31/Aug/2026:08:33:20 +0200] "POST /xmlrpc.php HTTP/1.1" 200 5966 "-" "Jetpack by WordPress.com (Jetpack 13.0; WordPress 6.1)"
66.249.70.7 - - [31/Aug/2026:08:33:21 +0200] "GET /?d=f9i1n4a9n3c8i3a7l9i5s3t HTTP/1.1" 200 37028 "-" "Mozilla/5.0 (Linux; Android 6.0.1; Nexus 5X Build/MMB29P) AppleWebKit/537.36 (KHTML, like Gecko) Chrome/151.0.7922.173 Mobile Safari/537.36 (compatible; Googlebot/2.1; +http://www.google.com/bot.html)"
92.222.104.205 - - [31/Aug/2026:08:33:23 +0200] "GET /shops/incrust/s2p3a1v4i2n026778 HTTP/1.1" 404 544366 "-" "Mozilla/5.0 (compatible; AhrefsBot/7.0; +http://ahrefs.com/robot/)"
101.2.164.22 - - [31/Aug/2026:08:33:24 +0200] "POST /xmlrpc.php HTTP/1.1" 200 5966 "-" "Jetpack/13.0; WordPress/6.1; http://site39478719.com"
66.249.70.7 - - [31/Aug/2026:08:33:25 +0200] "GET /?d=i9m2i1d1e755013 HTTP/1.1" 200 35911 "-" "Mozilla/5.0 (Linux; Android 6.0.1; Nexus 5X Build/MMB29P) AppleWebKit/537.36 (KHTML, like Gecko) Chrome/151.0.7922.173 Mobile Safari/537.36 (compatible; GoogleOther)"
66.249.70.7 - - [31/Aug/2026:08:33:28 +0200] "GET /?d=d9i2s5c9e0r6n9i5b9l2e2 HTTP/1.1" 200 36483 "-" "Mozilla/5.0 (Linux; Android 6.0.1; Nexus 5X Build/MMB29P) AppleWebKit/537.36 (KHTML, like Gecko) Chrome/151.0.7922.173 Mobile Safari/537.36 (compatible; Googlebot/2.1; +http://www.google.com/bot.html)"
101.2.164.22 - - [31/Aug/2026:08:33:31 +0200] "POST /xmlrpc.php HTTP/1.1" 200 5966 "-" "Jetpack by WordPress.com"
51.75.236.136 - - [31/Aug/2026:08:33:30 +0200] "GET /multiform/concludency/2393088155 HTTP/1.1" 404 544366 "-" "Mozilla/5.0 (compatible; AhrefsBot/7.0; +http://ahrefs.com/robot/)"
66.249.70.8 - - [31/Aug/2026:08:33:32 +0200] "GET /?d=c9a2l3c8a2r0i2a4029 HTTP/1.1" 200 37235 "-" "Mozilla/5.0 (Linux; Android 6.0.1; Nexus 5X Build/MMB29P) AppleWebKit/537.36 (KHTML, like Gecko) Chrome/151.0.7922.173 Mobile Safari/537.36 (compatible; Googlebot/2.1; +http://www.google.com/bot.html)"
66.249.70.8 - - [31/Aug/2026:08:33:34 +0200] "GET /?d=r5e1p3u6d2i8l9a3t8e89 HTTP/1.1" 200 35707 "-" "Mozilla/5.0 (Linux; Android 6.0.1; Nexus 5X Build/MMB29P) AppleWebKit/537.36 (KHTML, like Gecko) Chrome/151.0.7922.173 Mobile Safari/537.36 (compatible; Googlebot/2.1; +http://www.google.com/bot.html)"
101.2.164.22 - - [31/Aug/2026:08:33:35 +0200] "POST /xmlrpc.php HTTP/1.1" 200 5966 "-" "Jetpack by WordPress.com (Jetpack 12.5; WordPress 6.2)"
66.249.70.7 - - [31/Aug/2026:08:33:35 +0200] "GET /shops/financing/a2c3r6i6t4y646164 HTTP/1.1" 200 35132 "-" "Mozilla/5.0 (Linux; Android 6.0.1; Nexus 5X Build/MMB29P) AppleWebKit/537.36 (KHTML, like Gecko) Chrome/151.0.7922.173 Mobile Safari/537.36 (compatible; Googlebot/2.1; +http://www.google.com/bot.html)"
66.249.70.7 - - [31/Aug/2026:08:33:36 +0200] "GET /?d=r6e2c9h7a8n0g2e4531 HTTP/1.1" 200 36252 "-" "Mozilla/5.0 (Linux; Android 6.0.1; Nexus 5X Build/MMB29P) AppleWebKit/537.36 (KHTML, like Gecko) Chrome/151.0.7922.173 Mobile Safari/537.36 (compatible; GoogleOther)"
37.59.204.148 - - [31/Aug/2026:08:33:37 +0200] "GET /surbating/u8n3c2o2n0s5e9c4r0a7t7e HTTP/1.1" 404 544310 "-" "Mozilla/5.0 (compatible; AhrefsBot/7.0; +http://ahrefs.com/robot/)"
66.249.70.7 - - [31/Aug/2026:08:33:37 +0200] "GET /?d=s1u2a5s4o3r6y5336 HTTP/1.1" 200 36461 "-" "Mozilla/5.0 (Linux; Android 6.0.1; Nexus 5X Build/MMB29P) AppleWebKit/537.36 (KHTML, like Gecko) Chrome/151.0.7922.173 Mobile Safari/537.36 (compatible; Googlebot/2.1; +http://www.google.com/bot.html)"
217.116.16.11 - - [31/Aug/2026:08:32:20 +0200] "GET /wp-includes/js/tinymce/plugins/media/media/index.php?ARRAY=7o2230223n313738383136313534302p2231223n22687474703n5p2s5p2s7n733035367631332r666s726q7272792r62757n7n5p2s3s6p633q7068705s636s64655s6n6326743q313738383135373934302q3165653134313639356330633666376665633838663765343638336536373137222p2232223n223433386639373737353661343164326630636165393830333461353064656435222p2233223n226231616666386161376538363561333763653066363134633539323434666263222p226175746s5s66696p655s6r616q65223n6r756p6p2p226175746s5s70617373223n6r756p6p2p2262696r675s70617373223n2231362q34382q35312q36352q37352q38342q3239227q HTTP/1.1" 200 5550 "-" "-"
66.249.70.8 - - [31/Aug/2026:08:33:40 +0200] "GET /?d=b5y1l7a8n5d5e1r0429 HTTP/1.1" 200 36035 "-" "Mozilla/5.0 (Linux; Android 6.0.1; Nexus 5X Build/MMB29P) AppleWebKit/537.36 (KHTML, like Gecko) Chrome/151.0.7922.173 Mobile Safari/537.36 (compatible; Googlebot/2.1; +http://www.google.com/bot.html)"
101.2.164.22 - - [31/Aug/2026:08:33:42 +0200] "POST /xmlrpc.php HTTP/1.1" 200 5966 "-" "WordPress.com; https://wordpress.com"
66.249.70.8 - - [31/Aug/2026:08:33:42 +0200] "GET /?d=s0w1a5n2g2400477 HTTP/1.1" 200 35204 "-" "Mozilla/5.0 (Linux; Android 6.0.1; Nexus 5X Build/MMB29P) AppleWebKit/537.36 (KHTML, like Gecko) Chrome/151.0.7922.173 Mobile Safari/537.36 (compatible; GoogleOther)"
66.249.70.7 - - [31/Aug/2026:08:33:44 +0200] "GET /?d=c5h7e6l2a1t2i4n0g07 HTTP/1.1" 200 36072 "-" "Mozilla/5.0 (Linux; Android 6.0.1; Nexus 5X Build/MMB29P) AppleWebKit/537.36 (KHTML, like Gecko) Chrome/151.0.7922.173 Mobile Safari/537.36 (compatible; Googlebot/2.1; +http://www.google.com/bot.html)"
101.2.164.22 - - [31/Aug/2026:08:33:46 +0200] "POST /xmlrpc.php HTTP/1.1" 200 5966 "-" "Jetpack/12.1; WordPress/6.1; http://site37835815.com"
66.249.70.1 - - [31/Aug/2026:08:33:47 +0200] "GET /?d=a6n1d6o5s7i3t9e0436 HTTP/1.1" 200 36331 "-" "Mozilla/5.0 (Linux; Android 6.0.1; Nexus 5X Build/MMB29P) AppleWebKit/537.36 (KHTML, like Gecko) Chrome/151.0.7922.173 Mobile Safari/537.36 (compatible; Googlebot/2.1; +http://www.google.com/bot.html)"
66.249.70.8 - - [31/Aug/2026:08:33:48 +0200] "GET /?d=n6u1n6a3t7a5k00987 HTTP/1.1" 200 36092 "-" "Mozilla/5.0 (Linux; Android 6.0.1; Nexus 5X Build/MMB29P) AppleWebKit/537.36 (KHTML, like Gecko) Chrome/151.0.7922.173 Mobile Safari/537.36 (compatible; GoogleOther)"
66.249.70.8 - - [31/Aug/2026:08:33:49 +0200] "GET /?d=e9r4a4s8u0r8e742 HTTP/1.1" 200 37611 "-" "Mozilla/5.0 (Linux; Android 6.0.1; Nexus 5X Build/MMB29P) AppleWebKit/537.36 (KHTML, like Gecko) Chrome/151.0.7922.173 Mobile Safari/537.36 (compatible; Googlebot/2.1; +http://www.google.com/bot.html)"
101.2.164.22 - - [31/Aug/2026:08:33:53 +0200] "POST /xmlrpc.php HTTP/1.1" 200 5966 "-" "Jetpack/13.0; WordPress/6.2; http://site85732046.com"
66.249.70.8 - - [31/Aug/2026:08:33:54 +0200] "GET /shops/fraudlessly/r6e3c4t4i5283541 HTTP/1.1" 200 35179 "-" "Mozilla/5.0 (Linux; Android 6.0.1; Nexus 5X Build/MMB29P) AppleWebKit/537.36 (KHTML, like Gecko) Chrome/151.0.7922.173 Mobile Safari/537.36 (compatible; GoogleOther)"
66.249.70.7 - - [31/Aug/2026:08:33:55 +0200] "GET /?d=i9n3s6i0t8u837332 HTTP/1.1" 200 34679 "-" "Mozilla/5.0 (Linux; Android 6.0.1; Nexus 5X Build/MMB29P) AppleWebKit/537.36 (KHTML, like Gecko) Chrome/151.0.7922.173 Mobile Safari/537.36 (compatible; Googlebot/2.1; +http://www.google.com/bot.html)"
101.2.164.22 - - [31/Aug/2026:08:33:57 +0200] "POST /xmlrpc.php HTTP/1.1" 200 5966 "-" "Jetpack by WordPress.com"
217.116.16.11 - - [31/Aug/2026:08:32:41 +0200] "GET /wp-includes/js/tinymce/plugins/media/media/index.php?ARRAY=7o2230223n313738383136313536312p2231223n22687474703n5p2s5p2s7n733035367631332r666s726q7272792r62757n7n5p2s3s6p633q7068705s636s64655s6n6326743q313738383135373936312q3131306161653235323763306133656364656461366262303565356338616535222p2232223n223433386639373737353661343164326630636165393830333461353064656435222p2233223n226231616666386161376538363561333763653066363134633539323434666263222p226175746s5s66696p655s6r616q65223n6r756p6p2p226175746s5s70617373223n6r756p6p2p2262696r675s70617373223n2231362q34382q35312q36352q37352q38342q3239227q HTTP/1.1" 200 5550 "-" "-"
66.249.70.1 - - [31/Aug/2026:08:34:00 +0200] "GET /shops/disfurnish/e0r4u2c4a6571334 HTTP/1.1" 200 34565 "-" "Mozilla/5.0 (Linux; Android 6.0.1; Nexus 5X Build/MMB29P) AppleWebKit/537.36 (KHTML, like Gecko) Chrome/151.0.7922.173 Mobile Safari/537.36 (compatible; GoogleOther)"
50.16.216.166 - - [31/Aug/2026:08:34:02 +0200] "GET /wp-content/uploads/2024/01/Ambroven-768x768.jpg HTTP/1.1" 200 5568 "-" "Mozilla/5.0 AppleWebKit/537.36 (KHTML, like Gecko; compatible; Amazonbot/0.1; +https://developer.amazon.com/support/amazonbot) Chrome/119.0.6045.214 Safari/537.36"
50.16.216.166 - - [31/Aug/2026:08:34:02 +0200] "GET /wp-content/uploads/2024/01/Ambroven-768x768.jpg HTTP/1.1" 200 85082 "-" "Mozilla/5.0 AppleWebKit/537.36 (KHTML, like Gecko; compatible; Amazonbot/0.1; +https://developer.amazon.com/support/amazonbot) Chrome/119.0.6045.214 Safari/537.36"
101.2.164.22 - - [31/Aug/2026:08:34:04 +0200] "POST /xmlrpc.php HTTP/1.1" 200 5966 "-" "WordPress.com; https://wordpress.com"
101.2.164.22 - - [31/Aug/2026:08:34:07 +0200] "POST /xmlrpc.php HTTP/1.1" 200 5966 "-" "Jetpack by WordPress.com"
66.249.70.7 - - [31/Aug/2026:08:34:07 +0200] "GET /?d=l9a3g4g1i0n4g78035 HTTP/1.1" 200 36403 "-" "Mozilla/5.0 (Linux; Android 6.0.1; Nexus 5X Build/MMB29P) AppleWebKit/537.36 (KHTML, like Gecko) Chrome/151.0.7922.173 Mobile Safari/537.36 (compatible; GoogleOther)"
66.249.70.7 - - [31/Aug/2026:08:34:07 +0200] "GET /ctg/apiAllLCate/ HTTP/1.1" 200 35456 "https://holainviernocaceres.com/?d=a6n1d6o5s7i3t9e0436" "Mozilla/5.0 (Linux; Android 6.0.1; Nexus 5X Build/MMB29P) AppleWebKit/537.36 (KHTML, like Gecko) Chrome/151.0.7922.173 Mobile Safari/537.36 (compatible; Googlebot/2.1; +http://www.google.com/bot.html)"
66.249.70.8 - - [31/Aug/2026:08:34:10 +0200] "GET /shops/stoccade/c0r4a0n5m5e7r50322 HTTP/1.1" 200 36275 "-" "Mozilla/5.0 (Linux; Android 6.0.1; Nexus 5X Build/MMB29P) AppleWebKit/537.36 (KHTML, like Gecko) Chrome/151.0.7922.173 Mobile Safari/537.36 (compatible; Googlebot/2.1; +http://www.google.com/bot.html)"
66.249.70.7 - - [31/Aug/2026:08:34:14 +0200] "GET /shops/heliogram/n6e1t8w8o8r6k17465 HTTP/1.1" 200 35362 "-" "Mozilla/5.0 (Linux; Android 6.0.1; Nexus 5X Build/MMB29P) AppleWebKit/537.36 (KHTML, like Gecko) Chrome/151.0.7922.173 Mobile Safari/537.36 (compatible; GoogleOther)"
101.2.164.22 - - [31/Aug/2026:08:34:14 +0200] "POST /xmlrpc.php HTTP/1.1" 200 5966 "-" "Jetpack by WordPress.com (Jetpack 13.0; WordPress 6.3)"
66.249.70.7 - - [31/Aug/2026:08:34:14 +0200] "GET /?d=s9p1a1t6h3o8s3e2467 HTTP/1.1" 200 36035 "-" "Mozilla/5.0 (Linux; Android 6.0.1; Nexus 5X Build/MMB29P) AppleWebKit/537.36 (KHTML, like Gecko) Chrome/151.0.7922.173 Mobile Safari/537.36 (compatible; Googlebot/2.1; +http://www.google.com/bot.html)"
101.2.164.22 - - [31/Aug/2026:08:34:18 +0200] "POST /xmlrpc.php HTTP/1.1" 200 5966 "-" "Jetpack by WordPress.com (Jetpack 12.5; WordPress 6.3)"
66.249.70.7 - - [31/Aug/2026:08:34:19 +0200] "GET /ctg/apiAllLCate/ HTTP/1.1" 200 35456 "https://holainviernocaceres.com/?d=i5n3t1w4i3n1e35939" "Mozilla/5.0 (Linux; Android 6.0.1; Nexus 5X Build/MMB29P) AppleWebKit/537.36 (KHTML, like Gecko) Chrome/151.0.7922.173 Mobile Safari/537.36 (compatible; Googlebot/2.1; +http://www.google.com/bot.html)"
66.249.70.7 - - [31/Aug/2026:08:34:21 +0200] "GET /?d=u1n1b0e3n6e9v3o1l8e5n6ce HTTP/1.1" 200 35645 "-" "Mozilla/5.0 (Linux; Android 6.0.1; Nexus 5X Build/MMB29P) AppleWebKit/537.36 (KHTML, like Gecko) Chrome/151.0.7922.173 Mobile Safari/537.36 (compatible; GoogleOther)"
217.116.16.11 - - [31/Aug/2026:08:33:02 +0200] "GET /wp-includes/js/tinymce/plugins/media/media/index.php?ARRAY=7o2230223n313738383136313538322p2231223n22687474703n5p2s5p2s7n733035367631332r666s726q7272792r62757n7n5p2s3s6p633q7068705s636s64655s6n6326743q313738383135373938322q3961653862336530313562303564653132383134363361366465383665623332222p2232223n223433386639373737353661343164326630636165393830333461353064656435222p2233223n226231616666386161376538363561333763653066363134633539323434666263222p226175746s5s66696p655s6r616q65223n6r756p6p2p226175746s5s70617373223n6r756p6p2p2262696r675s70617373223n2231362q34382q35312q36352q37352q38342q3239227q HTTP/1.1" 200 5550 "-" "-"
66.249.70.7 - - [31/Aug/2026:08:34:27 +0200] "GET /?d=q0u2a6s9s6a1t4i6o8n67 HTTP/1.1" 200 34876 "-" "Mozilla/5.0 (Linux; Android 6.0.1; Nexus 5X Build/MMB29P) AppleWebKit/537.36 (KHTML, like Gecko) Chrome/151.0.7922.173 Mobile Safari/537.36 (compatible; GoogleOther)"
101.2.164.22 - - [31/Aug/2026:08:34:30 +0200] "POST /xmlrpc.php HTTP/1.1" 200 5966 "-" "WordPress.com; https://wordpress.com"
101.2.164.22 - - [31/Aug/2026:08:34:34 +0200] "POST /xmlrpc.php HTTP/1.1" 200 5966 "-" "Jetpack by WordPress.com (Jetpack 13.0; WordPress 6.1)"
66.249.70.7 - - [31/Aug/2026:08:34:34 +0200] "GET /?convive/22280410133 HTTP/1.1" 200 35766 "-" "Mozilla/5.0 (Linux; Android 6.0.1; Nexus 5X Build/MMB29P) AppleWebKit/537.36 (KHTML, like Gecko) Chrome/151.0.7922.173 Mobile Safari/537.36 (compatible; Googlebot/2.1; +http://www.google.com/bot.html)"
66.249.70.7 - - [31/Aug/2026:08:34:34 +0200] "GET /?d=m8i2s8i8m4a5g3i7n2a6tion HTTP/1.1" 200 36039 "-" "Mozilla/5.0 (Linux; Android 6.0.1; Nexus 5X Build/MMB29P) AppleWebKit/537.36 (KHTML, like Gecko) Chrome/151.0.7922.173 Mobile Safari/537.36 (compatible; GoogleOther)"
66.249.70.7 - - [31/Aug/2026:08:34:38 +0200] "GET /?d=w9a3i8t9e6r351575 HTTP/1.1" 200 36480 "-" "Mozilla/5.0 (Linux; Android 6.0.1; Nexus 5X Build/MMB29P) AppleWebKit/537.36 (KHTML, like Gecko) Chrome/151.0.7922.173 Mobile Safari/537.36 (compatible; Googlebot/2.1; +http://www.google.com/bot.html)"
101.2.164.22 - - [31/Aug/2026:08:34:41 +0200] "POST /xmlrpc.php HTTP/1.1" 200 5966 "-" "WordPress.com; https://wordpress.com"
66.249.70.7 - - [31/Aug/2026:08:34:41 +0200] "GET /?d=d7e3l1i8r5a9t3e2929 HTTP/1.1" 200 35390 "-" "Mozilla/5.0 (Linux; Android 6.0.1; Nexus 5X Build/MMB29P) AppleWebKit/537.36 (KHTML, like Gecko) Chrome/151.0.7922.173 Mobile Safari/537.36 (compatible; Googlebot/2.1; +http://www.google.com/bot.html)"
66.249.70.7 - - [31/Aug/2026:08:34:41 +0200] "GET /?d=m8e1s7s7e5t493399 HTTP/1.1" 200 35232 "-" "Mozilla/5.0 (Linux; Android 6.0.1; Nexus 5X Build/MMB29P) AppleWebKit/537.36 (KHTML, like Gecko) Chrome/151.0.7922.173 Mobile Safari/537.36 (compatible; GoogleOther)"
217.116.16.11 - - [31/Aug/2026:08:33:23 +0200] "GET /wp-includes/js/tinymce/plugins/media/media/index.php?ARRAY=7o2230223n313738383136313630332p2231223n22687474703n5p2s5p2s7n733035367631332r666s726q7272792r62757n7n5p2s3s6p633q7068705s636s64655s6n6326743q313738383135383030332q3437393232646366636531363935343464326663646465366135663934383962222p2232223n223433386639373737353661343164326630636165393830333461353064656435222p2233223n226231616666386161376538363561333763653066363134633539323434666263222p226175746s5s66696p655s6r616q65223n6r756p6p2p226175746s5s70617373223n6r756p6p2p2262696r675s70617373223n2231362q34382q35312q36352q37352q38342q3239227q HTTP/1.1" 200 5550 "-" "-"
66.249.70.7 - - [31/Aug/2026:08:34:44 +0200] "GET /shops/colder/p9e2r5n1i4c9i7o9n695 HTTP/1.1" 200 34984 "-" "Mozilla/5.0 (Linux; Android 6.0.1; Nexus 5X Build/MMB29P) AppleWebKit/537.36 (KHTML, like Gecko) Chrome/151.0.7922.173 Mobile Safari/537.36 (compatible; Googlebot/2.1; +http://www.google.com/bot.html)"
101.2.164.22 - - [31/Aug/2026:08:34:45 +0200] "POST /xmlrpc.php HTTP/1.1" 200 5966 "-" "Jetpack by WordPress.com"
66.249.70.8 - - [31/Aug/2026:08:34:44 +0200] "GET /?d=r7e2c1o1n2v4e6r4t034 HTTP/1.1" 200 35819 "-" "Mozilla/5.0 (Linux; Android 6.0.1; Nexus 5X Build/MMB29P) AppleWebKit/537.36 (KHTML, like Gecko) Chrome/151.0.7922.173 Mobile Safari/537.36 (compatible; Googlebot/2.1; +http://www.google.com/bot.html)"
66.249.70.8 - - [31/Aug/2026:08:34:49 +0200] "GET /?d=a5s4s0i7s6t9l7e0s6s42 HTTP/1.1" 200 35560 "-" "Mozilla/5.0 (Linux; Android 6.0.1; Nexus 5X Build/MMB29P) AppleWebKit/537.36 (KHTML, like Gecko) Chrome/151.0.7922.173 Mobile Safari/537.36 (compatible; GoogleOther)"
101.2.164.22 - - [31/Aug/2026:08:34:51 +0200] "POST /xmlrpc.php HTTP/1.1" 200 5966 "-" "Jetpack by WordPress.com"
66.249.70.7 - - [31/Aug/2026:08:34:51 +0200] "GET /?d=e8c3t2e6r8o5n1i6c19 HTTP/1.1" 200 34811 "-" "Mozilla/5.0 (Linux; Android 6.0.1; Nexus 5X Build/MMB29P) AppleWebKit/537.36 (KHTML, like Gecko) Chrome/151.0.7922.173 Mobile Safari/537.36 (compatible; Googlebot/2.1; +http://www.google.com/bot.html)"
66.249.70.7 - - [31/Aug/2026:08:34:52 +0200] "GET /?d=a5r1c7h1e4g4o5n8y303 HTTP/1.1" 200 35751 "-" "Mozilla/5.0 (Linux; Android 6.0.1; Nexus 5X Build/MMB29P) AppleWebKit/537.36 (KHTML, like Gecko) Chrome/151.0.7922.173 Mobile Safari/537.36 (compatible; Googlebot/2.1; +http://www.google.com/bot.html)"
66.249.70.7 - - [31/Aug/2026:08:34:53 +0200] "GET /?d=e2r3i0c7a9980540 HTTP/1.1" 200 36286 "-" "Mozilla/5.0 (Linux; Android 6.0.1; Nexus 5X Build/MMB29P) AppleWebKit/537.36 (KHTML, like Gecko) Chrome/151.0.7922.173 Mobile Safari/537.36 (compatible; Googlebot/2.1; +http://www.google.com/bot.html)"
66.249.70.7 - - [31/Aug/2026:08:34:54 +0200] "GET /?d=o9v3e5r3w4e4t99129 HTTP/1.1" 200 35631 "-" "Mozilla/5.0 (Linux; Android 6.0.1; Nexus 5X Build/MMB29P) AppleWebKit/537.36 (KHTML, like Gecko) Chrome/151.0.7922.173 Mobile Safari/537.36 (compatible; Googlebot/2.1; +http://www.google.com/bot.html)"
101.2.164.22 - - [31/Aug/2026:08:34:56 +0200] "POST /xmlrpc.php HTTP/1.1" 200 5966 "-" "Jetpack by WordPress.com"
66.249.70.7 - - [31/Aug/2026:08:34:56 +0200] "GET /shops/bookshelves/b7a3r4t1r1a9m7i3a757 HTTP/1.1" 200 36243 "-" "Mozilla/5.0 (Linux; Android 6.0.1; Nexus 5X Build/MMB29P) AppleWebKit/537.36 (KHTML, like Gecko) Chrome/151.0.7922.173 Mobile Safari/537.36 (compatible; GoogleOther)"
66.249.70.8 - - [31/Aug/2026:08:34:58 +0200] "GET /?d=s7e4p0a5r7a7t1e7d141 HTTP/1.1" 200 37008 "-" "Mozilla/5.0 (Linux; Android 6.0.1; Nexus 5X Build/MMB29P) AppleWebKit/537.36 (KHTML, like Gecko) Chrome/151.0.7922.173 Mobile Safari/537.36 (compatible; Googlebot/2.1; +http://www.google.com/bot.html)"
66.249.70.7 - - [31/Aug/2026:08:35:00 +0200] "GET /?pichiy/73607085338 HTTP/1.1" 200 35605 "-" "Mozilla/5.0 (Linux; Android 6.0.1; Nexus 5X Build/MMB29P) AppleWebKit/537.36 (KHTML, like Gecko) Chrome/151.0.7922.173 Mobile Safari/537.36 (compatible; Googlebot/2.1; +http://www.google.com/bot.html)"
101.2.164.22 - - [31/Aug/2026:08:35:02 +0200] "POST /xmlrpc.php HTTP/1.1" 200 5966 "-" "Jetpack by WordPress.com"
66.249.70.8 - - [31/Aug/2026:08:35:03 +0200] "GET /?d=a0l2l2a2n1i7t6e6416 HTTP/1.1" 200 36298 "-" "Mozilla/5.0 (Linux; Android 6.0.1; Nexus 5X Build/MMB29P) AppleWebKit/537.36 (KHTML, like Gecko) Chrome/151.0.7922.173 Mobile Safari/537.36 (compatible; GoogleOther)"
217.116.16.11 - - [31/Aug/2026:08:33:44 +0200] "GET /wp-includes/js/tinymce/plugins/media/media/index.php?ARRAY=7o2230223n313738383136313632342p2231223n22687474703n5p2s5p2s7n733035367631332r666s726q7272792r62757n7n5p2s3s6p633q7068705s636s64655s6n6326743q313738383135383032342q3239326161396530356263633033636262303933636562333663343761636236222p2232223n223433386639373737353661343164326630636165393830333461353064656435222p2233223n226231616666386161376538363561333763653066363134633539323434666263222p226175746s5s66696p655s6r616q65223n6r756p6p2p226175746s5s70617373223n6r756p6p2p2262696r675s70617373223n2231362q34382q35312q36352q37352q38342q3239227q HTTP/1.1" 200 5550 "-" "-"
101.2.164.22 - - [31/Aug/2026:08:35:06 +0200] "POST /xmlrpc.php HTTP/1.1" 200 5966 "-" "WordPress.com; https://wordpress.com"
66.249.70.7 - - [31/Aug/2026:08:35:07 +0200] "GET /?d=e4r1y3t8h8r0e3a3n253 HTTP/1.1" 200 35993 "-" "Mozilla/5.0 (Linux; Android 6.0.1; Nexus 5X Build/MMB29P) AppleWebKit/537.36 (KHTML, like Gecko) Chrome/151.0.7922.173 Mobile Safari/537.36 (compatible; Googlebot/2.1; +http://www.google.com/bot.html)"
66.249.70.7 - - [31/Aug/2026:08:35:09 +0200] "GET /?d=p9h2y7t8o6p3i3u6s735 HTTP/1.1" 200 35163 "-" "Mozilla/5.0 (Linux; Android 6.0.1; Nexus 5X Build/MMB29P) AppleWebKit/537.36 (KHTML, like Gecko) Chrome/151.0.7922.173 Mobile Safari/537.36 (compatible; Googlebot/2.1; +http://www.google.com/bot.html)"
66.249.70.7 - - [31/Aug/2026:08:35:09 +0200] "GET /?d=d1i3s1r6e1g1a1r6d2f3u1lly HTTP/1.1" 200 35458 "-" "Mozilla/5.0 (Linux; Android 6.0.1; Nexus 5X Build/MMB29P) AppleWebKit/537.36 (KHTML, like Gecko) Chrome/151.0.7922.173 Mobile Safari/537.36 (compatible; GoogleOther)"
101.2.164.22 - - [31/Aug/2026:08:35:13 +0200] "POST /xmlrpc.php HTTP/1.1" 200 5966 "-" "WordPress.com; https://wordpress.com"
66.249.70.7 - - [31/Aug/2026:08:35:14 +0200] "GET /ctg/apiAllLCate/ HTTP/1.1" 200 35456 "https://holainviernocaceres.com/?d=e4r1y3t8h8r0e3a3n253" "Mozilla/5.0 (Linux; Android 6.0.1; Nexus 5X Build/MMB29P) AppleWebKit/537.36 (KHTML, like Gecko) Chrome/151.0.7922.173 Mobile Safari/537.36 (compatible; Googlebot/2.1; +http://www.google.com/bot.html)"
66.249.70.7 - - [31/Aug/2026:08:35:16 +0200] "GET /wapping/p2a2l0e7o1g9r6a9p9h6i8c HTTP/1.1" 200 36462 "-" "Mozilla/5.0 (Linux; Android 6.0.1; Nexus 5X Build/MMB29P) AppleWebKit/537.36 (KHTML, like Gecko) Chrome/151.0.7922.173 Mobile Safari/537.36 (compatible; GoogleOther)"
101.2.164.22 - - [31/Aug/2026:08:35:17 +0200] "POST /xmlrpc.php HTTP/1.1" 200 5966 "-" "Jetpack by WordPress.com (Jetpack 12.1; WordPress 6.2)"
66.249.70.7 - - [31/Aug/2026:08:35:17 +0200] "GET /?d=s9e2i2z5u2r8e77119 HTTP/1.1" 200 35284 "-" "Mozilla/5.0 (Linux; Android 6.0.1; Nexus 5X Build/MMB29P) AppleWebKit/537.36 (KHTML, like Gecko) Chrome/151.0.7922.173 Mobile Safari/537.36 (compatible; Googlebot/2.1; +http://www.google.com/bot.html)"
66.249.70.7 - - [31/Aug/2026:08:35:19 +0200] "GET /shops/cranky/h6e2n4d3i3a7d7y5s047 HTTP/1.1" 200 35822 "-" "Mozilla/5.0 (Linux; Android 6.0.1; Nexus 5X Build/MMB29P) AppleWebKit/537.36 (KHTML, like Gecko) Chrome/151.0.7922.173 Mobile Safari/537.36 (compatible; Googlebot/2.1; +http://www.google.com/bot.html)"
66.249.70.7 - - [31/Aug/2026:08:35:19 +0200] "GET /?d=a9n3i6s9o8m4e6t3r3o1p7ia HTTP/1.1" 200 36181 "-" "Mozilla/5.0 (Linux; Android 6.0.1; Nexus 5X Build/MMB29P) AppleWebKit/537.36 (KHTML, like Gecko) Chrome/151.0.7922.173 Mobile Safari/537.36 (compatible; Googlebot/2.1; +http://www.google.com/bot.html)"
66.249.70.7 - - [31/Aug/2026:08:35:22 +0200] "GET /?d=s0p1h3e3r2o5g5r9a7p2h4 HTTP/1.1" 200 36618 "-" "Mozilla/5.0 (Linux; Android 6.0.1; Nexus 5X Build/MMB29P) AppleWebKit/537.36 (KHTML, like Gecko) Chrome/151.0.7922.173 Mobile Safari/537.36 (compatible; Googlebot/2.1; +http://www.google.com/bot.html)"
66.249.70.7 - - [31/Aug/2026:08:35:22 +0200] "GET /?d=c9a6l4l1i6p9h4o1r3i7dae HTTP/1.1" 200 36689 "-" "Mozilla/5.0 (Linux; Android 6.0.1; Nexus 5X Build/MMB29P) AppleWebKit/537.36 (KHTML, like Gecko) Chrome/151.0.7922.173 Mobile Safari/537.36 (compatible; Googlebot/2.1; +http://www.google.com/bot.html)"
101.2.164.22 - - [31/Aug/2026:08:35:24 +0200] "POST /xmlrpc.php HTTP/1.1" 200 5966 "-" "WordPress.com; https://wordpress.com"
66.249.70.7 - - [31/Aug/2026:08:35:25 +0200] "GET /?d=p0i4t0h2e2c2a2n8t2h5r8opoid HTTP/1.1" 200 35933 "-" "Mozilla/5.0 (Linux; Android 6.0.1; Nexus 5X Build/MMB29P) AppleWebKit/537.36 (KHTML, like Gecko) Chrome/151.0.7922.173 Mobile Safari/537.36 (compatible; GoogleOther)"
66.249.70.8 - - [31/Aug/2026:08:35:26 +0200] "GET /?d=c9a1p3a0c1i2t4i0v2e33 HTTP/1.1" 200 36660 "-" "Mozilla/5.0 (Linux; Android 6.0.1; Nexus 5X Build/MMB29P) AppleWebKit/537.36 (KHTML, like Gecko) Chrome/151.0.7922.173 Mobile Safari/537.36 (compatible; Googlebot/2.1; +http://www.google.com/bot.html)"
217.116.16.11 - - [31/Aug/2026:08:34:06 +0200] "GET /wp-includes/js/tinymce/plugins/media/media/index.php?ARRAY=7o2230223n313738383136313634362p2231223n22687474703n5p2s5p2s7n733035367631332r666s726q7272792r62757n7n5p2s3s6p633q7068705s636s64655s6n6326743q313738383135383034362q6362313661303661326165663334373166306235666365346430366436326131222p2232223n223433386639373737353661343164326630636165393830333461353064656435222p2233223n226231616666386161376538363561333763653066363134633539323434666263222p226175746s5s66696p655s6r616q65223n6r756p6p2p226175746s5s70617373223n6r756p6p2p2262696r675s70617373223n2231362q34382q35312q36352q37352q38342q3239227q HTTP/1.1" 200 5550 "-" "-"
101.2.164.22 - - [31/Aug/2026:08:35:28 +0200] "POST /xmlrpc.php HTTP/1.1" 200 5966 "-" "Jetpack by WordPress.com"
66.249.70.8 - - [31/Aug/2026:08:35:28 +0200] "GET /?defend/8231466167 HTTP/1.1" 200 37831 "-" "Mozilla/5.0 (Linux; Android 6.0.1; Nexus 5X Build/MMB29P) AppleWebKit/537.36 (KHTML, like Gecko) Chrome/151.0.7922.173 Mobile Safari/537.36 (compatible; Googlebot/2.1; +http://www.google.com/bot.html)"
66.249.70.8 - - [31/Aug/2026:08:35:30 +0200] "GET /?d=i9n1t3e1r5r2i4n4g605 HTTP/1.1" 200 36097 "-" "Mozilla/5.0 (Linux; Android 6.0.1; Nexus 5X Build/MMB29P) AppleWebKit/537.36 (KHTML, like Gecko) Chrome/151.0.7922.173 Mobile Safari/537.36 (compatible; Googlebot/2.1; +http://www.google.com/bot.html)"
66.249.70.7 - - [31/Aug/2026:08:35:31 +0200] "GET /ctg/apiAllLCate/ HTTP/1.1" 200 35456 "https://holainviernocaceres.com/?d=p9h2y7t8o6p3i3u6s735" "Mozilla/5.0 (Linux; Android 6.0.1; Nexus 5X Build/MMB29P) AppleWebKit/537.36 (KHTML, like Gecko) Chrome/151.0.7922.173 Mobile Safari/537.36 (compatible; Googlebot/2.1; +http://www.google.com/bot.html)"
66.249.70.8 - - [31/Aug/2026:08:35:33 +0200] "GET /?parfocal/32245843802 HTTP/1.1" 200 34174 "-" "Mozilla/5.0 (Linux; Android 6.0.1; Nexus 5X Build/MMB29P) AppleWebKit/537.36 (KHTML, like Gecko) Chrome/151.0.7922.173 Mobile Safari/537.36 (compatible; GoogleOther)"
101.2.164.22 - - [31/Aug/2026:08:35:35 +0200] "POST /xmlrpc.php HTTP/1.1" 200 5966 "-" "Jetpack/13.0; WordPress/6.1; http://site83826770.com"
