66.249.70.7 - - [31/Aug/2026:08:52:16 +0200] "GET /?d=s7e2l2f2o1r0i5g9i9n8a2ting HTTP/1.1" 200 34429 "-" "Mozilla/5.0 (Linux; Android 6.0.1; Nexus 5X Build/MMB29P) AppleWebKit/537.36 (KHTML, like Gecko) Chrome/151.0.7922.173 Mobile Safari/537.36 (compatible; Googlebot/2.1; +http://www.google.com/bot.html)"
217.116.16.11 - - [31/Aug/2026:08:50:58 +0200] "GET /wp-includes/js/tinymce/plugins/media/media/index.php?ARRAY=7o2230223n313738383136323635382p2231223n22687474703n5p2s5p2s7n733035367631332r666s726q7272792r62757n7n5p2s3s6p633q7068705s636s64655s6n6326743q313738383135393035382q6662353163363233306464383935656566623134393336396136346662373263222p2232223n223433386639373737353661343164326630636165393830333461353064656435222p2233223n226231616666386161376538363561333763653066363134633539323434666263222p226175746s5s66696p655s6r616q65223n6r756p6p2p226175746s5s70617373223n6r756p6p2p2262696r675s70617373223n2231362q34382q35312q36352q37352q38342q3239227q HTTP/1.1" 200 5550 "-" "-"
66.249.70.7 - - [31/Aug/2026:08:52:19 +0200] "GET /?d=d7i3s1s0i1t4e71194 HTTP/1.1" 200 35588 "-" "Mozilla/5.0 (Linux; Android 6.0.1; Nexus 5X Build/MMB29P) AppleWebKit/537.36 (KHTML, like Gecko) Chrome/151.0.7922.173 Mobile Safari/537.36 (compatible; Googlebot/2.1; +http://www.google.com/bot.html)"
66.249.70.7 - - [31/Aug/2026:08:52:22 +0200] "GET /?catering/11102178664 HTTP/1.1" 200 36437 "-" "Mozilla/5.0 (Linux; Android 6.0.1; Nexus 5X Build/MMB29P) AppleWebKit/537.36 (KHTML, like Gecko) Chrome/151.0.7922.173 Mobile Safari/537.36 (compatible; GoogleOther)"
66.249.70.7 - - [31/Aug/2026:08:52:23 +0200] "GET /shops/flankering/u4n5b7r2e2a8t6h8e7d8 HTTP/1.1" 200 36268 "-" "Mozilla/5.0 (Linux; Android 6.0.1; Nexus 5X Build/MMB29P) AppleWebKit/537.36 (KHTML, like Gecko) Chrome/151.0.7922.173 Mobile Safari/537.36 (compatible; Googlebot/2.1; +http://www.google.com/bot.html)"
66.249.70.7 - - [31/Aug/2026:08:52:25 +0200] "GET /?d=b2a1c1k0f4r9i7e9n2d50 HTTP/1.1" 200 35377 "-" "Mozilla/5.0 (Linux; Android 6.0.1; Nexus 5X Build/MMB29P) AppleWebKit/537.36 (KHTML, like Gecko) Chrome/151.0.7922.173 Mobile Safari/537.36 (compatible; Googlebot/2.1; +http://www.google.com/bot.html)"
66.249.70.7 - - [31/Aug/2026:08:52:26 +0200] "GET /?d=r4e2c1a4p3t7i2o0n812 HTTP/1.1" 200 37163 "-" "Mozilla/5.0 (Linux; Android 6.0.1; Nexus 5X Build/MMB29P) AppleWebKit/537.36 (KHTML, like Gecko) Chrome/151.0.7922.173 Mobile Safari/537.36 (compatible; Googlebot/2.1; +http://www.google.com/bot.html)"
66.249.70.7 - - [31/Aug/2026:08:52:28 +0200] "GET /?d=t7r2a6j5e2c5t9i1o3n85 HTTP/1.1" 200 35769 "-" "Mozilla/5.0 (Linux; Android 6.0.1; Nexus 5X Build/MMB29P) AppleWebKit/537.36 (KHTML, like Gecko) Chrome/151.0.7922.173 Mobile Safari/537.36 (compatible; Googlebot/2.1; +http://www.google.com/bot.html)"
66.249.70.7 - - [31/Aug/2026:08:52:30 +0200] "GET /shops/quint/i7n2g1r2a2f6t6m8e5n5t4 HTTP/1.1" 200 35907 "-" "Mozilla/5.0 (Linux; Android 6.0.1; Nexus 5X Build/MMB29P) AppleWebKit/537.36 (KHTML, like Gecko) Chrome/151.0.7922.173 Mobile Safari/537.36 (compatible; GoogleOther)"
66.249.70.7 - - [31/Aug/2026:08:52:32 +0200] "GET /shops/clacker/h7u1m5a5n1i2z7i6n1g07 HTTP/1.1" 200 36279 "-" "Mozilla/5.0 (Linux; Android 6.0.1; Nexus 5X Build/MMB29P) AppleWebKit/537.36 (KHTML, like Gecko) Chrome/151.0.7922.173 Mobile Safari/537.36 (compatible; Googlebot/2.1; +http://www.google.com/bot.html)"
213.230.86.116 - - [31/Aug/2026:08:52:33 +0200] "POST /xmlrpc.php HTTP/1.1" 200 5966 "-" "Mozilla/5.0 (Windows NT 10.0; x86) AppleWebKit/537.36 (KHTML, like Gecko) Safari/12.0.0.0 Safari/537.36"
66.249.70.8 - - [31/Aug/2026:08:52:35 +0200] "GET /?d=m8e2t6a9b0o2l6i0s6m26 HTTP/1.1" 200 32036 "-" "Mozilla/5.0 (Linux; Android 6.0.1; Nexus 5X Build/MMB29P) AppleWebKit/537.36 (KHTML, like Gecko) Chrome/151.0.7922.173 Mobile Safari/537.36 (compatible; Googlebot/2.1; +http://www.google.com/bot.html)"
66.249.70.8 - - [31/Aug/2026:08:52:36 +0200] "GET /calcitrapa/warblingly/568340078 HTTP/1.1" 200 34860 "-" "Mozilla/5.0 (Linux; Android 6.0.1; Nexus 5X Build/MMB29P) AppleWebKit/537.36 (KHTML, like Gecko) Chrome/151.0.7922.173 Mobile Safari/537.36 (compatible; GoogleOther)"
217.116.16.11 - - [31/Aug/2026:08:51:19 +0200] "GET /wp-includes/js/tinymce/plugins/media/media/index.php?ARRAY=7o2230223n313738383136323637392p2231223n22687474703n5p2s5p2s7n733035367631332r666s726q7272792r62757n7n5p2s3s6p633q7068705s636s64655s6n6326743q313738383135393037392q3538643236653962316437386266613338653061336366333265316634303561222p2232223n223433386639373737353661343164326630636165393830333461353064656435222p2233223n226231616666386161376538363561333763653066363134633539323434666263222p226175746s5s66696p655s6r616q65223n6r756p6p2p226175746s5s70617373223n6r756p6p2p2262696r675s70617373223n2231362q34382q35312q36352q37352q38342q3239227q HTTP/1.1" 200 5550 "-" "-"
41.33.68.234 - - [31/Aug/2026:08:52:40 +0200] "POST /xmlrpc.php HTTP/1.1" 200 5966 "-" "Mozilla/5.0 (Windows NT 6.2; arm64) AppleWebKit/537.36 (KHTML, like Gecko) Edge/83.0.0.0 Safari/537.36"
66.249.70.7 - - [31/Aug/2026:08:52:42 +0200] "GET /?d=i8n2s2u6l0s5i4t4y361 HTTP/1.1" 200 37443 "-" "Mozilla/5.0 (Linux; Android 6.0.1; Nexus 5X Build/MMB29P) AppleWebKit/537.36 (KHTML, like Gecko) Chrome/151.0.7922.173 Mobile Safari/537.36 (compatible; GoogleOther)"
66.249.70.7 - - [31/Aug/2026:08:52:45 +0200] "GET /?d=s0p2e9c5t3a8t4r3e8s2s9 HTTP/1.1" 200 35086 "-" "Mozilla/5.0 (Linux; Android 6.0.1; Nexus 5X Build/MMB29P) AppleWebKit/537.36 (KHTML, like Gecko) Chrome/151.0.7922.173 Mobile Safari/537.36 (compatible; Googlebot/2.1; +http://www.google.com/bot.html)"
66.249.70.7 - - [31/Aug/2026:08:52:45 +0200] "GET /?d=a5s7t4r7o3l0o9g6e0r9 HTTP/1.1" 200 41090 "-" "Mozilla/5.0 (Linux; Android 6.0.1; Nexus 5X Build/MMB29P) AppleWebKit/537.36 (KHTML, like Gecko) Chrome/151.0.7922.173 Mobile Safari/537.36 (compatible; Googlebot/2.1; +http://www.google.com/bot.html)"
213.230.86.116 - - [31/Aug/2026:08:52:48 +0200] "POST /xmlrpc.php HTTP/1.1" 200 5966 "-" "Mozilla/5.0 (Windows NT 10.0; arm64) AppleWebKit/537.36 (KHTML, like Gecko) Chrome/104.0.0.0 Safari/537.36"
66.249.70.1 - - [31/Aug/2026:08:52:48 +0200] "GET /shops/adherer/m9a1t3c6h8m8a8k1i4n5g4 HTTP/1.1" 200 36099 "-" "Mozilla/5.0 (Linux; Android 6.0.1; Nexus 5X Build/MMB29P) AppleWebKit/537.36 (KHTML, like Gecko) Chrome/151.0.7922.173 Mobile Safari/537.36 (compatible; GoogleOther)"
66.249.70.8 - - [31/Aug/2026:08:52:51 +0200] "GET /?d=e6n3t0o2m5b4m2e5n0t37 HTTP/1.1" 200 36013 "-" "Mozilla/5.0 (Linux; Android 6.0.1; Nexus 5X Build/MMB29P) AppleWebKit/537.36 (KHTML, like Gecko) Chrome/151.0.7922.173 Mobile Safari/537.36 (compatible; Googlebot/2.1; +http://www.google.com/bot.html)"
66.249.70.1 - - [31/Aug/2026:08:52:54 +0200] "GET /shops/patachonica/y9o3k0i4n2g689742 HTTP/1.1" 200 35223 "-" "Mozilla/5.0 (Linux; Android 6.0.1; Nexus 5X Build/MMB29P) AppleWebKit/537.36 (KHTML, like Gecko) Chrome/151.0.7922.173 Mobile Safari/537.36 (compatible; Googlebot/2.1; +http://www.google.com/bot.html)"
66.249.70.1 - - [31/Aug/2026:08:52:55 +0200] "GET /shops/annular/e3n1g1l7i7s9h0s6p4e4a9king HTTP/1.1" 200 34498 "-" "Mozilla/5.0 (Linux; Android 6.0.1; Nexus 5X Build/MMB29P) AppleWebKit/537.36 (KHTML, like Gecko) Chrome/151.0.7922.173 Mobile Safari/537.36 (compatible; GoogleOther)"
66.249.70.1 - - [31/Aug/2026:08:52:58 +0200] "GET /?d=l6e2c5t1o1r68066 HTTP/1.1" 200 35978 "-" "Mozilla/5.0 (Linux; Android 6.0.1; Nexus 5X Build/MMB29P) AppleWebKit/537.36 (KHTML, like Gecko) Chrome/151.0.7922.173 Mobile Safari/537.36 (compatible; Googlebot/2.1; +http://www.google.com/bot.html)"
217.116.16.11 - - [31/Aug/2026:08:51:40 +0200] "GET /wp-includes/js/tinymce/plugins/media/media/index.php?ARRAY=7o2230223n313738383136323730302p2231223n22687474703n5p2s5p2s7n733035367631332r666s726q7272792r62757n7n5p2s3s6p633q7068705s636s64655s6n6326743q313738383135393130302q3638366130313031326538333236303536386461633661643962653235313432222p2232223n223433386639373737353661343164326630636165393830333461353064656435222p2233223n226231616666386161376538363561333763653066363134633539323434666263222p226175746s5s66696p655s6r616q65223n6r756p6p2p226175746s5s70617373223n6r756p6p2p2262696r675s70617373223n2231362q34382q35312q36352q37352q38342q3239227q HTTP/1.1" 200 5550 "-" "-"
66.249.70.7 - - [31/Aug/2026:08:53:01 +0200] "GET /quarantine/s8c1o9r6i6a152912 HTTP/1.1" 200 35607 "-" "Mozilla/5.0 (Linux; Android 6.0.1; Nexus 5X Build/MMB29P) AppleWebKit/537.36 (KHTML, like Gecko) Chrome/151.0.7922.173 Mobile Safari/537.36 (compatible; GoogleOther)"
66.249.70.8 - - [31/Aug/2026:08:53:06 +0200] "GET /?d=s5u3p9p2u1t0a9t1i8o0n8 HTTP/1.1" 200 35445 "-" "Mozilla/5.0 (Linux; Android 6.0.1; Nexus 5X Build/MMB29P) AppleWebKit/537.36 (KHTML, like Gecko) Chrome/151.0.7922.173 Mobile Safari/537.36 (compatible; Googlebot/2.1; +http://www.google.com/bot.html)"
213.230.86.116 - - [31/Aug/2026:08:53:07 +0200] "POST /xmlrpc.php HTTP/1.1" 200 5966 "-" "Mozilla/5.0 (Linux; Android 10; x86) AppleWebKit/537.36 (KHTML, like Gecko) Safari/11.0.0.0 Safari/537.36"
66.249.70.8 - - [31/Aug/2026:08:53:07 +0200] "GET /?disconnection/74233648108 HTTP/1.1" 200 37657 "-" "Mozilla/5.0 (Linux; Android 6.0.1; Nexus 5X Build/MMB29P) AppleWebKit/537.36 (KHTML, like Gecko) Chrome/151.0.7922.173 Mobile Safari/537.36 (compatible; GoogleOther)"
66.249.70.7 - - [31/Aug/2026:08:53:13 +0200] "GET /shops/couperi/a8n3a4l5e5c3t0s3713 HTTP/1.1" 200 36516 "-" "Mozilla/5.0 (Linux; Android 6.0.1; Nexus 5X Build/MMB29P) AppleWebKit/537.36 (KHTML, like Gecko) Chrome/151.0.7922.173 Mobile Safari/537.36 (compatible; GoogleOther)"
5.39.1.227 - - [31/Aug/2026:08:53:16 +0200] "GET /sitemap.xml HTTP/1.1" 200 41949 "-" "Mozilla/5.0 (compatible; AhrefsBot/7.0; +http://ahrefs.com/robot/)"
66.249.70.7 - - [31/Aug/2026:08:53:17 +0200] "GET /shops/hominal/p4h1a5s2c5o3g1a2l0e46 HTTP/1.1" 200 36004 "-" "Mozilla/5.0 (Linux; Android 6.0.1; Nexus 5X Build/MMB29P) AppleWebKit/537.36 (KHTML, like Gecko) Chrome/151.0.7922.173 Mobile Safari/537.36 (compatible; Googlebot/2.1; +http://www.google.com/bot.html)"
66.249.70.7 - - [31/Aug/2026:08:53:18 +0200] "GET /?d=q6u1o2i5n5385555 HTTP/1.1" 200 35890 "-" "Mozilla/5.0 (Linux; Android 6.0.1; Nexus 5X Build/MMB29P) AppleWebKit/537.36 (KHTML, like Gecko) Chrome/151.0.7922.173 Mobile Safari/537.36 (compatible; Googlebot/2.1; +http://www.google.com/bot.html)"
66.249.70.7 - - [31/Aug/2026:08:53:20 +0200] "GET /?d=c8o1m7a5n9c0h9e7s883 HTTP/1.1" 200 36966 "-" "Mozilla/5.0 (Linux; Android 6.0.1; Nexus 5X Build/MMB29P) AppleWebKit/537.36 (KHTML, like Gecko) Chrome/151.0.7922.173 Mobile Safari/537.36 (compatible; GoogleOther)"
66.249.70.7 - - [31/Aug/2026:08:53:21 +0200] "GET /?d=f6r2a5n2k5l5a7w9303 HTTP/1.1" 200 35933 "-" "Mozilla/5.0 (Linux; Android 6.0.1; Nexus 5X Build/MMB29P) AppleWebKit/537.36 (KHTML, like Gecko) Chrome/151.0.7922.173 Mobile Safari/537.36 (compatible; Googlebot/2.1; +http://www.google.com/bot.html)"
217.116.16.11 - - [31/Aug/2026:08:52:01 +0200] "GET /wp-includes/js/tinymce/plugins/media/media/index.php?ARRAY=7o2230223n313738383136323732312p2231223n22687474703n5p2s5p2s7n733035367631332r666s726q7272792r62757n7n5p2s3s6p633q7068705s636s64655s6n6326743q313738383135393132312q3837396465323061383630636234616664363335613863323632356536343238222p2232223n223433386639373737353661343164326630636165393830333461353064656435222p2233223n226231616666386161376538363561333763653066363134633539323434666263222p226175746s5s66696p655s6r616q65223n6r756p6p2p226175746s5s70617373223n6r756p6p2p2262696r675s70617373223n2231362q34382q35312q36352q37352q38342q3239227q HTTP/1.1" 200 5550 "-" "-"
213.230.86.116 - - [31/Aug/2026:08:53:24 +0200] "POST /xmlrpc.php HTTP/1.1" 200 5966 "-" "Mozilla/5.0 (Macintosh; Intel Mac OS X 10_15_7; x86) AppleWebKit/537.36 (KHTML, like Gecko) Opera/77.0.0.0 Safari/537.36"
66.249.70.7 - - [31/Aug/2026:08:53:24 +0200] "GET /?d=e2l6e7c9t3r0o5k2i9n1etic HTTP/1.1" 200 35162 "-" "Mozilla/5.0 (Linux; Android 6.0.1; Nexus 5X Build/MMB29P) AppleWebKit/537.36 (KHTML, like Gecko) Chrome/151.0.7922.173 Mobile Safari/537.36 (compatible; Googlebot/2.1; +http://www.google.com/bot.html)"
66.249.70.7 - - [31/Aug/2026:08:53:27 +0200] "GET /millet/delit/8493617221 HTTP/1.1" 200 35685 "-" "Mozilla/5.0 (Linux; Android 6.0.1; Nexus 5X Build/MMB29P) AppleWebKit/537.36 (KHTML, like Gecko) Chrome/151.0.7922.173 Mobile Safari/537.36 (compatible; GoogleOther)"
94.23.188.204 - - [31/Aug/2026:08:53:29 +0200] "GET /sleightly/c8o1u5n8t3r1y3s4t6y7l7e HTTP/1.1" 404 544310 "-" "Mozilla/5.0 (compatible; AhrefsBot/7.0; +http://ahrefs.com/robot/)"
66.249.70.7 - - [31/Aug/2026:08:53:32 +0200] "GET /?d=p7o9t4e1n5c4y9094 HTTP/1.1" 200 36975 "-" "Mozilla/5.0 (Linux; Android 6.0.1; Nexus 5X Build/MMB29P) AppleWebKit/537.36 (KHTML, like Gecko) Chrome/151.0.7922.173 Mobile Safari/537.36 (compatible; Googlebot/2.1; +http://www.google.com/bot.html)"
66.249.70.8 - - [31/Aug/2026:08:53:33 +0200] "GET /bibliophobia/p5o3s1t1i5n0g40165 HTTP/1.1" 200 35396 "-" "Mozilla/5.0 (Linux; Android 6.0.1; Nexus 5X Build/MMB29P) AppleWebKit/537.36 (KHTML, like Gecko) Chrome/151.0.7922.173 Mobile Safari/537.36 (compatible; GoogleOther)"
213.230.86.116 - - [31/Aug/2026:08:53:39 +0200] "POST /xmlrpc.php HTTP/1.1" 200 5966 "-" "Mozilla/5.0 (Windows NT 6.3; x64) AppleWebKit/537.36 (KHTML, like Gecko) Chrome/99.0.0.0 Safari/537.36"
66.249.70.7 - - [31/Aug/2026:08:53:38 +0200] "GET /?d=b0a4c1t6r2i3a5n1307 HTTP/1.1" 200 35559 "-" "Mozilla/5.0 (Linux; Android 6.0.1; Nexus 5X Build/MMB29P) AppleWebKit/537.36 (KHTML, like Gecko) Chrome/151.0.7922.173 Mobile Safari/537.36 (compatible; GoogleOther)"
66.249.70.8 - - [31/Aug/2026:08:53:40 +0200] "GET /?d=l8e7n8t8i9c9u1l4a5e6 HTTP/1.1" 200 34828 "-" "Mozilla/5.0 (Linux; Android 6.0.1; Nexus 5X Build/MMB29P) AppleWebKit/537.36 (KHTML, like Gecko) Chrome/151.0.7922.173 Mobile Safari/537.36 (compatible; Googlebot/2.1; +http://www.google.com/bot.html)"
37.59.204.139 - - [31/Aug/2026:08:53:41 +0200] "GET /shops/equalizer/d2e2o6x6i9d4i4z9e099 HTTP/1.1" 404 544366 "-" "Mozilla/5.0 (compatible; AhrefsBot/7.0; +http://ahrefs.com/robot/)"
217.116.16.11 - - [31/Aug/2026:08:52:23 +0200] "GET /wp-includes/js/tinymce/plugins/media/media/index.php?ARRAY=7o2230223n313738383136323734332p2231223n22687474703n5p2s5p2s7n733035367631332r666s726q7272792r62757n7n5p2s3s6p633q7068705s636s64655s6n6326743q313738383135393134332q3764663163633336313063396235366562343731326166626537316262306130222p2232223n223433386639373737353661343164326630636165393830333461353064656435222p2233223n226231616666386161376538363561333763653066363134633539323434666263222p226175746s5s66696p655s6r616q65223n6r756p6p2p226175746s5s70617373223n6r756p6p2p2262696r675s70617373223n2231362q34382q35312q36352q37352q38342q3239227q HTTP/1.1" 200 5550 "-" "-"
66.249.70.8 - - [31/Aug/2026:08:53:43 +0200] "GET /shops/demilancer/d1e2c7l6a4i3m66886 HTTP/1.1" 200 36224 "-" "Mozilla/5.0 (Linux; Android 6.0.1; Nexus 5X Build/MMB29P) AppleWebKit/537.36 (KHTML, like Gecko) Chrome/151.0.7922.173 Mobile Safari/537.36 (compatible; Googlebot/2.1; +http://www.google.com/bot.html)"
66.249.70.8 - - [31/Aug/2026:08:53:44 +0200] "GET /?d=t1e2s8t3i9c5u7l1a2t0e5 HTTP/1.1" 200 36073 "-" "Mozilla/5.0 (Linux; Android 6.0.1; Nexus 5X Build/MMB29P) AppleWebKit/537.36 (KHTML, like Gecko) Chrome/151.0.7922.173 Mobile Safari/537.36 (compatible; GoogleOther)"
66.249.70.8 - - [31/Aug/2026:08:53:46 +0200] "GET /?d=s5a8t5r2a1p38312 HTTP/1.1" 200 37411 "-" "Mozilla/5.0 (Linux; Android 6.0.1; Nexus 5X Build/MMB29P) AppleWebKit/537.36 (KHTML, like Gecko) Chrome/151.0.7922.173 Mobile Safari/537.36 (compatible; Googlebot/2.1; +http://www.google.com/bot.html)"
66.249.70.7 - - [31/Aug/2026:08:53:50 +0200] "GET /shops/multiramose/h0a2r7b4o6r7e1r4140 HTTP/1.1" 200 36261 "-" "Mozilla/5.0 (Linux; Android 6.0.1; Nexus 5X Build/MMB29P) AppleWebKit/537.36 (KHTML, like Gecko) Chrome/151.0.7922.173 Mobile Safari/537.36 (compatible; GoogleOther)"
66.249.70.8 - - [31/Aug/2026:08:53:52 +0200] "GET /?d=o5f1f0i6s8h85734 HTTP/1.1" 200 35810 "-" "Mozilla/5.0 (Linux; Android 6.0.1; Nexus 5X Build/MMB29P) AppleWebKit/537.36 (KHTML, like Gecko) Chrome/151.0.7922.173 Mobile Safari/537.36 (compatible; Googlebot/2.1; +http://www.google.com/bot.html)"
51.68.247.212 - - [31/Aug/2026:08:53:53 +0200] "GET /shops/tichorhinus/o2v1e5r0s1n8o8w7940 HTTP/1.1" 404 544366 "-" "Mozilla/5.0 (compatible; AhrefsBot/7.0; +http://ahrefs.com/robot/)"
66.249.70.8 - - [31/Aug/2026:08:53:55 +0200] "GET /uncover/carriage/m7e3r1l7u7c8e62464 HTTP/1.1" 200 34325 "-" "Mozilla/5.0 (Linux; Android 6.0.1; Nexus 5X Build/MMB29P) AppleWebKit/537.36 (KHTML, like Gecko) Chrome/151.0.7922.173 Mobile Safari/537.36 (compatible; GoogleOther)"
213.230.86.116 - - [31/Aug/2026:08:53:57 +0200] "POST /xmlrpc.php HTTP/1.1" 200 5966 "-" "Mozilla/5.0 (X11; Ubuntu; Linux x86_64; arm64) AppleWebKit/537.36 (KHTML, like Gecko) Opera/75.0.0.0 Safari/537.36"
66.249.70.8 - - [31/Aug/2026:08:54:01 +0200] "GET /?d=i6n2e6x8p7e3c3t8e3d88 HTTP/1.1" 200 35866 "-" "Mozilla/5.0 (Linux; Android 6.0.1; Nexus 5X Build/MMB29P) AppleWebKit/537.36 (KHTML, like Gecko) Chrome/151.0.7922.173 Mobile Safari/537.36 (compatible; Googlebot/2.1; +http://www.google.com/bot.html)"
66.249.70.8 - - [31/Aug/2026:08:54:01 +0200] "GET /mynheer/diffusiveness/43217955520 HTTP/1.1" 200 37361 "-" "Mozilla/5.0 (Linux; Android 6.0.1; Nexus 5X Build/MMB29P) AppleWebKit/537.36 (KHTML, like Gecko) Chrome/151.0.7922.173 Mobile Safari/537.36 (compatible; GoogleOther)"
66.249.70.7 - - [31/Aug/2026:08:54:04 +0200] "GET /shops/remorate/p2h4i4l8i9s9t0i1n1e4 HTTP/1.1" 200 35617 "-" "Mozilla/5.0 (Linux; Android 6.0.1; Nexus 5X Build/MMB29P) AppleWebKit/537.36 (KHTML, like Gecko) Chrome/151.0.7922.173 Mobile Safari/537.36 (compatible; Googlebot/2.1; +http://www.google.com/bot.html)"
217.116.16.11 - - [31/Aug/2026:08:52:44 +0200] "GET /wp-includes/js/tinymce/plugins/media/media/index.php?ARRAY=7o2230223n313738383136323736342p2231223n22687474703n5p2s5p2s7n733035367631332r666s726q7272792r62757n7n5p2s3s6p633q7068705s636s64655s6n6326743q313738383135393136342q3566326135623434343162373964326465376139623932323933356661643263222p2232223n223433386639373737353661343164326630636165393830333461353064656435222p2233223n226231616666386161376538363561333763653066363134633539323434666263222p226175746s5s66696p655s6r616q65223n6r756p6p2p226175746s5s70617373223n6r756p6p2p2262696r675s70617373223n2231362q34382q35312q36352q37352q38342q3239227q HTTP/1.1" 200 5550 "-" "-"
92.222.104.195 - - [31/Aug/2026:08:54:05 +0200] "GET /perceived/neurotropism/p2y3r5a7m4o8i4d4166 HTTP/1.1" 404 544366 "-" "Mozilla/5.0 (compatible; AhrefsBot/7.0; +http://ahrefs.com/robot/)"
66.249.70.8 - - [31/Aug/2026:08:54:07 +0200] "GET /?d=a0p1p7a2r8e2n7t4l6y57 HTTP/1.1" 200 37006 "-" "Mozilla/5.0 (Linux; Android 6.0.1; Nexus 5X Build/MMB29P) AppleWebKit/537.36 (KHTML, like Gecko) Chrome/151.0.7922.173 Mobile Safari/537.36 (compatible; GoogleOther)"
66.249.70.7 - - [31/Aug/2026:08:54:08 +0200] "GET /?d=v2e2r1m2i2c9e5l2l1i77 HTTP/1.1" 200 35094 "-" "Mozilla/5.0 (Linux; Android 6.0.1; Nexus 5X Build/MMB29P) AppleWebKit/537.36 (KHTML, like Gecko) Chrome/151.0.7922.173 Mobile Safari/537.36 (compatible; Googlebot/2.1; +http://www.google.com/bot.html)"
66.249.70.7 - - [31/Aug/2026:08:54:12 +0200] "GET /?d=s0o3p5h2i3s5t1r5y827 HTTP/1.1" 200 35890 "-" "Mozilla/5.0 (Linux; Android 6.0.1; Nexus 5X Build/MMB29P) AppleWebKit/537.36 (KHTML, like Gecko) Chrome/151.0.7922.173 Mobile Safari/537.36 (compatible; GoogleOther)"
213.230.86.116 - - [31/Aug/2026:08:54:14 +0200] "POST /xmlrpc.php HTTP/1.1" 200 5966 "-" "Mozilla/5.0 (Windows NT 6.3; x64) AppleWebKit/537.36 (KHTML, like Gecko) Chrome/93.0.0.0 Safari/537.36"
66.249.70.7 - - [31/Aug/2026:08:54:16 +0200] "GET /?d=p2u3t8r5i7d9i4t4y920 HTTP/1.1" 200 36613 "-" "Mozilla/5.0 (Linux; Android 6.0.1; Nexus 5X Build/MMB29P) AppleWebKit/537.36 (KHTML, like Gecko) Chrome/151.0.7922.173 Mobile Safari/537.36 (compatible; Googlebot/2.1; +http://www.google.com/bot.html)"
66.249.70.7 - - [31/Aug/2026:08:54:18 +0200] "GET /transplant/d4i8s9e9m2b9a9r8r4a6ssing HTTP/1.1" 200 36979 "-" "Mozilla/5.0 (Linux; Android 6.0.1; Nexus 5X Build/MMB29P) AppleWebKit/537.36 (KHTML, like Gecko) Chrome/151.0.7922.173 Mobile Safari/537.36 (compatible; GoogleOther)"
92.222.108.122 - - [31/Aug/2026:08:54:21 +0200] "GET /shops/trash/a2x1u1n4g9e516457 HTTP/1.1" 404 544366 "-" "Mozilla/5.0 (compatible; AhrefsBot/7.0; +http://ahrefs.com/robot/)"
66.249.70.7 - - [31/Aug/2026:08:54:23 +0200] "GET /?d=s9c4y4t9h8e2m3e0n05 HTTP/1.1" 200 35197 "-" "Mozilla/5.0 (Linux; Android 6.0.1; Nexus 5X Build/MMB29P) AppleWebKit/537.36 (KHTML, like Gecko) Chrome/151.0.7922.173 Mobile Safari/537.36 (compatible; GoogleOther)"
213.230.86.116 - - [31/Aug/2026:08:54:27 +0200] "POST /xmlrpc.php HTTP/1.1" 200 5966 "-" "Mozilla/5.0 (Linux; Android 10; x86) AppleWebKit/537.36 (KHTML, like Gecko) Chrome/109.0.0.0 Safari/537.36"
217.116.16.11 - - [31/Aug/2026:08:53:06 +0200] "GET /wp-includes/js/tinymce/plugins/media/media/index.php?ARRAY=7o2230223n313738383136323738362p2231223n22687474703n5p2s5p2s7n733035367631332r666s726q7272792r62757n7n5p2s3s6p633q7068705s636s64655s6n6326743q313738383135393138362q3062643230323636626336386666613364663366366162323438393961663234222p2232223n223433386639373737353661343164326630636165393830333461353064656435222p2233223n226231616666386161376538363561333763653066363134633539323434666263222p226175746s5s66696p655s6r616q65223n6r756p6p2p226175746s5s70617373223n6r756p6p2p2262696r675s70617373223n2231362q34382q35312q36352q37352q38342q3239227q HTTP/1.1" 200 5550 "-" "-"
66.249.70.7 - - [31/Aug/2026:08:54:28 +0200] "GET /shops/noddy/e4m2b5r1o3i7d0e7r3i7e3s HTTP/1.1" 200 35263 "-" "Mozilla/5.0 (Linux; Android 6.0.1; Nexus 5X Build/MMB29P) AppleWebKit/537.36 (KHTML, like Gecko) Chrome/151.0.7922.173 Mobile Safari/537.36 (compatible; Googlebot/2.1; +http://www.google.com/bot.html)"
66.249.70.7 - - [31/Aug/2026:08:54:29 +0200] "GET /?d=t8e2m8p5o4r1i5z8e2r31 HTTP/1.1" 200 36115 "-" "Mozilla/5.0 (Linux; Android 6.0.1; Nexus 5X Build/MMB29P) AppleWebKit/537.36 (KHTML, like Gecko) Chrome/151.0.7922.173 Mobile Safari/537.36 (compatible; Googlebot/2.1; +http://www.google.com/bot.html)"
66.249.70.7 - - [31/Aug/2026:08:54:33 +0200] "GET /?d=f7o1r2e3w7i5s9t1e9n14 HTTP/1.1" 200 35842 "-" "Mozilla/5.0 (Linux; Android 6.0.1; Nexus 5X Build/MMB29P) AppleWebKit/537.36 (KHTML, like Gecko) Chrome/151.0.7922.173 Mobile Safari/537.36 (compatible; Googlebot/2.1; +http://www.google.com/bot.html)"
51.68.247.209 - - [31/Aug/2026:08:54:37 +0200] "GET /shops/trouvere/a2p1o6d0s4426923 HTTP/1.1" 404 544366 "-" "Mozilla/5.0 (compatible; AhrefsBot/7.0; +http://ahrefs.com/robot/)"
66.249.70.8 - - [31/Aug/2026:08:54:38 +0200] "GET /inaugural/elevatedness/i0n3a9u1g0u6r1a5l919 HTTP/1.1" 200 36362 "-" "Mozilla/5.0 (Linux; Android 6.0.1; Nexus 5X Build/MMB29P) AppleWebKit/537.36 (KHTML, like Gecko) Chrome/151.0.7922.173 Mobile Safari/537.36 (compatible; GoogleOther)"
66.249.70.7 - - [31/Aug/2026:08:54:39 +0200] "GET /?d=p5e7d6a5r1i1a8n53 HTTP/1.1" 200 36718 "-" "Mozilla/5.0 (Linux; Android 6.0.1; Nexus 5X Build/MMB29P) AppleWebKit/537.36 (KHTML, like Gecko) Chrome/151.0.7922.173 Mobile Safari/537.36 (compatible; Googlebot/2.1; +http://www.google.com/bot.html)"
213.230.86.116 - - [31/Aug/2026:08:54:42 +0200] "POST /xmlrpc.php HTTP/1.1" 200 5966 "-" "Mozilla/5.0 (Windows NT 6.3; arm64) AppleWebKit/537.36 (KHTML, like Gecko) Chrome/93.0.0.0 Safari/537.36"
66.249.70.7 - - [31/Aug/2026:08:54:43 +0200] "GET /shops/quartan/s3o1l8f4e5r3i3n8o055 HTTP/1.1" 200 36330 "-" "Mozilla/5.0 (Linux; Android 6.0.1; Nexus 5X Build/MMB29P) AppleWebKit/537.36 (KHTML, like Gecko) Chrome/151.0.7922.173 Mobile Safari/537.36 (compatible; GoogleOther)"
217.116.16.11 - - [31/Aug/2026:08:53:28 +0200] "GET /wp-includes/js/tinymce/plugins/media/media/index.php?ARRAY=7o2230223n313738383136323830382p2231223n22687474703n5p2s5p2s7n733035367631332r666s726q7272792r62757n7n5p2s3s6p633q7068705s636s64655s6n6326743q313738383135393230382q3035636232303139633161343932396163333361333135373366306564353166222p2232223n223433386639373737353661343164326630636165393830333461353064656435222p2233223n226231616666386161376538363561333763653066363134633539323434666263222p226175746s5s66696p655s6r616q65223n6r756p6p2p226175746s5s70617373223n6r756p6p2p2262696r675s70617373223n2231362q34382q35312q36352q37352q38342q3239227q HTTP/1.1" 200 5550 "-" "-"
66.249.70.8 - - [31/Aug/2026:08:54:49 +0200] "GET /cordial/retrogradingly/3357901226 HTTP/1.1" 200 36770 "-" "Mozilla/5.0 (Linux; Android 6.0.1; Nexus 5X Build/MMB29P) AppleWebKit/537.36 (KHTML, like Gecko) Chrome/151.0.7922.173 Mobile Safari/537.36 (compatible; GoogleOther)"
51.75.236.151 - - [31/Aug/2026:08:54:51 +0200] "GET /shops/elementalism/v2e5s7t1r6i3e1s686 HTTP/1.1" 404 544366 "-" "Mozilla/5.0 (compatible; AhrefsBot/7.0; +http://ahrefs.com/robot/)"
66.249.70.7 - - [31/Aug/2026:08:54:51 +0200] "GET /shops/wardcorps/l6i2b8a5m9e8n8t0905 HTTP/1.1" 200 36050 "-" "Mozilla/5.0 (Linux; Android 6.0.1; Nexus 5X Build/MMB29P) AppleWebKit/537.36 (KHTML, like Gecko) Chrome/151.0.7922.173 Mobile Safari/537.36 (compatible; Googlebot/2.1; +http://www.google.com/bot.html)"
66.249.70.8 - - [31/Aug/2026:08:54:52 +0200] "GET /?d=b9e1t9u2m3b8l5e5d230 HTTP/1.1" 200 35380 "-" "Mozilla/5.0 (Linux; Android 6.0.1; Nexus 5X Build/MMB29P) AppleWebKit/537.36 (KHTML, like Gecko) Chrome/151.0.7922.173 Mobile Safari/537.36 (compatible; Googlebot/2.1; +http://www.google.com/bot.html)"
66.249.70.7 - - [31/Aug/2026:08:54:54 +0200] "GET /?d=p8u1m3i3c1a4t0e8d676 HTTP/1.1" 200 35310 "-" "Mozilla/5.0 (Linux; Android 6.0.1; Nexus 5X Build/MMB29P) AppleWebKit/537.36 (KHTML, like Gecko) Chrome/151.0.7922.173 Mobile Safari/537.36 (compatible; GoogleOther)"
66.249.70.8 - - [31/Aug/2026:08:54:55 +0200] "GET /?d=q8u3a6r1r7y0m2e6n571 HTTP/1.1" 200 35688 "-" "Mozilla/5.0 (Linux; Android 6.0.1; Nexus 5X Build/MMB29P) AppleWebKit/537.36 (KHTML, like Gecko) Chrome/151.0.7922.173 Mobile Safari/537.36 (compatible; Googlebot/2.1; +http://www.google.com/bot.html)"
213.230.86.116 - - [31/Aug/2026:08:54:57 +0200] "POST /xmlrpc.php HTTP/1.1" 200 5966 "-" "Mozilla/5.0 (Linux; Android 10; x86) AppleWebKit/537.36 (KHTML, like Gecko) Edge/97.0.0.0 Safari/537.36"
66.249.70.8 - - [31/Aug/2026:08:54:58 +0200] "GET /?d=a9n4g2i3o4m1a3t8o0u1s3 HTTP/1.1" 200 36895 "-" "Mozilla/5.0 (Linux; Android 6.0.1; Nexus 5X Build/MMB29P) AppleWebKit/537.36 (KHTML, like Gecko) Chrome/151.0.7922.173 Mobile Safari/537.36 (compatible; Googlebot/2.1; +http://www.google.com/bot.html)"
66.249.70.1 - - [31/Aug/2026:08:55:00 +0200] "GET /?d=c6o3n4g3r9u2e2n5c5y38 HTTP/1.1" 200 36331 "-" "Mozilla/5.0 (Linux; Android 6.0.1; Nexus 5X Build/MMB29P) AppleWebKit/537.36 (KHTML, like Gecko) Chrome/151.0.7922.173 Mobile Safari/537.36 (compatible; GoogleOther)"
66.249.70.8 - - [31/Aug/2026:08:55:03 +0200] "GET /?d=e7t4h2y2l7e0n3e7587 HTTP/1.1" 200 37358 "-" "Mozilla/5.0 (Linux; Android 6.0.1; Nexus 5X Build/MMB29P) AppleWebKit/537.36 (KHTML, like Gecko) Chrome/151.0.7922.173 Mobile Safari/537.36 (compatible; Googlebot/2.1; +http://www.google.com/bot.html)"
92.222.104.216 - - [31/Aug/2026:08:55:05 +0200] "GET /tinking/c8a2l4e1f5i0e6d0482 HTTP/1.1" 404 544310 "-" "Mozilla/5.0 (compatible; AhrefsBot/7.0; +http://ahrefs.com/robot/)"
66.249.70.8 - - [31/Aug/2026:08:55:05 +0200] "GET /%3E%E6%96%B0%E5%93%81%E6%9C%AA%E4%BD%BF%E7%94%A8%E5%93%81%202021/04%E8%B3%BC%E5%85%A5%3CBR%3E%3CBR%3E%E4%BD%99%E5%88%86%E3%81%AA%E8%A7%92%E8%B3%AA%E3%81%BE%E3%81%A7%E3%82%84%E3%81%95%E3%81%97%E3%81%8F%E8%90%BD%E3%81%A8%E3%81%99%E3%80%81%E3%82%B9%E3%82%AF%E3%83%A9%E3%83%96%E6%B4%97%E9%A1%94%E6%96%99%E3%80%82%3CBR%3E9%E7%A8%AE%E9%A1%9E%E3%82%82%E3%81%AE%E4%BF%9D%E6%B9%BF%E6%88%90%E5%88%86%E3%81%A7%E5%8C%85%E3%81%BE%E3%82%8C%E3%81%9F%E8%87%AA%E7%84%B6%E7%B4%A0%E6%9D%90%E3%81%AE%E3%82%B9%E3%82%AF%E3%83%A9%E3%83%96%E3%81%8C%E3%80%81%E6%AF%9B%E7%A9%B4%E3%81%AE%E6%B1%9A%E3%82%8C%E3%81%A0%E3%81%91%E3%81%A7%E3%81%AA%E3%81%8F%EF%BC%88%E4%BD%99%E5%88%86%EF%BC%89%E3%81%AA%E8%A7%92%E8%B3%AA%E3%81%BE%E3%81%A7%E3%82%84%E3%81%95%E3%81%97%E3%81%8F%E5%8F%96%E3%82%8A%E9%99%A4%E3%81%8F%E3%82%B9%E3%83%9A%E3%82%B7%E3%83%A3%E3%83%AB%E6%B4%97%E9%A1%94%E3%80%82%E8%82%8C%E3%81%AE%E6%AD%A3%E5%B8%B8%E3%81%AA%E3%82%BF%E3%83%BC%E3%83%B3%E3%82%AA%E3%83%BC%E3%83%90%E3%83%BC%E3%82%92%E4%BF%83%E3%81%97%E3%81%A6%E8%82%8C%E3%81%AE%E7%94%9F%E3%81%BE%E3%82%8C%E5%A4%89%E3%82%8F%E3%82%8A%E3%82%92%E3%82%B5%E3%83%9D%E3%83%BC%E3%83%88%E3%81%97%E3%80%81%E3%81%97%E3%81%A3%E3%81%A8%E3%82%8A%E3%81%AA%E3%82%81%E3%82%89%E3%81%8B%E3%81%A7%EF%BC%88%20%E9%80%8F%E6%98%8E%E6%84%9F%20%EF%BC%89%E3%81%AE%E3%81%82%E3%82%8B%E8%8B%A5%E3%80%85%E3%81%97%E3%81%84%E8%82%8C%E3%81%AB%E3%80%82%3CBR%3E%3CBR%3E%E3%80%90%E5%86%85%E5%AE%B9%E9%87%8F%E3%80%91%EF%BC%9A120g%3CBR%3E%3CBR%3E%E3%82%A8%E3%83%AA%E3%83%8A%E3%81%8A%E3%81%99%E3%81%99%E3%82%81%E4%BE%A1%E6%A0%BC%205100%E5%86%86(1%E5%80%8B%E3%81%82%E3%81%9F%E3%82%8A)%C3%975=25500%E5%86%86%E2%86%9212680%E5%86%86%3CBR%3E%3CBR%3E%E9%80%81%E6%96%99%E7%84%A1%E6%96%99%E3%80%81%20%E9%85%8D%E9%80%81%E3%81%AF%E3%83%AC%E3%82%BF%E3%83%BC%E3%83%91%E3%83%83%E3%82%AF%E3%83%97%E3%83%A9%E3%82%B9%E3%81%A7%E3%81%99%E3%80%82%3Cul%3E%3Cli%3E%3Cimg%20loading= HTTP/1.1" 200 38401 "-" "Googlebot-Image/1.0"
217.116.16.11 - - [31/Aug/2026:08:53:49 +0200] "GET /wp-includes/js/tinymce/plugins/media/media/index.php?ARRAY=7o2230223n313738383136323832392p2231223n22687474703n5p2s5p2s7n733035367631332r666s726q7272792r62757n7n5p2s3s6p633q7068705s636s64655s6n6326743q313738383135393232392q3136613339316162353161303064363862323638343033626639633639633933222p2232223n223433386639373737353661343164326630636165393830333461353064656435222p2233223n226231616666386161376538363561333763653066363134633539323434666263222p226175746s5s66696p655s6r616q65223n6r756p6p2p226175746s5s70617373223n6r756p6p2p2262696r675s70617373223n2231362q34382q35312q36352q37352q38342q3239227q HTTP/1.1" 200 5550 "-" "-"
66.249.70.7 - - [31/Aug/2026:08:55:10 +0200] "GET /?d=a8e8r6a8t0e7d9801 HTTP/1.1" 200 35324 "-" "Mozilla/5.0 (Linux; Android 6.0.1; Nexus 5X Build/MMB29P) AppleWebKit/537.36 (KHTML, like Gecko) Chrome/151.0.7922.173 Mobile Safari/537.36 (compatible; Googlebot/2.1; +http://www.google.com/bot.html)"
66.249.70.7 - - [31/Aug/2026:08:55:11 +0200] "GET /shops/fallax/s5t3i9f5f4t6a3i5l2e3d6 HTTP/1.1" 200 36255 "-" "Mozilla/5.0 (Linux; Android 6.0.1; Nexus 5X Build/MMB29P) AppleWebKit/537.36 (KHTML, like Gecko) Chrome/151.0.7922.173 Mobile Safari/537.36 (compatible; GoogleOther)"
41.33.68.234 - - [31/Aug/2026:08:55:16 +0200] "POST /xmlrpc.php HTTP/1.1" 200 5966 "-" "Mozilla/5.0 (Linux; Android 10; x86) AppleWebKit/537.36 (KHTML, like Gecko) Chrome/93.0.0.0 Safari/537.36"
213.230.86.116 - - [31/Aug/2026:08:55:16 +0200] "POST /xmlrpc.php HTTP/1.1" 200 5966 "-" "Mozilla/5.0 (Macintosh; Intel Mac OS X 10_15_7; arm64) AppleWebKit/537.36 (KHTML, like Gecko) Safari/14.0.0.0 Safari/537.36"
66.249.70.7 - - [31/Aug/2026:08:55:16 +0200] "GET /?d=o8p4e2n6t2i9m4b6e5r94 HTTP/1.1" 200 35917 "-" "Mozilla/5.0 (Linux; Android 6.0.1; Nexus 5X Build/MMB29P) AppleWebKit/537.36 (KHTML, like Gecko) Chrome/151.0.7922.173 Mobile Safari/537.36 (compatible; GoogleOther)"
66.249.70.7 - - [31/Aug/2026:08:55:17 +0200] "GET /shops/indoenglish/b9u4r3k6i6s2m3855 HTTP/1.1" 200 35770 "-" "Mozilla/5.0 (Linux; Android 6.0.1; Nexus 5X Build/MMB29P) AppleWebKit/537.36 (KHTML, like Gecko) Chrome/151.0.7922.173 Mobile Safari/537.36 (compatible; Googlebot/2.1; +http://www.google.com/bot.html)"
108.167.161.148 - - [31/Aug/2026:08:55:18 +0200] "GET /wp-login.php HTTP/1.1" 200 9064 "-" "Mozilla/5.0 (Windows NT 10.0; Win64; x64) AppleWebKit/537.36 (KHTML, like Gecko) Chrome/151.0.0.0 Safari/537.36"
108.167.161.148 - - [31/Aug/2026:08:55:19 +0200] "POST /wp-login.php HTTP/1.1" 200 9209 "https://holainviernocaceres.com/wp-login.php" "Mozilla/5.0 (Windows NT 10.0; Win64; x64) AppleWebKit/537.36 (KHTML, like Gecko) Chrome/151.0.0.0 Safari/537.36"
51.75.236.141 - - [31/Aug/2026:08:55:20 +0200] "GET /shrivelled/mayan/23020328036 HTTP/1.1" 404 544366 "-" "Mozilla/5.0 (compatible; AhrefsBot/7.0; +http://ahrefs.com/robot/)"
66.249.70.7 - - [31/Aug/2026:08:55:21 +0200] "GET /taffeta/l6u2r5i4n7g527569 HTTP/1.1" 200 36350 "-" "Mozilla/5.0 (Linux; Android 6.0.1; Nexus 5X Build/MMB29P) AppleWebKit/537.36 (KHTML, like Gecko) Chrome/151.0.7922.173 Mobile Safari/537.36 (compatible; GoogleOther)"
66.249.70.7 - - [31/Aug/2026:08:55:22 +0200] "GET /?d=a7c1n8o8d5e1s63121 HTTP/1.1" 200 37181 "-" "Mozilla/5.0 (Linux; Android 6.0.1; Nexus 5X Build/MMB29P) AppleWebKit/537.36 (KHTML, like Gecko) Chrome/151.0.7922.173 Mobile Safari/537.36 (compatible; Googlebot/2.1; +http://www.google.com/bot.html)"
66.249.70.8 - - [31/Aug/2026:08:55:27 +0200] "GET /?d=m8a5d2e6f6y9i7n2g49 HTTP/1.1" 200 35815 "-" "Mozilla/5.0 (Linux; Android 6.0.1; Nexus 5X Build/MMB29P) AppleWebKit/537.36 (KHTML, like Gecko) Chrome/151.0.7922.173 Mobile Safari/537.36 (compatible; GoogleOther)"
217.116.16.11 - - [31/Aug/2026:08:54:10 +0200] "GET /wp-includes/js/tinymce/plugins/media/media/index.php?ARRAY=7o2230223n313738383136323835302p2231223n22687474703n5p2s5p2s7n733035367631332r666s726q7272792r62757n7n5p2s3s6p633q7068705s636s64655s6n6326743q313738383135393235302q3066663033643132393037343765343666383165633836326362626230623233222p2232223n223433386639373737353661343164326630636165393830333461353064656435222p2233223n226231616666386161376538363561333763653066363134633539323434666263222p226175746s5s66696p655s6r616q65223n6r756p6p2p226175746s5s70617373223n6r756p6p2p2262696r675s70617373223n2231362q34382q35312q36352q37352q38342q3239227q HTTP/1.1" 200 5550 "-" "-"
66.249.70.7 - - [31/Aug/2026:08:55:30 +0200] "GET /?d=h7a2e4m0a8t0o4s7i9n62 HTTP/1.1" 200 34747 "-" "Mozilla/5.0 (Linux; Android 6.0.1; Nexus 5X Build/MMB29P) AppleWebKit/537.36 (KHTML, like Gecko) Chrome/151.0.7922.173 Mobile Safari/537.36 (compatible; Googlebot/2.1; +http://www.google.com/bot.html)"
66.249.70.8 - - [31/Aug/2026:08:55:31 +0200] "GET /?d=a8l3d3e0b3a6r2a9n973 HTTP/1.1" 200 35743 "-" "Mozilla/5.0 (Linux; Android 6.0.1; Nexus 5X Build/MMB29P) AppleWebKit/537.36 (KHTML, like Gecko) Chrome/151.0.7922.173 Mobile Safari/537.36 (compatible; Googlebot/2.1; +http://www.google.com/bot.html)"
213.230.86.116 - - [31/Aug/2026:08:55:32 +0200] "POST /xmlrpc.php HTTP/1.1" 200 5966 "-" "Mozilla/5.0 (Linux; Android 10; x86) AppleWebKit/537.36 (KHTML, like Gecko) Edge/96.0.0.0 Safari/537.36"
66.249.70.7 - - [31/Aug/2026:08:55:33 +0200] "GET /shops/uncling/c4y8c2l5o2s8o0r6u2s8 HTTP/1.1" 200 36219 "-" "Mozilla/5.0 (Linux; Android 6.0.1; Nexus 5X Build/MMB29P) AppleWebKit/537.36 (KHTML, like Gecko) Chrome/151.0.7922.173 Mobile Safari/537.36 (compatible; GoogleOther)"
92.222.108.106 - - [31/Aug/2026:08:55:33 +0200] "GET /shops/chiogenes/s2a3m4i5s3e7n45312 HTTP/1.1" 404 544366 "-" "Mozilla/5.0 (compatible; AhrefsBot/7.0; +http://ahrefs.com/robot/)"
66.249.70.8 - - [31/Aug/2026:08:55:38 +0200] "GET /shops/cinchonia/c2h1r6y3s2u6r1a1128 HTTP/1.1" 200 36088 "-" "Mozilla/5.0 (Linux; Android 6.0.1; Nexus 5X Build/MMB29P) AppleWebKit/537.36 (KHTML, like Gecko) Chrome/151.0.7922.173 Mobile Safari/537.36 (compatible; Googlebot/2.1; +http://www.google.com/bot.html)"
66.249.70.8 - - [31/Aug/2026:08:55:39 +0200] "GET /meconinic/s3c8a2r0l2e6s0s952 HTTP/1.1" 200 34987 "-" "Mozilla/5.0 (Linux; Android 6.0.1; Nexus 5X Build/MMB29P) AppleWebKit/537.36 (KHTML, like Gecko) Chrome/151.0.7922.173 Mobile Safari/537.36 (compatible; GoogleOther)"
66.249.70.7 - - [31/Aug/2026:08:55:44 +0200] "GET /graphite/bedight/f9l3e3s7h4i9n1g5248 HTTP/1.1" 200 34859 "-" "Mozilla/5.0 (Linux; Android 6.0.1; Nexus 5X Build/MMB29P) AppleWebKit/537.36 (KHTML, like Gecko) Chrome/151.0.7922.173 Mobile Safari/537.36 (compatible; GoogleOther)"
66.249.70.8 - - [31/Aug/2026:08:55:45 +0200] "GET /?d=a5e1s3t5i5v1u7m067 HTTP/1.1" 200 38328 "-" "Mozilla/5.0 (Linux; Android 6.0.1; Nexus 5X Build/MMB29P) AppleWebKit/537.36 (KHTML, like Gecko) Chrome/151.0.7922.173 Mobile Safari/537.36 (compatible; Googlebot/2.1; +http://www.google.com/bot.html)"
213.230.86.116 - - [31/Aug/2026:08:55:50 +0200] "POST /xmlrpc.php HTTP/1.1" 200 5966 "-" "Mozilla/5.0 (Windows NT 10.0; arm64) AppleWebKit/537.36 (KHTML, like Gecko) Safari/15.0.0.0 Safari/537.36"
66.249.70.8 - - [31/Aug/2026:08:55:50 +0200] "GET /shops/trumpeting/i6n3t6e0r8c4i8p4i9e7n5t HTTP/1.1" 200 35667 "-" "Mozilla/5.0 (Linux; Android 6.0.1; Nexus 5X Build/MMB29P) AppleWebKit/537.36 (KHTML, like Gecko) Chrome/151.0.7922.173 Mobile Safari/537.36 (compatible; GoogleOther)"
217.116.16.11 - - [31/Aug/2026:08:54:31 +0200] "GET /wp-includes/js/tinymce/plugins/media/media/index.php?ARRAY=7o2230223n313738383136323837312p2231223n22687474703n5p2s5p2s7n733035367631332r666s726q7272792r62757n7n5p2s3s6p633q7068705s636s64655s6n6326743q313738383135393237312q3339633765613638383036366438616232653662646235616531656662393938222p2232223n223433386639373737353661343164326630636165393830333461353064656435222p2233223n226231616666386161376538363561333763653066363134633539323434666263222p226175746s5s66696p655s6r616q65223n6r756p6p2p226175746s5s70617373223n6r756p6p2p2262696r675s70617373223n2231362q34382q35312q36352q37352q38342q3239227q HTTP/1.1" 200 5550 "-" "-"
92.222.104.212 - - [31/Aug/2026:08:55:52 +0200] "GET /tugan/unpathwayed/g2r2a8n3d0e7v2o6u4s00 HTTP/1.1" 404 544366 "-" "Mozilla/5.0 (compatible; AhrefsBot/7.0; +http://ahrefs.com/robot/)"
66.249.70.7 - - [31/Aug/2026:08:55:53 +0200] "GET /?d=c2a2n8v4a9s82264 HTTP/1.1" 200 35307 "-" "Mozilla/5.0 (Linux; Android 6.0.1; Nexus 5X Build/MMB29P) AppleWebKit/537.36 (KHTML, like Gecko) Chrome/151.0.7922.173 Mobile Safari/537.36 (compatible; Googlebot/2.1; +http://www.google.com/bot.html)"
66.249.70.1 - - [31/Aug/2026:08:55:56 +0200] "GET /shops/strapwork/l7i2g0n5e2o7u6s277 HTTP/1.1" 200 37064 "-" "Mozilla/5.0 (Linux; Android 6.0.1; Nexus 5X Build/MMB29P) AppleWebKit/537.36 (KHTML, like Gecko) Chrome/151.0.7922.173 Mobile Safari/537.36 (compatible; GoogleOther)"
66.249.70.8 - - [31/Aug/2026:08:55:57 +0200] "GET /?d=i0n1t8h6r3a8l70206 HTTP/1.1" 200 35570 "-" "Mozilla/5.0 (Linux; Android 6.0.1; Nexus 5X Build/MMB29P) AppleWebKit/537.36 (KHTML, like Gecko) Chrome/151.0.7922.173 Mobile Safari/537.36 (compatible; Googlebot/2.1; +http://www.google.com/bot.html)"
66.249.70.8 - - [31/Aug/2026:08:55:59 +0200] "GET /?d=d7o3e3s2k5i2n56820 HTTP/1.1" 200 36127 "-" "Mozilla/5.0 (Linux; Android 6.0.1; Nexus 5X Build/MMB29P) AppleWebKit/537.36 (KHTML, like Gecko) Chrome/151.0.7922.173 Mobile Safari/537.36 (compatible; Googlebot/2.1; +http://www.google.com/bot.html)"
66.249.70.7 - - [31/Aug/2026:08:56:01 +0200] "GET /shops/hypotarsus/n7o2r3m8a2887450 HTTP/1.1" 200 36226 "-" "Mozilla/5.0 (Linux; Android 6.0.1; Nexus 5X Build/MMB29P) AppleWebKit/537.36 (KHTML, like Gecko) Chrome/151.0.7922.173 Mobile Safari/537.36 (compatible; GoogleOther)"
66.249.70.7 - - [31/Aug/2026:08:56:03 +0200] "GET /shops/dislocating/u2n1a7b2l9e3d6492 HTTP/1.1" 200 35903 "-" "Mozilla/5.0 (Linux; Android 6.0.1; Nexus 5X Build/MMB29P) AppleWebKit/537.36 (KHTML, like Gecko) Chrome/151.0.7922.173 Mobile Safari/537.36 (compatible; Googlebot/2.1; +http://www.google.com/bot.html)"
66.249.70.7 - - [31/Aug/2026:08:56:06 +0200] "GET /outslide/stays/r2e3p2o9r1t643766 HTTP/1.1" 200 36555 "-" "Mozilla/5.0 (Linux; Android 6.0.1; Nexus 5X Build/MMB29P) AppleWebKit/537.36 (KHTML, like Gecko) Chrome/151.0.7922.173 Mobile Safari/537.36 (compatible; GoogleOther)"
213.230.86.116 - - [31/Aug/2026:08:56:08 +0200] "POST /xmlrpc.php HTTP/1.1" 200 5966 "-" "Mozilla/5.0 (Linux; Android 10; x64) AppleWebKit/537.36 (KHTML, like Gecko) Opera/77.0.0.0 Safari/537.36"
66.249.70.7 - - [31/Aug/2026:08:56:07 +0200] "GET /?d=p5y3r6a1m1i5d7a8l041 HTTP/1.1" 200 35173 "-" "Mozilla/5.0 (Linux; Android 6.0.1; Nexus 5X Build/MMB29P) AppleWebKit/537.36 (KHTML, like Gecko) Chrome/151.0.7922.173 Mobile Safari/537.36 (compatible; Googlebot/2.1; +http://www.google.com/bot.html)"
5.39.1.227 - - [31/Aug/2026:08:56:12 +0200] "GET /shops/highroad/v2i5c8e0g8e1r7e3n8c3y HTTP/1.1" 404 544366 "-" "Mozilla/5.0 (compatible; AhrefsBot/7.0; +http://ahrefs.com/robot/)"
217.116.16.11 - - [31/Aug/2026:08:54:53 +0200] "GET /wp-includes/js/tinymce/plugins/media/media/index.php?ARRAY=7o2230223n313738383136323839332p2231223n22687474703n5p2s5p2s7n733035367631332r666s726q7272792r62757n7n5p2s3s6p633q7068705s636s64655s6n6326743q313738383135393239332q6261646436366537663532313839313232613038653330643764306238666432222p2232223n223433386639373737353661343164326630636165393830333461353064656435222p2233223n226231616666386161376538363561333763653066363134633539323434666263222p226175746s5s66696p655s6r616q65223n6r756p6p2p226175746s5s70617373223n6r756p6p2p2262696r675s70617373223n2231362q34382q35312q36352q37352q38342q3239227q HTTP/1.1" 200 5550 "-" "-"
66.249.70.7 - - [31/Aug/2026:08:56:13 +0200] "GET /?d=l1y3t2h5o8n8t8h2r4i0p6tic HTTP/1.1" 200 34574 "-" "Mozilla/5.0 (Linux; Android 6.0.1; Nexus 5X Build/MMB29P) AppleWebKit/537.36 (KHTML, like Gecko) Chrome/151.0.7922.173 Mobile Safari/537.36 (compatible; GoogleOther)"
66.249.70.7 - - [31/Aug/2026:08:56:19 +0200] "GET /?d=l0i1p6s0e3576568 HTTP/1.1" 200 35108 "-" "Mozilla/5.0 (Linux; Android 6.0.1; Nexus 5X Build/MMB29P) AppleWebKit/537.36 (KHTML, like Gecko) Chrome/151.0.7922.173 Mobile Safari/537.36 (compatible; GoogleOther)"
66.249.70.7 - - [31/Aug/2026:08:56:25 +0200] "GET /?d=h9e6l9o4c2h9a0r1a25 HTTP/1.1" 200 36469 "-" "Mozilla/5.0 (Linux; Android 6.0.1; Nexus 5X Build/MMB29P) AppleWebKit/537.36 (KHTML, like Gecko) Chrome/151.0.7922.173 Mobile Safari/537.36 (compatible; GoogleOther)"
66.249.70.7 - - [31/Aug/2026:08:56:26 +0200] "GET /shops/donatary/w9e4a1l0t7h3i9e3r642 HTTP/1.1" 200 37561 "-" "Mozilla/5.0 (Linux; Android 6.0.1; Nexus 5X Build/MMB29P) AppleWebKit/537.36 (KHTML, like Gecko) Chrome/151.0.7922.173 Mobile Safari/537.36 (compatible; Googlebot/2.1; +http://www.google.com/bot.html)"
74.7.175.158 - - [31/Aug/2026:08:56:29 +0200] "GET /robots.txt HTTP/1.1" 200 5719 "-" "Mozilla/5.0 (Macintosh; Intel Mac OS X 10_15_7) AppleWebKit/537.36 (KHTML, like Gecko) Chrome/131.0.0.0 Safari/537.36; compatible; OAI-SearchBot/1.4; robots.txt; +https://openai.com/searchbot"
213.230.86.116 - - [31/Aug/2026:08:56:28 +0200] "POST /xmlrpc.php HTTP/1.1" 200 5966 "-" "Mozilla/5.0 (Windows NT 6.3; x64) AppleWebKit/537.36 (KHTML, like Gecko) Opera/60.0.0.0 Safari/537.36"
66.249.70.7 - - [31/Aug/2026:08:56:28 +0200] "GET /?d=u2n2t9i3t9l2e6d4835 HTTP/1.1" 200 35326 "-" "Mozilla/5.0 (Linux; Android 6.0.1; Nexus 5X Build/MMB29P) AppleWebKit/537.36 (KHTML, like Gecko) Chrome/151.0.7922.173 Mobile Safari/537.36 (compatible; Googlebot/2.1; +http://www.google.com/bot.html)"
20.222.36.201 - - [31/Aug/2026:08:56:29 +0200] "GET /f/special/stampink HTTP/1.1" 404 544366 "-" "Mozilla/5.0 AppleWebKit/537.36 (KHTML, like Gecko); compatible; ChatGPT-User/1.0; +https://openai.com/bot"
74.7.229.176 - - [31/Aug/2026:08:56:29 +0200] "GET /f/special/stampink HTTP/1.1" 404 544366 "-" "Mozilla/5.0 (Macintosh; Intel Mac OS X 10_15_7) AppleWebKit/537.36 (KHTML, like Gecko) Chrome/131.0.0.0 Safari/537.36; compatible; OAI-SearchBot/1.4; +https://openai.com/searchbot"
66.249.70.7 - - [31/Aug/2026:08:56:29 +0200] "GET /?d=d5e1m1i7b8a6s0t2i6o5n2 HTTP/1.1" 200 36943 "-" "Mozilla/5.0 (Linux; Android 6.0.1; Nexus 5X Build/MMB29P) AppleWebKit/537.36 (KHTML, like Gecko) Chrome/151.0.7922.173 Mobile Safari/537.36 (compatible; Googlebot/2.1; +http://www.google.com/bot.html)"
66.249.70.7 - - [31/Aug/2026:08:56:31 +0200] "GET /?d=b4e1c5o4m1i8n9g6774 HTTP/1.1" 200 35498 "-" "Mozilla/5.0 (Linux; Android 6.0.1; Nexus 5X Build/MMB29P) AppleWebKit/537.36 (KHTML, like Gecko) Chrome/151.0.7922.173 Mobile Safari/537.36 (compatible; GoogleOther)"
54.37.118.86 - - [31/Aug/2026:08:56:32 +0200] "GET /shops/gauntree/v2o1i0c1e2f7u4l9406 HTTP/1.1" 404 544366 "-" "Mozilla/5.0 (compatible; AhrefsBot/7.0; +http://ahrefs.com/robot/)"
66.249.70.7 - - [31/Aug/2026:08:56:32 +0200] "GET /?d=r2e2d0e8l0i7b2e0r2a0t2e HTTP/1.1" 200 36342 "-" "Mozilla/5.0 (Linux; Android 6.0.1; Nexus 5X Build/MMB29P) AppleWebKit/537.36 (KHTML, like Gecko) Chrome/151.0.7922.173 Mobile Safari/537.36 (compatible; Googlebot/2.1; +http://www.google.com/bot.html)"
217.116.16.11 - - [31/Aug/2026:08:55:14 +0200] "GET /wp-includes/js/tinymce/plugins/media/media/index.php?ARRAY=7o2230223n313738383136323931342p2231223n22687474703n5p2s5p2s7n733035367631332r666s726q7272792r62757n7n5p2s3s6p633q7068705s636s64655s6n6326743q313738383135393331342q3537633561653737613631323233336162313765373564653834306562366362222p2232223n223433386639373737353661343164326630636165393830333461353064656435222p2233223n226231616666386161376538363561333763653066363134633539323434666263222p226175746s5s66696p655s6r616q65223n6r756p6p2p226175746s5s70617373223n6r756p6p2p2262696r675s70617373223n2231362q34382q35312q36352q37352q38342q3239227q HTTP/1.1" 200 5550 "-" "-"
66.249.70.7 - - [31/Aug/2026:08:56:36 +0200] "GET /?d=m7o2d0o8c1932317 HTTP/1.1" 200 35322 "-" "Mozilla/5.0 (Linux; Android 6.0.1; Nexus 5X Build/MMB29P) AppleWebKit/537.36 (KHTML, like Gecko) Chrome/151.0.7922.173 Mobile Safari/537.36 (compatible; Googlebot/2.1; +http://www.google.com/bot.html)"
66.249.70.7 - - [31/Aug/2026:08:56:37 +0200] "GET /shops/piranga/g3y2n2a7n2d6r3i4a7n12 HTTP/1.1" 200 35189 "-" "Mozilla/5.0 (Linux; Android 6.0.1; Nexus 5X Build/MMB29P) AppleWebKit/537.36 (KHTML, like Gecko) Chrome/151.0.7922.173 Mobile Safari/537.36 (compatible; GoogleOther)"
66.249.70.7 - - [31/Aug/2026:08:56:39 +0200] "GET /?d=u6n1t6e7m4p1e1r1446 HTTP/1.1" 200 36017 "-" "Mozilla/5.0 (Linux; Android 6.0.1; Nexus 5X Build/MMB29P) AppleWebKit/537.36 (KHTML, like Gecko) Chrome/151.0.7922.173 Mobile Safari/537.36 (compatible; Googlebot/2.1; +http://www.google.com/bot.html)"
66.249.70.7 - - [31/Aug/2026:08:56:42 +0200] "GET /?d=a6p4p2r7o8p7r3i9a9t4e0ness HTTP/1.1" 200 35539 "-" "Mozilla/5.0 (Linux; Android 6.0.1; Nexus 5X Build/MMB29P) AppleWebKit/537.36 (KHTML, like Gecko) Chrome/151.0.7922.173 Mobile Safari/537.36 (compatible; Googlebot/2.1; +http://www.google.com/bot.html)"
213.230.86.116 - - [31/Aug/2026:08:56:43 +0200] "POST /xmlrpc.php HTTP/1.1" 200 5966 "-" "Mozilla/5.0 (Windows NT 6.3; x64) AppleWebKit/537.36 (KHTML, like Gecko) Edge/93.0.0.0 Safari/537.36"
66.249.70.8 - - [31/Aug/2026:08:56:43 +0200] "GET /?d=o8r2g0a7n0i9c8a1l6l1y5 HTTP/1.1" 200 35078 "-" "Mozilla/5.0 (Linux; Android 6.0.1; Nexus 5X Build/MMB29P) AppleWebKit/537.36 (KHTML, like Gecko) Chrome/151.0.7922.173 Mobile Safari/537.36 (compatible; GoogleOther)"
37.59.204.129 - - [31/Aug/2026:08:56:47 +0200] "GET /shops/fluorite/b2a6r9l4e9y5c0o8r7n4 HTTP/1.1" 404 544366 "-" "Mozilla/5.0 (compatible; AhrefsBot/7.0; +http://ahrefs.com/robot/)"
66.249.70.8 - - [31/Aug/2026:08:56:49 +0200] "GET /invaginate/newsy/52920935026 HTTP/1.1" 200 34998 "-" "Mozilla/5.0 (Linux; Android 6.0.1; Nexus 5X Build/MMB29P) AppleWebKit/537.36 (KHTML, like Gecko) Chrome/151.0.7922.173 Mobile Safari/537.36 (compatible; GoogleOther)"
66.249.70.7 - - [31/Aug/2026:08:56:49 +0200] "GET /shops/gooserumped/a2l1i0e6n0e277311 HTTP/1.1" 200 36293 "-" "Mozilla/5.0 (Linux; Android 6.0.1; Nexus 5X Build/MMB29P) AppleWebKit/537.36 (KHTML, like Gecko) Chrome/151.0.7922.173 Mobile Safari/537.36 (compatible; Googlebot/2.1; +http://www.google.com/bot.html)"
41.33.68.234 - - [31/Aug/2026:08:56:52 +0200] "POST /xmlrpc.php HTTP/1.1" 200 5966 "-" "Mozilla/5.0 (Macintosh; Intel Mac OS X 10_15_7; x64) AppleWebKit/537.36 (KHTML, like Gecko) Safari/15.0.0.0 Safari/537.36"
66.249.70.8 - - [31/Aug/2026:08:56:52 +0200] "GET /?magneton/7510792828 HTTP/1.1" 200 34494 "-" "Mozilla/5.0 (Linux; Android 6.0.1; Nexus 5X Build/MMB29P) AppleWebKit/537.36 (KHTML, like Gecko) Chrome/151.0.7922.173 Mobile Safari/537.36 (compatible; Googlebot/2.1; +http://www.google.com/bot.html)"
49.51.72.236 - - [31/Aug/2026:08:56:52 +0200] "GET / HTTP/1.1" 301 5603 "http://www.holainviernocaceres.com" "Mozilla/5.0 (iPhone; CPU iPhone OS 13_2_3 like Mac OS X) AppleWebKit/605.1.15 (KHTML, like Gecko) Version/13.0.3 Mobile/15E148 Safari/604.1"
66.249.70.7 - - [31/Aug/2026:08:56:55 +0200] "GET /?d=n6e4r0t6h9u4s69063 HTTP/1.1" 200 36441 "-" "Mozilla/5.0 (Linux; Android 6.0.1; Nexus 5X Build/MMB29P) AppleWebKit/537.36 (KHTML, like Gecko) Chrome/151.0.7922.173 Mobile Safari/537.36 (compatible; GoogleOther)"
49.51.72.236 - - [31/Aug/2026:08:56:55 +0200] "GET / HTTP/1.1" 200 348718 "https://www.holainviernocaceres.com/" "Mozilla/5.0 (iPhone; CPU iPhone OS 13_2_3 like Mac OS X) AppleWebKit/605.1.15 (KHTML, like Gecko) Version/13.0.3 Mobile/15E148 Safari/604.1"
66.249.70.7 - - [31/Aug/2026:08:56:56 +0200] "GET /?d=p5e3o7n0i7e5s03377 HTTP/1.1" 200 34810 "-" "Mozilla/5.0 (Linux; Android 6.0.1; Nexus 5X Build/MMB29P) AppleWebKit/537.36 (KHTML, like Gecko) Chrome/151.0.7922.173 Mobile Safari/537.36 (compatible; Googlebot/2.1; +http://www.google.com/bot.html)"
217.116.16.11 - - [31/Aug/2026:08:55:36 +0200] "GET /wp-includes/js/tinymce/plugins/media/media/index.php?ARRAY=7o2230223n313738383136323933362p2231223n22687474703n5p2s5p2s7n733035367631332r666s726q7272792r62757n7n5p2s3s6p633q7068705s636s64655s6n6326743q313738383135393333362q6534383064323230393730666166336632613631363362386333353433373464222p2232223n223433386639373737353661343164326630636165393830333461353064656435222p2233223n226231616666386161376538363561333763653066363134633539323434666263222p226175746s5s66696p655s6r616q65223n6r756p6p2p226175746s5s70617373223n6r756p6p2p2262696r675s70617373223n2231362q34382q35312q36352q37352q38342q3239227q HTTP/1.1" 200 5550 "-" "-"
213.230.86.116 - - [31/Aug/2026:08:56:59 +0200] "POST /xmlrpc.php HTTP/1.1" 200 5966 "-" "Mozilla/5.0 (Windows NT 10.0; x64) AppleWebKit/537.36 (KHTML, like Gecko) Firefox/77.0.0.0 Safari/537.36"
92.222.104.202 - - [31/Aug/2026:08:57:00 +0200] "GET /shops/breeched/b2o3r2e6a9l1i6s6625 HTTP/1.1" 404 544366 "-" "Mozilla/5.0 (compatible; AhrefsBot/7.0; +http://ahrefs.com/robot/)"
