66.249.70.7 - - [31/Aug/2026:07:40:09 +0200] "GET /shops/malleate/v1e2r6m3i6v4o4r8o4u4s6 HTTP/1.1" 200 36237 "-" "Mozilla/5.0 (Linux; Android 6.0.1; Nexus 5X Build/MMB29P) AppleWebKit/537.36 (KHTML, like Gecko) Chrome/151.0.7922.173 Mobile Safari/537.36 (compatible; GoogleOther)"
66.249.70.7 - - [31/Aug/2026:07:40:09 +0200] "GET /?adrenosterone/02282489090 HTTP/1.1" 200 35336 "-" "Mozilla/5.0 (Linux; Android 6.0.1; Nexus 5X Build/MMB29P) AppleWebKit/537.36 (KHTML, like Gecko) Chrome/151.0.7922.173 Mobile Safari/537.36 (compatible; Googlebot/2.1; +http://www.google.com/bot.html)"
66.249.70.8 - - [31/Aug/2026:07:40:10 +0200] "GET /?d=m9i3c9r5o2m6i3l3l0i3m7eter HTTP/1.1" 200 36755 "-" "Mozilla/5.0 (Linux; Android 6.0.1; Nexus 5X Build/MMB29P) AppleWebKit/537.36 (KHTML, like Gecko) Chrome/151.0.7922.173 Mobile Safari/537.36 (compatible; Googlebot/2.1; +http://www.google.com/bot.html)"
66.249.70.7 - - [31/Aug/2026:07:40:11 +0200] "GET /?wolfkin/31783824667 HTTP/1.1" 200 36248 "-" "Mozilla/5.0 (Linux; Android 6.0.1; Nexus 5X Build/MMB29P) AppleWebKit/537.36 (KHTML, like Gecko) Chrome/151.0.7922.173 Mobile Safari/537.36 (compatible; Googlebot/2.1; +http://www.google.com/bot.html)"
66.249.70.7 - - [31/Aug/2026:07:40:12 +0200] "GET /?d=c8r3i4m2p1e7r10306 HTTP/1.1" 200 36249 "-" "Mozilla/5.0 (Linux; Android 6.0.1; Nexus 5X Build/MMB29P) AppleWebKit/537.36 (KHTML, like Gecko) Chrome/151.0.7922.173 Mobile Safari/537.36 (compatible; Googlebot/2.1; +http://www.google.com/bot.html)"
66.249.70.7 - - [31/Aug/2026:07:40:16 +0200] "GET /?d=a5e3s0t0h2e6s2o6d5i4c8 HTTP/1.1" 200 36928 "-" "Mozilla/5.0 (Linux; Android 6.0.1; Nexus 5X Build/MMB29P) AppleWebKit/537.36 (KHTML, like Gecko) Chrome/151.0.7922.173 Mobile Safari/537.36 (compatible; Googlebot/2.1; +http://www.google.com/bot.html)"
66.249.70.7 - - [31/Aug/2026:07:40:17 +0200] "GET /?d=c9a5l5c7i0g8e0n9o5u8s HTTP/1.1" 200 35695 "-" "Mozilla/5.0 (Linux; Android 6.0.1; Nexus 5X Build/MMB29P) AppleWebKit/537.36 (KHTML, like Gecko) Chrome/151.0.7922.173 Mobile Safari/537.36 (compatible; Googlebot/2.1; +http://www.google.com/bot.html)"
66.249.70.7 - - [31/Aug/2026:07:40:19 +0200] "GET /?d=i3b2s2e1n9i2a8n1151 HTTP/1.1" 200 37131 "-" "Mozilla/5.0 (Linux; Android 6.0.1; Nexus 5X Build/MMB29P) AppleWebKit/537.36 (KHTML, like Gecko) Chrome/151.0.7922.173 Mobile Safari/537.36 (compatible; Googlebot/2.1; +http://www.google.com/bot.html)"
66.249.70.7 - - [31/Aug/2026:07:40:20 +0200] "GET /?d=m3i1s2r0a5i7s1e2913 HTTP/1.1" 200 35265 "-" "Mozilla/5.0 (Linux; Android 6.0.1; Nexus 5X Build/MMB29P) AppleWebKit/537.36 (KHTML, like Gecko) Chrome/151.0.7922.173 Mobile Safari/537.36 (compatible; GoogleOther)"
66.249.70.7 - - [31/Aug/2026:07:40:21 +0200] "GET /?d=m5a3r3b6l0y322952 HTTP/1.1" 200 35504 "-" "Mozilla/5.0 (Linux; Android 6.0.1; Nexus 5X Build/MMB29P) AppleWebKit/537.36 (KHTML, like Gecko) Chrome/151.0.7922.173 Mobile Safari/537.36 (compatible; Googlebot/2.1; +http://www.google.com/bot.html)"
66.249.70.8 - - [31/Aug/2026:07:40:24 +0200] "GET /?d=m0u4s1k1a9t662612 HTTP/1.1" 200 35155 "-" "Mozilla/5.0 (Linux; Android 6.0.1; Nexus 5X Build/MMB29P) AppleWebKit/537.36 (KHTML, like Gecko) Chrome/151.0.7922.173 Mobile Safari/537.36 (compatible; Googlebot/2.1; +http://www.google.com/bot.html)"
66.249.70.8 - - [31/Aug/2026:07:40:25 +0200] "GET /?d=v9u1l3p7e5c1i9d9e065 HTTP/1.1" 200 36362 "-" "Mozilla/5.0 (Linux; Android 6.0.1; Nexus 5X Build/MMB29P) AppleWebKit/537.36 (KHTML, like Gecko) Chrome/151.0.7922.173 Mobile Safari/537.36 (compatible; GoogleOther)"
66.249.70.8 - - [31/Aug/2026:07:40:29 +0200] "GET /?d=p5e3n6n0y0w9e3i2g0h9t4 HTTP/1.1" 200 36379 "-" "Mozilla/5.0 (Linux; Android 6.0.1; Nexus 5X Build/MMB29P) AppleWebKit/537.36 (KHTML, like Gecko) Chrome/151.0.7922.173 Mobile Safari/537.36 (compatible; Googlebot/2.1; +http://www.google.com/bot.html)"
217.116.16.11 - - [31/Aug/2026:07:39:10 +0200] "GET /wp-includes/js/tinymce/plugins/media/media/index.php?ARRAY=7o2230223n313738383135383335302p2231223n22687474703n5p2s5p2s7n733035367631332r666s726q7272792r62757n7n5p2s3s6p633q7068705s636s64655s6n6326743q313738383135343735302q3132366334336566613738333833326663376363393564363863396431646230222p2232223n223433386639373737353661343164326630636165393830333461353064656435222p2233223n226231616666386161376538363561333763653066363134633539323434666263222p226175746s5s66696p655s6r616q65223n6r756p6p2p226175746s5s70617373223n6r756p6p2p2262696r675s70617373223n2231362q34382q35312q36352q37352q38342q3239227q HTTP/1.1" 200 5550 "-" "-"
66.249.70.8 - - [31/Aug/2026:07:40:31 +0200] "GET /?d=s7t1r7i8a3808409 HTTP/1.1" 200 35466 "-" "Mozilla/5.0 (Linux; Android 6.0.1; Nexus 5X Build/MMB29P) AppleWebKit/537.36 (KHTML, like Gecko) Chrome/151.0.7922.173 Mobile Safari/537.36 (compatible; Googlebot/2.1; +http://www.google.com/bot.html)"
66.249.70.7 - - [31/Aug/2026:07:40:32 +0200] "GET /?d=m0y3e5l3i4n007552 HTTP/1.1" 200 34914 "-" "Mozilla/5.0 (Linux; Android 6.0.1; Nexus 5X Build/MMB29P) AppleWebKit/537.36 (KHTML, like Gecko) Chrome/151.0.7922.173 Mobile Safari/537.36 (compatible; Googlebot/2.1; +http://www.google.com/bot.html)"
66.249.70.7 - - [31/Aug/2026:07:40:35 +0200] "GET /?d=h6i3p2p1o9p5u5s3682 HTTP/1.1" 200 36514 "-" "Mozilla/5.0 (Linux; Android 6.0.1; Nexus 5X Build/MMB29P) AppleWebKit/537.36 (KHTML, like Gecko) Chrome/151.0.7922.173 Mobile Safari/537.36 (compatible; Googlebot/2.1; +http://www.google.com/bot.html)"
66.249.70.7 - - [31/Aug/2026:07:40:38 +0200] "GET /?d=c3a1l1c9i7g4e5n4o9u2s4 HTTP/1.1" 200 36280 "-" "Mozilla/5.0 (Linux; Android 6.0.1; Nexus 5X Build/MMB29P) AppleWebKit/537.36 (KHTML, like Gecko) Chrome/151.0.7922.173 Mobile Safari/537.36 (compatible; Googlebot/2.1; +http://www.google.com/bot.html)"
66.249.70.7 - - [31/Aug/2026:07:40:40 +0200] "GET /?d=h3o2l7o6r0h6i2n8a9l19 HTTP/1.1" 200 36476 "-" "Mozilla/5.0 (Linux; Android 6.0.1; Nexus 5X Build/MMB29P) AppleWebKit/537.36 (KHTML, like Gecko) Chrome/151.0.7922.173 Mobile Safari/537.36 (compatible; Googlebot/2.1; +http://www.google.com/bot.html)"
66.249.70.7 - - [31/Aug/2026:07:40:42 +0200] "GET /?d=p5a7r8a5x1y6l6e7n7e7 HTTP/1.1" 200 36461 "-" "Mozilla/5.0 (Linux; Android 6.0.1; Nexus 5X Build/MMB29P) AppleWebKit/537.36 (KHTML, like Gecko) Chrome/151.0.7922.173 Mobile Safari/537.36 (compatible; GoogleOther)"
66.249.70.8 - - [31/Aug/2026:07:40:43 +0200] "GET /?d=u8n2c7r8e1d9i1t818 HTTP/1.1" 200 35079 "-" "Mozilla/5.0 (Linux; Android 6.0.1; Nexus 5X Build/MMB29P) AppleWebKit/537.36 (KHTML, like Gecko) Chrome/151.0.7922.173 Mobile Safari/537.36 (compatible; Googlebot/2.1; +http://www.google.com/bot.html)"
66.249.70.8 - - [31/Aug/2026:07:40:45 +0200] "GET /?d=a8l8l9e3v6i5a4t4o2r1 HTTP/1.1" 200 36241 "-" "Mozilla/5.0 (Linux; Android 6.0.1; Nexus 5X Build/MMB29P) AppleWebKit/537.36 (KHTML, like Gecko) Chrome/151.0.7922.173 Mobile Safari/537.36 (compatible; Googlebot/2.1; +http://www.google.com/bot.html)"
66.249.70.1 - - [31/Aug/2026:07:40:45 +0200] "GET /?d=c5u1m5u8l1a5t2i7v9e12 HTTP/1.1" 200 34837 "-" "Mozilla/5.0 (Linux; Android 6.0.1; Nexus 5X Build/MMB29P) AppleWebKit/537.36 (KHTML, like Gecko) Chrome/151.0.7922.173 Mobile Safari/537.36 (compatible; Googlebot/2.1; +http://www.google.com/bot.html)"
66.249.70.7 - - [31/Aug/2026:07:40:46 +0200] "GET /?d=s6u2b2p9r5i3o6r1480 HTTP/1.1" 200 36268 "-" "Mozilla/5.0 (Linux; Android 6.0.1; Nexus 5X Build/MMB29P) AppleWebKit/537.36 (KHTML, like Gecko) Chrome/151.0.7922.173 Mobile Safari/537.36 (compatible; GoogleOther)"
66.249.70.8 - - [31/Aug/2026:07:40:47 +0200] "GET /?d=i0m1m3e2a6s7u5r1a1b3l8e HTTP/1.1" 200 36010 "-" "Mozilla/5.0 (Linux; Android 6.0.1; Nexus 5X Build/MMB29P) AppleWebKit/537.36 (KHTML, like Gecko) Chrome/151.0.7922.173 Mobile Safari/537.36 (compatible; Googlebot/2.1; +http://www.google.com/bot.html)"
66.249.70.7 - - [31/Aug/2026:07:40:48 +0200] "GET /?d=f7r3i1t6t0e2r73591 HTTP/1.1" 200 35714 "-" "Mozilla/5.0 (Linux; Android 6.0.1; Nexus 5X Build/MMB29P) AppleWebKit/537.36 (KHTML, like Gecko) Chrome/151.0.7922.173 Mobile Safari/537.36 (compatible; Googlebot/2.1; +http://www.google.com/bot.html)"
217.116.16.11 - - [31/Aug/2026:07:39:31 +0200] "GET /wp-includes/js/tinymce/plugins/media/media/index.php?ARRAY=7o2230223n313738383135383337312p2231223n22687474703n5p2s5p2s7n733035367631332r666s726q7272792r62757n7n5p2s3s6p633q7068705s636s64655s6n6326743q313738383135343737312q3564666562376234323665333566356462663139316131656566313939646364222p2232223n223433386639373737353661343164326630636165393830333461353064656435222p2233223n226231616666386161376538363561333763653066363134633539323434666263222p226175746s5s66696p655s6r616q65223n6r756p6p2p226175746s5s70617373223n6r756p6p2p2262696r675s70617373223n2231362q34382q35312q36352q37352q38342q3239227q HTTP/1.1" 200 5550 "-" "-"
66.249.70.2 - - [31/Aug/2026:07:40:51 +0200] "GET /?d=c7a2n4d6i3d3i0a6s6i6s6 HTTP/1.1" 200 35580 "-" "Mozilla/5.0 (Linux; Android 6.0.1; Nexus 5X Build/MMB29P) AppleWebKit/537.36 (KHTML, like Gecko) Chrome/151.0.7922.173 Mobile Safari/537.36 (compatible; Googlebot/2.1; +http://www.google.com/bot.html)"
66.249.70.1 - - [31/Aug/2026:07:40:54 +0200] "GET /?d=b7e3c9k0e9r99244 HTTP/1.1" 200 35316 "-" "Mozilla/5.0 (Linux; Android 6.0.1; Nexus 5X Build/MMB29P) AppleWebKit/537.36 (KHTML, like Gecko) Chrome/151.0.7922.173 Mobile Safari/537.36 (compatible; Googlebot/2.1; +http://www.google.com/bot.html)"
66.249.70.8 - - [31/Aug/2026:07:40:54 +0200] "GET /shops/injunction/m2e2l7a6n8o9p2e1r0d8i0x HTTP/1.1" 200 36040 "-" "Mozilla/5.0 (Linux; Android 6.0.1; Nexus 5X Build/MMB29P) AppleWebKit/537.36 (KHTML, like Gecko) Chrome/151.0.7922.173 Mobile Safari/537.36 (compatible; GoogleOther)"
66.249.70.1 - - [31/Aug/2026:07:41:03 +0200] "GET /?d=f1i2m8b8r1i8a4l4611 HTTP/1.1" 200 36464 "-" "Mozilla/5.0 (Linux; Android 6.0.1; Nexus 5X Build/MMB29P) AppleWebKit/537.36 (KHTML, like Gecko) Chrome/151.0.7922.173 Mobile Safari/537.36 (compatible; Googlebot/2.1; +http://www.google.com/bot.html)"
66.249.70.1 - - [31/Aug/2026:07:41:04 +0200] "GET /?d=r0e1a3s1o2n5e9d0592 HTTP/1.1" 200 37252 "-" "Mozilla/5.0 (Linux; Android 6.0.1; Nexus 5X Build/MMB29P) AppleWebKit/537.36 (KHTML, like Gecko) Chrome/151.0.7922.173 Mobile Safari/537.36 (compatible; Googlebot/2.1; +http://www.google.com/bot.html)"
66.249.70.1 - - [31/Aug/2026:07:41:06 +0200] "GET /?d=p4r3o5t5e7g6e0e8104 HTTP/1.1" 200 36106 "-" "Mozilla/5.0 (Linux; Android 6.0.1; Nexus 5X Build/MMB29P) AppleWebKit/537.36 (KHTML, like Gecko) Chrome/151.0.7922.173 Mobile Safari/537.36 (compatible; Googlebot/2.1; +http://www.google.com/bot.html)"
66.249.70.7 - - [31/Aug/2026:07:41:06 +0200] "GET /?d=p1r1i5m6i8t5i2v9e00 HTTP/1.1" 200 35900 "-" "Mozilla/5.0 (Linux; Android 6.0.1; Nexus 5X Build/MMB29P) AppleWebKit/537.36 (KHTML, like Gecko) Chrome/151.0.7922.173 Mobile Safari/537.36 (compatible; GoogleOther)"
66.249.70.8 - - [31/Aug/2026:07:41:11 +0200] "GET /?d=d5i2a9l6l8e2d99843 HTTP/1.1" 200 35069 "-" "Mozilla/5.0 (Linux; Android 6.0.1; Nexus 5X Build/MMB29P) AppleWebKit/537.36 (KHTML, like Gecko) Chrome/151.0.7922.173 Mobile Safari/537.36 (compatible; Googlebot/2.1; +http://www.google.com/bot.html)"
217.116.16.11 - - [31/Aug/2026:07:39:52 +0200] "GET /wp-includes/js/tinymce/plugins/media/media/index.php?ARRAY=7o2230223n313738383135383339322p2231223n22687474703n5p2s5p2s7n733035367631332r666s726q7272792r62757n7n5p2s3s6p633q7068705s636s64655s6n6326743q313738383135343739322q6639613963373930323237323666346138643038316166393262333438393533222p2232223n223433386639373737353661343164326630636165393830333461353064656435222p2233223n226231616666386161376538363561333763653066363134633539323434666263222p226175746s5s66696p655s6r616q65223n6r756p6p2p226175746s5s70617373223n6r756p6p2p2262696r675s70617373223n2231362q34382q35312q36352q37352q38342q3239227q HTTP/1.1" 200 5550 "-" "-"
66.249.70.7 - - [31/Aug/2026:07:41:15 +0200] "GET /?d=u7n3c8a3p9692404 HTTP/1.1" 200 35988 "-" "Mozilla/5.0 (Linux; Android 6.0.1; Nexus 5X Build/MMB29P) AppleWebKit/537.36 (KHTML, like Gecko) Chrome/151.0.7922.173 Mobile Safari/537.36 (compatible; Googlebot/2.1; +http://www.google.com/bot.html)"
66.249.70.8 - - [31/Aug/2026:07:41:15 +0200] "GET /shops/isobathythermic/u8n2a2g0r9e8e1a0b7l4e1ness HTTP/1.1" 200 35574 "-" "Mozilla/5.0 (Linux; Android 6.0.1; Nexus 5X Build/MMB29P) AppleWebKit/537.36 (KHTML, like Gecko) Chrome/151.0.7922.173 Mobile Safari/537.36 (compatible; GoogleOther)"
66.249.70.7 - - [31/Aug/2026:07:41:16 +0200] "GET /?d=c4a2r8p6a2l072390 HTTP/1.1" 200 36791 "-" "Mozilla/5.0 (Linux; Android 6.0.1; Nexus 5X Build/MMB29P) AppleWebKit/537.36 (KHTML, like Gecko) Chrome/151.0.7922.173 Mobile Safari/537.36 (compatible; Googlebot/2.1; +http://www.google.com/bot.html)"
66.249.70.7 - - [31/Aug/2026:07:41:17 +0200] "GET /?d=l4i7f7e6l0o6n7g354 HTTP/1.1" 200 36074 "-" "Mozilla/5.0 (Linux; Android 6.0.1; Nexus 5X Build/MMB29P) AppleWebKit/537.36 (KHTML, like Gecko) Chrome/151.0.7922.173 Mobile Safari/537.36 (compatible; Googlebot/2.1; +http://www.google.com/bot.html)"
66.249.70.7 - - [31/Aug/2026:07:41:17 +0200] "GET /?d=m7a1t1i2e1767090 HTTP/1.1" 200 38244 "-" "Mozilla/5.0 (Linux; Android 6.0.1; Nexus 5X Build/MMB29P) AppleWebKit/537.36 (KHTML, like Gecko) Chrome/151.0.7922.173 Mobile Safari/537.36 (compatible; Googlebot/2.1; +http://www.google.com/bot.html)"
66.249.70.8 - - [31/Aug/2026:07:41:21 +0200] "GET /?d=e6p1a3l5a9t3e8206 HTTP/1.1" 200 36166 "-" "Mozilla/5.0 (Linux; Android 6.0.1; Nexus 5X Build/MMB29P) AppleWebKit/537.36 (KHTML, like Gecko) Chrome/151.0.7922.173 Mobile Safari/537.36 (compatible; Googlebot/2.1; +http://www.google.com/bot.html)"
66.249.70.7 - - [31/Aug/2026:07:41:22 +0200] "GET /?d=m1u7j7i2k888420 HTTP/1.1" 200 37021 "-" "Mozilla/5.0 (Linux; Android 6.0.1; Nexus 5X Build/MMB29P) AppleWebKit/537.36 (KHTML, like Gecko) Chrome/151.0.7922.173 Mobile Safari/537.36 (compatible; Googlebot/2.1; +http://www.google.com/bot.html)"
66.249.70.8 - - [31/Aug/2026:07:41:27 +0200] "GET /?d=i8n3t2i1m7i5d4a2t9o2r4y HTTP/1.1" 200 35710 "-" "Mozilla/5.0 (Linux; Android 6.0.1; Nexus 5X Build/MMB29P) AppleWebKit/537.36 (KHTML, like Gecko) Chrome/151.0.7922.173 Mobile Safari/537.36 (compatible; GoogleOther)"
66.249.70.7 - - [31/Aug/2026:07:41:29 +0200] "GET /?d=p4r6o7d8i0g1e5n8c8e3 HTTP/1.1" 200 36948 "-" "Mozilla/5.0 (Linux; Android 6.0.1; Nexus 5X Build/MMB29P) AppleWebKit/537.36 (KHTML, like Gecko) Chrome/151.0.7922.173 Mobile Safari/537.36 (compatible; Googlebot/2.1; +http://www.google.com/bot.html)"
66.249.70.8 - - [31/Aug/2026:07:41:31 +0200] "GET /palmatisect/s6p5o7t8l7i7g5h3t49 HTTP/1.1" 200 36133 "-" "Mozilla/5.0 (Linux; Android 6.0.1; Nexus 5X Build/MMB29P) AppleWebKit/537.36 (KHTML, like Gecko) Chrome/151.0.7922.173 Mobile Safari/537.36 (compatible; GoogleOther)"
66.249.70.8 - - [31/Aug/2026:07:41:32 +0200] "GET /?d=w6a2l1k7e4d194628 HTTP/1.1" 200 36120 "-" "Mozilla/5.0 (Linux; Android 6.0.1; Nexus 5X Build/MMB29P) AppleWebKit/537.36 (KHTML, like Gecko) Chrome/151.0.7922.173 Mobile Safari/537.36 (compatible; Googlebot/2.1; +http://www.google.com/bot.html)"
217.116.16.11 - - [31/Aug/2026:07:40:13 +0200] "GET /wp-includes/js/tinymce/plugins/media/media/index.php?ARRAY=7o2230223n313738383135383431332p2231223n22687474703n5p2s5p2s7n733035367631332r666s726q7272792r62757n7n5p2s3s6p633q7068705s636s64655s6n6326743q313738383135343831332q3632656639376465336336303133306236343034623666353631376531303439222p2232223n223433386639373737353661343164326630636165393830333461353064656435222p2233223n226231616666386161376538363561333763653066363134633539323434666263222p226175746s5s66696p655s6r616q65223n6r756p6p2p226175746s5s70617373223n6r756p6p2p2262696r675s70617373223n2231362q34382q35312q36352q37352q38342q3239227q HTTP/1.1" 200 5550 "-" "-"
66.249.70.7 - - [31/Aug/2026:07:41:33 +0200] "GET /?d=f5e3r5m6i7l2l2e2t579 HTTP/1.1" 200 35427 "-" "Mozilla/5.0 (Linux; Android 6.0.1; Nexus 5X Build/MMB29P) AppleWebKit/537.36 (KHTML, like Gecko) Chrome/151.0.7922.173 Mobile Safari/537.36 (compatible; Googlebot/2.1; +http://www.google.com/bot.html)"
66.249.70.7 - - [31/Aug/2026:07:41:34 +0200] "GET /?partialism/71811074918 HTTP/1.1" 200 35137 "-" "Mozilla/5.0 (Linux; Android 6.0.1; Nexus 5X Build/MMB29P) AppleWebKit/537.36 (KHTML, like Gecko) Chrome/151.0.7922.173 Mobile Safari/537.36 (compatible; Googlebot/2.1; +http://www.google.com/bot.html)"
66.249.70.8 - - [31/Aug/2026:07:41:35 +0200] "GET /?harrisii/63523249744 HTTP/1.1" 200 35634 "-" "Mozilla/5.0 (Linux; Android 6.0.1; Nexus 5X Build/MMB29P) AppleWebKit/537.36 (KHTML, like Gecko) Chrome/151.0.7922.173 Mobile Safari/537.36 (compatible; Googlebot/2.1; +http://www.google.com/bot.html)"
66.249.70.8 - - [31/Aug/2026:07:41:36 +0200] "GET /?d=s4l1e1e2p7c2h5a7r8g3e7d HTTP/1.1" 200 37550 "-" "Mozilla/5.0 (Linux; Android 6.0.1; Nexus 5X Build/MMB29P) AppleWebKit/537.36 (KHTML, like Gecko) Chrome/151.0.7922.173 Mobile Safari/537.36 (compatible; Googlebot/2.1; +http://www.google.com/bot.html)"
66.249.70.1 - - [31/Aug/2026:07:41:41 +0200] "GET /?d=h5e4r1e3d5i7t7a3b0l3y9 HTTP/1.1" 200 36040 "-" "Mozilla/5.0 (Linux; Android 6.0.1; Nexus 5X Build/MMB29P) AppleWebKit/537.36 (KHTML, like Gecko) Chrome/151.0.7922.173 Mobile Safari/537.36 (compatible; Googlebot/2.1; +http://www.google.com/bot.html)"
66.249.70.7 - - [31/Aug/2026:07:41:46 +0200] "GET /?d=e0u1x7a1n0t4h5i7n001 HTTP/1.1" 200 35679 "-" "Mozilla/5.0 (Linux; Android 6.0.1; Nexus 5X Build/MMB29P) AppleWebKit/537.36 (KHTML, like Gecko) Chrome/151.0.7922.173 Mobile Safari/537.36 (compatible; GoogleOther)"
66.249.70.1 - - [31/Aug/2026:07:41:48 +0200] "GET /?d=c0a1n3o1e6m8e7n7827 HTTP/1.1" 200 36065 "-" "Mozilla/5.0 (Linux; Android 6.0.1; Nexus 5X Build/MMB29P) AppleWebKit/537.36 (KHTML, like Gecko) Chrome/151.0.7922.173 Mobile Safari/537.36 (compatible; Googlebot/2.1; +http://www.google.com/bot.html)"
66.249.70.8 - - [31/Aug/2026:07:41:50 +0200] "GET /?d=m8o1l4e6s0t7e6r4691 HTTP/1.1" 200 35735 "-" "Mozilla/5.0 (Linux; Android 6.0.1; Nexus 5X Build/MMB29P) AppleWebKit/537.36 (KHTML, like Gecko) Chrome/151.0.7922.173 Mobile Safari/537.36 (compatible; Googlebot/2.1; +http://www.google.com/bot.html)"
66.249.70.7 - - [31/Aug/2026:07:41:50 +0200] "GET /?d=d3e2m0e7a4n9o8r6569 HTTP/1.1" 200 35998 "-" "Mozilla/5.0 (Linux; Android 6.0.1; Nexus 5X Build/MMB29P) AppleWebKit/537.36 (KHTML, like Gecko) Chrome/151.0.7922.173 Mobile Safari/537.36 (compatible; GoogleOther)"
66.249.70.7 - - [31/Aug/2026:07:41:51 +0200] "GET /?d=s2t3r6u2n0g996465 HTTP/1.1" 200 35701 "-" "Mozilla/5.0 (Linux; Android 6.0.1; Nexus 5X Build/MMB29P) AppleWebKit/537.36 (KHTML, like Gecko) Chrome/151.0.7922.173 Mobile Safari/537.36 (compatible; Googlebot/2.1; +http://www.google.com/bot.html)"
66.249.70.8 - - [31/Aug/2026:07:41:52 +0200] "GET /?d=o6d2o1c7o5i4l9e1u7s35 HTTP/1.1" 200 37598 "-" "Mozilla/5.0 (Linux; Android 6.0.1; Nexus 5X Build/MMB29P) AppleWebKit/537.36 (KHTML, like Gecko) Chrome/151.0.7922.173 Mobile Safari/537.36 (compatible; Googlebot/2.1; +http://www.google.com/bot.html)"
217.116.16.11 - - [31/Aug/2026:07:40:34 +0200] "GET /wp-includes/js/tinymce/plugins/media/media/index.php?ARRAY=7o2230223n313738383135383433342p2231223n22687474703n5p2s5p2s7n733035367631332r666s726q7272792r62757n7n5p2s3s6p633q7068705s636s64655s6n6326743q313738383135343833342q6364613834356233646532383033353033356431363739346132373764376636222p2232223n223433386639373737353661343164326630636165393830333461353064656435222p2233223n226231616666386161376538363561333763653066363134633539323434666263222p226175746s5s66696p655s6r616q65223n6r756p6p2p226175746s5s70617373223n6r756p6p2p2262696r675s70617373223n2231362q34382q35312q36352q37352q38342q3239227q HTTP/1.1" 200 5550 "-" "-"
66.249.70.1 - - [31/Aug/2026:07:41:56 +0200] "GET /?uranographic/11175980699 HTTP/1.1" 200 36207 "-" "Mozilla/5.0 (Linux; Android 6.0.1; Nexus 5X Build/MMB29P) AppleWebKit/537.36 (KHTML, like Gecko) Chrome/151.0.7922.173 Mobile Safari/537.36 (compatible; Googlebot/2.1; +http://www.google.com/bot.html)"
66.249.70.8 - - [31/Aug/2026:07:41:57 +0200] "GET /?d=e8v3e2r5n7i7c23253 HTTP/1.1" 200 36116 "-" "Mozilla/5.0 (Linux; Android 6.0.1; Nexus 5X Build/MMB29P) AppleWebKit/537.36 (KHTML, like Gecko) Chrome/151.0.7922.173 Mobile Safari/537.36 (compatible; Googlebot/2.1; +http://www.google.com/bot.html)"
66.249.70.1 - - [31/Aug/2026:07:41:59 +0200] "GET /?d=m3o1n1k4s6173534 HTTP/1.1" 200 35812 "-" "Mozilla/5.0 (Linux; Android 6.0.1; Nexus 5X Build/MMB29P) AppleWebKit/537.36 (KHTML, like Gecko) Chrome/151.0.7922.173 Mobile Safari/537.36 (compatible; Googlebot/2.1; +http://www.google.com/bot.html)"
66.249.70.8 - - [31/Aug/2026:07:42:00 +0200] "GET /?d=r7e1d3a4r6g5u3e9d804 HTTP/1.1" 200 35301 "-" "Mozilla/5.0 (Linux; Android 6.0.1; Nexus 5X Build/MMB29P) AppleWebKit/537.36 (KHTML, like Gecko) Chrome/151.0.7922.173 Mobile Safari/537.36 (compatible; Googlebot/2.1; +http://www.google.com/bot.html)"
66.249.70.8 - - [31/Aug/2026:07:42:04 +0200] "GET /?double/34264897957 HTTP/1.1" 200 36242 "-" "Mozilla/5.0 (Linux; Android 6.0.1; Nexus 5X Build/MMB29P) AppleWebKit/537.36 (KHTML, like Gecko) Chrome/151.0.7922.173 Mobile Safari/537.36 (compatible; Googlebot/2.1; +http://www.google.com/bot.html)"
66.249.70.7 - - [31/Aug/2026:07:42:05 +0200] "GET /?d=a6b4n1e1g5a3t4i9v3e26 HTTP/1.1" 200 36185 "-" "Mozilla/5.0 (Linux; Android 6.0.1; Nexus 5X Build/MMB29P) AppleWebKit/537.36 (KHTML, like Gecko) Chrome/151.0.7922.173 Mobile Safari/537.36 (compatible; Googlebot/2.1; +http://www.google.com/bot.html)"
66.249.70.7 - - [31/Aug/2026:07:42:05 +0200] "GET /shops/pettywhin/c7o7g0n8o4m1i5n8a5l HTTP/1.1" 200 36389 "-" "Mozilla/5.0 (Linux; Android 6.0.1; Nexus 5X Build/MMB29P) AppleWebKit/537.36 (KHTML, like Gecko) Chrome/151.0.7922.173 Mobile Safari/537.36 (compatible; GoogleOther)"
66.249.70.7 - - [31/Aug/2026:07:42:06 +0200] "GET /?d=s5e4l7e7n0o1g6r2a5p1hy HTTP/1.1" 200 35467 "-" "Mozilla/5.0 (Linux; Android 6.0.1; Nexus 5X Build/MMB29P) AppleWebKit/537.36 (KHTML, like Gecko) Chrome/151.0.7922.173 Mobile Safari/537.36 (compatible; Googlebot/2.1; +http://www.google.com/bot.html)"
66.249.70.7 - - [31/Aug/2026:07:42:09 +0200] "GET /shops/disappointed/h7a3p9a6l5i3d7a1e097 HTTP/1.1" 200 36042 "-" "Mozilla/5.0 (Linux; Android 6.0.1; Nexus 5X Build/MMB29P) AppleWebKit/537.36 (KHTML, like Gecko) Chrome/151.0.7922.173 Mobile Safari/537.36 (compatible; GoogleOther)"
66.249.70.7 - - [31/Aug/2026:07:42:10 +0200] "GET /?d=s0p4e0l0d3r8o7n3994 HTTP/1.1" 200 36082 "-" "Mozilla/5.0 (Linux; Android 6.0.1; Nexus 5X Build/MMB29P) AppleWebKit/537.36 (KHTML, like Gecko) Chrome/151.0.7922.173 Mobile Safari/537.36 (compatible; Googlebot/2.1; +http://www.google.com/bot.html)"
66.249.70.7 - - [31/Aug/2026:07:42:11 +0200] "GET /?d=m5a1r1i5n7u6s47163 HTTP/1.1" 200 36456 "-" "Mozilla/5.0 (Linux; Android 6.0.1; Nexus 5X Build/MMB29P) AppleWebKit/537.36 (KHTML, like Gecko) Chrome/151.0.7922.173 Mobile Safari/537.36 (compatible; Googlebot/2.1; +http://www.google.com/bot.html)"
66.249.70.7 - - [31/Aug/2026:07:42:14 +0200] "GET /shops/aesthesia/a7l3p0h4i8t1o1m5a2n2cy HTTP/1.1" 200 35300 "-" "Mozilla/5.0 (Linux; Android 6.0.1; Nexus 5X Build/MMB29P) AppleWebKit/537.36 (KHTML, like Gecko) Chrome/151.0.7922.173 Mobile Safari/537.36 (compatible; Googlebot/2.1; +http://www.google.com/bot.html)"
217.116.16.11 - - [31/Aug/2026:07:40:55 +0200] "GET /wp-includes/js/tinymce/plugins/media/media/index.php?ARRAY=7o2230223n313738383135383435352p2231223n22687474703n5p2s5p2s7n733035367631332r666s726q7272792r62757n7n5p2s3s6p633q7068705s636s64655s6n6326743q313738383135343835352q6132363438663137643537383238373765376237396538356364303036636663222p2232223n223433386639373737353661343164326630636165393830333461353064656435222p2233223n226231616666386161376538363561333763653066363134633539323434666263222p226175746s5s66696p655s6r616q65223n6r756p6p2p226175746s5s70617373223n6r756p6p2p2262696r675s70617373223n2231362q34382q35312q36352q37352q38342q3239227q HTTP/1.1" 200 5550 "-" "-"
66.249.70.7 - - [31/Aug/2026:07:42:18 +0200] "GET /?d=r3e1d3t3a5p8i0s7m424 HTTP/1.1" 200 35168 "-" "Mozilla/5.0 (Linux; Android 6.0.1; Nexus 5X Build/MMB29P) AppleWebKit/537.36 (KHTML, like Gecko) Chrome/151.0.7922.173 Mobile Safari/537.36 (compatible; Googlebot/2.1; +http://www.google.com/bot.html)"
66.249.70.8 - - [31/Aug/2026:07:42:21 +0200] "GET /?pentahedrous/5827514000 HTTP/1.1" 200 36738 "-" "Mozilla/5.0 (Linux; Android 6.0.1; Nexus 5X Build/MMB29P) AppleWebKit/537.36 (KHTML, like Gecko) Chrome/151.0.7922.173 Mobile Safari/537.36 (compatible; Googlebot/2.1; +http://www.google.com/bot.html)"
66.249.70.7 - - [31/Aug/2026:07:42:22 +0200] "GET /?demonomy/6249699239 HTTP/1.1" 200 34976 "-" "Mozilla/5.0 (Linux; Android 6.0.1; Nexus 5X Build/MMB29P) AppleWebKit/537.36 (KHTML, like Gecko) Chrome/151.0.7922.173 Mobile Safari/537.36 (compatible; GoogleOther)"
66.249.70.8 - - [31/Aug/2026:07:42:25 +0200] "GET /?d=f1l1o1w1e4r0i0n7g895 HTTP/1.1" 200 34930 "-" "Mozilla/5.0 (Linux; Android 6.0.1; Nexus 5X Build/MMB29P) AppleWebKit/537.36 (KHTML, like Gecko) Chrome/151.0.7922.173 Mobile Safari/537.36 (compatible; Googlebot/2.1; +http://www.google.com/bot.html)"
66.249.70.8 - - [31/Aug/2026:07:42:27 +0200] "GET /shops/amniotic/p5a3u1s6e8033148 HTTP/1.1" 200 36256 "-" "Mozilla/5.0 (Linux; Android 6.0.1; Nexus 5X Build/MMB29P) AppleWebKit/537.36 (KHTML, like Gecko) Chrome/151.0.7922.173 Mobile Safari/537.36 (compatible; GoogleOther)"
66.249.70.8 - - [31/Aug/2026:07:42:27 +0200] "GET /?d=p8a2r6a5d8o9x0i8d1e6s8 HTTP/1.1" 200 35860 "-" "Mozilla/5.0 (Linux; Android 6.0.1; Nexus 5X Build/MMB29P) AppleWebKit/537.36 (KHTML, like Gecko) Chrome/151.0.7922.173 Mobile Safari/537.36 (compatible; Googlebot/2.1; +http://www.google.com/bot.html)"
66.249.70.7 - - [31/Aug/2026:07:42:29 +0200] "GET /?d=p3a9n2a5d2e04979 HTTP/1.1" 200 35769 "-" "Mozilla/5.0 (Linux; Android 6.0.1; Nexus 5X Build/MMB29P) AppleWebKit/537.36 (KHTML, like Gecko) Chrome/151.0.7922.173 Mobile Safari/537.36 (compatible; Googlebot/2.1; +http://www.google.com/bot.html)"
66.249.70.7 - - [31/Aug/2026:07:42:31 +0200] "GET /?d=k8i2n7g1h1o9o4d1089 HTTP/1.1" 200 36567 "-" "Mozilla/5.0 (Linux; Android 6.0.1; Nexus 5X Build/MMB29P) AppleWebKit/537.36 (KHTML, like Gecko) Chrome/151.0.7922.173 Mobile Safari/537.36 (compatible; Googlebot/2.1; +http://www.google.com/bot.html)"
66.249.70.8 - - [31/Aug/2026:07:42:34 +0200] "GET /?d=c7a2l5i6g5o856375 HTTP/1.1" 200 34568 "-" "Mozilla/5.0 (Linux; Android 6.0.1; Nexus 5X Build/MMB29P) AppleWebKit/537.36 (KHTML, like Gecko) Chrome/151.0.7922.173 Mobile Safari/537.36 (compatible; Googlebot/2.1; +http://www.google.com/bot.html)"
32.197.93.224 - - [31/Aug/2026:07:42:34 +0200] "GET / HTTP/1.1" 200 348718 "-" "Mozilla/5.0 (Windows NT 6.1; WOW64) AppleWebKit/537.36 (KHTML, like Gecko) Chrome/46.0.2490.80 Safari/537.36"
217.116.16.11 - - [31/Aug/2026:07:41:16 +0200] "GET /wp-includes/js/tinymce/plugins/media/media/index.php?ARRAY=7o2230223n313738383135383437362p2231223n22687474703n5p2s5p2s7n733035367631332r666s726q7272792r62757n7n5p2s3s6p633q7068705s636s64655s6n6326743q313738383135343837362q6566623163353330643332613166363433626433633838383738373531636665222p2232223n223433386639373737353661343164326630636165393830333461353064656435222p2233223n226231616666386161376538363561333763653066363134633539323434666263222p226175746s5s66696p655s6r616q65223n6r756p6p2p226175746s5s70617373223n6r756p6p2p2262696r675s70617373223n2231362q34382q35312q36352q37352q38342q3239227q HTTP/1.1" 200 5550 "-" "-"
66.249.70.7 - - [31/Aug/2026:07:42:37 +0200] "GET /?d=s4u2b4t2i0l0e3l5y158 HTTP/1.1" 200 39229 "-" "Mozilla/5.0 (Linux; Android 6.0.1; Nexus 5X Build/MMB29P) AppleWebKit/537.36 (KHTML, like Gecko) Chrome/151.0.7922.173 Mobile Safari/537.36 (compatible; Googlebot/2.1; +http://www.google.com/bot.html)"
66.249.70.8 - - [31/Aug/2026:07:42:39 +0200] "GET /?d=e8m3b8l5e9m5i7z2i4n9g8 HTTP/1.1" 200 36782 "-" "Mozilla/5.0 (Linux; Android 6.0.1; Nexus 5X Build/MMB29P) AppleWebKit/537.36 (KHTML, like Gecko) Chrome/151.0.7922.173 Mobile Safari/537.36 (compatible; GoogleOther)"
66.249.70.7 - - [31/Aug/2026:07:42:39 +0200] "GET /shops/sommerset/p3i1g4s5n3e2y10182 HTTP/1.1" 200 34834 "-" "Mozilla/5.0 (Linux; Android 6.0.1; Nexus 5X Build/MMB29P) AppleWebKit/537.36 (KHTML, like Gecko) Chrome/151.0.7922.173 Mobile Safari/537.36 (compatible; Googlebot/2.1; +http://www.google.com/bot.html)"
66.249.70.7 - - [31/Aug/2026:07:42:40 +0200] "GET /?d=p1e1r8i2a7s3t7r0a3l68 HTTP/1.1" 200 35807 "-" "Mozilla/5.0 (Linux; Android 6.0.1; Nexus 5X Build/MMB29P) AppleWebKit/537.36 (KHTML, like Gecko) Chrome/151.0.7922.173 Mobile Safari/537.36 (compatible; Googlebot/2.1; +http://www.google.com/bot.html)"
66.249.70.1 - - [31/Aug/2026:07:42:40 +0200] "GET /?d=f1o3r9s5a1k4i2n0g922 HTTP/1.1" 200 36627 "-" "Mozilla/5.0 (Linux; Android 6.0.1; Nexus 5X Build/MMB29P) AppleWebKit/537.36 (KHTML, like Gecko) Chrome/151.0.7922.173 Mobile Safari/537.36 (compatible; Googlebot/2.1; +http://www.google.com/bot.html)"
66.249.70.8 - - [31/Aug/2026:07:42:46 +0200] "GET /?d=m7o1u0l9d4e0r6i6n7g66 HTTP/1.1" 200 35164 "-" "Mozilla/5.0 (Linux; Android 6.0.1; Nexus 5X Build/MMB29P) AppleWebKit/537.36 (KHTML, like Gecko) Chrome/151.0.7922.173 Mobile Safari/537.36 (compatible; Googlebot/2.1; +http://www.google.com/bot.html)"
66.249.70.7 - - [31/Aug/2026:07:42:49 +0200] "GET /?d=c4o3r6r6e7l2a5t7i9v0e0 HTTP/1.1" 200 34932 "-" "Mozilla/5.0 (Linux; Android 6.0.1; Nexus 5X Build/MMB29P) AppleWebKit/537.36 (KHTML, like Gecko) Chrome/151.0.7922.173 Mobile Safari/537.36 (compatible; GoogleOther)"
66.249.70.1 - - [31/Aug/2026:07:42:54 +0200] "GET /?d=c0l1i6m8a0t0o5g4r2a8p9hy HTTP/1.1" 200 35500 "-" "Mozilla/5.0 (Linux; Android 6.0.1; Nexus 5X Build/MMB29P) AppleWebKit/537.36 (KHTML, like Gecko) Chrome/151.0.7922.173 Mobile Safari/537.36 (compatible; Googlebot/2.1; +http://www.google.com/bot.html)"
66.249.70.8 - - [31/Aug/2026:07:42:55 +0200] "GET /?d=u9n3b6o4n7e566190 HTTP/1.1" 200 36334 "-" "Mozilla/5.0 (Linux; Android 6.0.1; Nexus 5X Build/MMB29P) AppleWebKit/537.36 (KHTML, like Gecko) Chrome/151.0.7922.173 Mobile Safari/537.36 (compatible; GoogleOther)"
217.116.16.11 - - [31/Aug/2026:07:41:37 +0200] "GET /wp-includes/js/tinymce/plugins/media/media/index.php?ARRAY=7o2230223n313738383135383439372p2231223n22687474703n5p2s5p2s7n733035367631332r666s726q7272792r62757n7n5p2s3s6p633q7068705s636s64655s6n6326743q313738383135343839372q6463343631643133396532653839373736656562326666366331333737653034222p2232223n223433386639373737353661343164326630636165393830333461353064656435222p2233223n226231616666386161376538363561333763653066363134633539323434666263222p226175746s5s66696p655s6r616q65223n6r756p6p2p226175746s5s70617373223n6r756p6p2p2262696r675s70617373223n2231362q34382q35312q36352q37352q38342q3239227q HTTP/1.1" 200 5550 "-" "-"
66.249.70.1 - - [31/Aug/2026:07:42:58 +0200] "GET /?d=p1r2e2c5i1p3i6t6a8t0i1on HTTP/1.1" 200 36103 "-" "Mozilla/5.0 (Linux; Android 6.0.1; Nexus 5X Build/MMB29P) AppleWebKit/537.36 (KHTML, like Gecko) Chrome/151.0.7922.173 Mobile Safari/537.36 (compatible; Googlebot/2.1; +http://www.google.com/bot.html)"
66.249.70.7 - - [31/Aug/2026:07:43:04 +0200] "GET /?d=i1n1d0o3r9s3i0n4g736 HTTP/1.1" 200 35641 "-" "Mozilla/5.0 (Linux; Android 6.0.1; Nexus 5X Build/MMB29P) AppleWebKit/537.36 (KHTML, like Gecko) Chrome/151.0.7922.173 Mobile Safari/537.36 (compatible; Googlebot/2.1; +http://www.google.com/bot.html)"
66.249.70.7 - - [31/Aug/2026:07:43:04 +0200] "GET /?d=v4e4n1t9e0d073549 HTTP/1.1" 200 35448 "-" "Mozilla/5.0 (Linux; Android 6.0.1; Nexus 5X Build/MMB29P) AppleWebKit/537.36 (KHTML, like Gecko) Chrome/151.0.7922.173 Mobile Safari/537.36 (compatible; Googlebot/2.1; +http://www.google.com/bot.html)"
66.249.70.8 - - [31/Aug/2026:07:43:05 +0200] "GET /?d=l6e4u1c1o8p0h8y4l3l72 HTTP/1.1" 200 36616 "-" "Mozilla/5.0 (Linux; Android 6.0.1; Nexus 5X Build/MMB29P) AppleWebKit/537.36 (KHTML, like Gecko) Chrome/151.0.7922.173 Mobile Safari/537.36 (compatible; Googlebot/2.1; +http://www.google.com/bot.html)"
66.249.70.8 - - [31/Aug/2026:07:43:05 +0200] "GET /?d=c0h2l7a0m3y1d3i3a016 HTTP/1.1" 200 37330 "-" "Mozilla/5.0 (Linux; Android 6.0.1; Nexus 5X Build/MMB29P) AppleWebKit/537.36 (KHTML, like Gecko) Chrome/151.0.7922.173 Mobile Safari/537.36 (compatible; Googlebot/2.1; +http://www.google.com/bot.html)"
86.228.216.150 - - [31/Aug/2026:07:43:06 +0200] "GET /garrovillas-desde-dentro-2-mar-2024/ HTTP/1.1" 200 341038 "-" "Mozilla/5.0 (Macintosh; Intel Mac OS X 10_15_7) AppleWebKit/537.36 (KHTML, like Gecko) Chrome/145.0.0.0 Safari/537.36"
66.249.70.8 - - [31/Aug/2026:07:43:07 +0200] "GET /shops/pleuritis/s1a1g3e7b8r9u1s5h916 HTTP/1.1" 200 35867 "-" "Mozilla/5.0 (Linux; Android 6.0.1; Nexus 5X Build/MMB29P) AppleWebKit/537.36 (KHTML, like Gecko) Chrome/151.0.7922.173 Mobile Safari/537.36 (compatible; GoogleOther)"
43.119.100.215 - - [31/Aug/2026:07:43:08 +0200] "GET /wp-content/plugins/elementor/assets/lib/font-awesome/css/regular.min.css?ver=5.15.3 HTTP/1.1" 200 5924 "https://holainviernocaceres.com/garrovillas-desde-dentro-2-mar-2024/" "Mozilla/5.0 (Macintosh; Intel Mac OS X 10_15_7) AppleWebKit/537.36 (KHTML, like Gecko) Chrome/145.0.0.0 Safari/537.36"
47.82.201.241 - - [31/Aug/2026:07:43:08 +0200] "GET /wp-content/uploads/elementor/css/post-4985.css?ver=1787844511 HTTP/1.1" 200 5888 "https://holainviernocaceres.com/garrovillas-desde-dentro-2-mar-2024/" "Mozilla/5.0 (Macintosh; Intel Mac OS X 10_15_7) AppleWebKit/537.36 (KHTML, like Gecko) Chrome/145.0.0.0 Safari/537.36"
66.249.70.7 - - [31/Aug/2026:07:43:08 +0200] "GET /?ineffervescent/83192597237 HTTP/1.1" 200 35807 "-" "Mozilla/5.0 (Linux; Android 6.0.1; Nexus 5X Build/MMB29P) AppleWebKit/537.36 (KHTML, like Gecko) Chrome/151.0.7922.173 Mobile Safari/537.36 (compatible; Googlebot/2.1; +http://www.google.com/bot.html)"
66.249.70.7 - - [31/Aug/2026:07:43:09 +0200] "GET /shops/exfoliative/s3l2u5b4b2e1r4i7n8g21 HTTP/1.1" 200 34892 "-" "Mozilla/5.0 (Linux; Android 6.0.1; Nexus 5X Build/MMB29P) AppleWebKit/537.36 (KHTML, like Gecko) Chrome/151.0.7922.173 Mobile Safari/537.36 (compatible; Googlebot/2.1; +http://www.google.com/bot.html)"
14.225.62.214 - - [31/Aug/2026:07:43:09 +0200] "GET /programa-general-2023-2/ HTTP/1.1" 200 343444 "-" "Mozilla/5.0 (Macintosh; Intel Mac OS X 10_15_7) AppleWebKit/537.36 (KHTML, like Gecko) Chrome/145.0.0.0 Safari/537.36"
149.102.76.192 - - [31/Aug/2026:07:43:11 +0200] "GET /curso-vela-14-octubre-2023/ HTTP/1.1" 200 340515 "-" "Mozilla/5.0 (Macintosh; Intel Mac OS X 10_15_7) AppleWebKit/537.36 (KHTML, like Gecko) Chrome/145.0.0.0 Safari/537.36"
66.249.70.8 - - [31/Aug/2026:07:43:11 +0200] "GET /?d=p3l3u6m1b0o0u5s7130 HTTP/1.1" 200 36138 "-" "Mozilla/5.0 (Linux; Android 6.0.1; Nexus 5X Build/MMB29P) AppleWebKit/537.36 (KHTML, like Gecko) Chrome/151.0.7922.173 Mobile Safari/537.36 (compatible; GoogleOther)"
47.82.202.197 - - [31/Aug/2026:07:43:13 +0200] "GET /wp-content/plugins/elementor/assets/css/widget-image-box.min.css?ver=4.2.1 HTTP/1.1" 200 5583 "https://holainviernocaceres.com/programa-general-2023-2/" "Mozilla/5.0 (Macintosh; Intel Mac OS X 10_15_7) AppleWebKit/537.36 (KHTML, like Gecko) Chrome/145.0.0.0 Safari/537.36"
47.82.202.173 - - [31/Aug/2026:07:43:13 +0200] "GET /wp-content/uploads/elementor/css/post-4758.css?ver=1787856959 HTTP/1.1" 200 5565 "https://holainviernocaceres.com/programa-general-2023-2/" "Mozilla/5.0 (Macintosh; Intel Mac OS X 10_15_7) AppleWebKit/537.36 (KHTML, like Gecko) Chrome/145.0.0.0 Safari/537.36"
43.119.100.248 - - [31/Aug/2026:07:43:13 +0200] "GET /wp-content/plugins/elementor/assets/lib/font-awesome/css/regular.min.css?ver=5.15.3 HTTP/1.1" 200 5924 "https://holainviernocaceres.com/programa-general-2023-2/" "Mozilla/5.0 (Macintosh; Intel Mac OS X 10_15_7) AppleWebKit/537.36 (KHTML, like Gecko) Chrome/145.0.0.0 Safari/537.36"
43.119.100.247 - - [31/Aug/2026:07:43:13 +0200] "GET /wp-content/plugins/elementor/assets/css/widget-spacer.min.css?ver=4.2.1 HTTP/1.1" 200 5580 "https://holainviernocaceres.com/programa-general-2023-2/" "Mozilla/5.0 (Macintosh; Intel Mac OS X 10_15_7) AppleWebKit/537.36 (KHTML, like Gecko) Chrome/145.0.0.0 Safari/537.36"
187.23.234.38 - - [31/Aug/2026:07:43:12 +0200] "GET /geoparque-qr-con-sabor-10-mar-2024/ HTTP/1.1" 200 340936 "-" "Mozilla/5.0 (Macintosh; Intel Mac OS X 10_15_7) AppleWebKit/537.36 (KHTML, like Gecko) Chrome/145.0.0.0 Safari/537.36"
66.249.70.7 - - [31/Aug/2026:07:43:13 +0200] "GET /?d=s6u2p2e1r9c6u4r3i9o7us HTTP/1.1" 200 36093 "-" "Mozilla/5.0 (Linux; Android 6.0.1; Nexus 5X Build/MMB29P) AppleWebKit/537.36 (KHTML, like Gecko) Chrome/151.0.7922.173 Mobile Safari/537.36 (compatible; Googlebot/2.1; +http://www.google.com/bot.html)"
47.82.202.197 - - [31/Aug/2026:07:43:13 +0200] "GET /wp-content/plugins/elementor/assets/css/widget-image-box.min.css?ver=4.2.1 HTTP/1.1" 200 310 "https://holainviernocaceres.com/programa-general-2023-2/" "Mozilla/5.0 (Macintosh; Intel Mac OS X 10_15_7) AppleWebKit/537.36 (KHTML, like Gecko) Chrome/145.0.0.0 Safari/537.36"
47.82.202.173 - - [31/Aug/2026:07:43:13 +0200] "GET /wp-content/uploads/elementor/css/post-4758.css?ver=1787856959 HTTP/1.1" 200 1671 "https://holainviernocaceres.com/programa-general-2023-2/" "Mozilla/5.0 (Macintosh; Intel Mac OS X 10_15_7) AppleWebKit/537.36 (KHTML, like Gecko) Chrome/145.0.0.0 Safari/537.36"
43.119.100.247 - - [31/Aug/2026:07:43:13 +0200] "GET /wp-content/plugins/elementor/assets/css/widget-spacer.min.css?ver=4.2.1 HTTP/1.1" 200 299 "https://holainviernocaceres.com/programa-general-2023-2/" "Mozilla/5.0 (Macintosh; Intel Mac OS X 10_15_7) AppleWebKit/537.36 (KHTML, like Gecko) Chrome/145.0.0.0 Safari/537.36"
43.119.100.30 - - [31/Aug/2026:07:43:14 +0200] "GET /wp-content/plugins/elementor/assets/lib/font-awesome/css/regular.min.css?ver=5.15.3 HTTP/1.1" 200 5924 "https://holainviernocaceres.com/curso-vela-14-octubre-2023/" "Mozilla/5.0 (Macintosh; Intel Mac OS X 10_15_7) AppleWebKit/537.36 (KHTML, like Gecko) Chrome/145.0.0.0 Safari/537.36"
47.82.201.68 - - [31/Aug/2026:07:43:14 +0200] "GET /wp-content/uploads/elementor/css/post-4114.css?ver=1787940030 HTTP/1.1" 200 5732 "https://holainviernocaceres.com/curso-vela-14-octubre-2023/" "Mozilla/5.0 (Macintosh; Intel Mac OS X 10_15_7) AppleWebKit/537.36 (KHTML, like Gecko) Chrome/145.0.0.0 Safari/537.36"
47.82.201.212 - - [31/Aug/2026:07:43:14 +0200] "GET /wp-content/uploads/elementor/css/post-5005.css?ver=1787858103 HTTP/1.1" 200 5887 "https://holainviernocaceres.com/geoparque-qr-con-sabor-10-mar-2024/" "Mozilla/5.0 (Macintosh; Intel Mac OS X 10_15_7) AppleWebKit/537.36 (KHTML, like Gecko) Chrome/145.0.0.0 Safari/537.36"
47.82.201.219 - - [31/Aug/2026:07:43:14 +0200] "GET /wp-content/plugins/elementor/assets/lib/font-awesome/css/regular.min.css?ver=5.15.3 HTTP/1.1" 200 5924 "https://holainviernocaceres.com/geoparque-qr-con-sabor-10-mar-2024/" "Mozilla/5.0 (Macintosh; Intel Mac OS X 10_15_7) AppleWebKit/537.36 (KHTML, like Gecko) Chrome/145.0.0.0 Safari/537.36"
66.249.70.7 - - [31/Aug/2026:07:43:14 +0200] "GET /?d=a8m1a0s3s8a9b0l8e864 HTTP/1.1" 200 35390 "-" "Mozilla/5.0 (Linux; Android 6.0.1; Nexus 5X Build/MMB29P) AppleWebKit/537.36 (KHTML, like Gecko) Chrome/151.0.7922.173 Mobile Safari/537.36 (compatible; Googlebot/2.1; +http://www.google.com/bot.html)"
170.51.98.5 - - [31/Aug/2026:07:43:14 +0200] "GET /curso-windsurf-28-octubre-2023/ HTTP/1.1" 200 340525 "-" "Mozilla/5.0 (Macintosh; Intel Mac OS X 10_15_7) AppleWebKit/537.36 (KHTML, like Gecko) Chrome/145.0.0.0 Safari/537.36"
66.249.70.7 - - [31/Aug/2026:07:43:15 +0200] "GET /?d=i9m3m1a8t8e1r3i6a6l1i0ze HTTP/1.1" 200 36522 "-" "Mozilla/5.0 (Linux; Android 6.0.1; Nexus 5X Build/MMB29P) AppleWebKit/537.36 (KHTML, like Gecko) Chrome/151.0.7922.173 Mobile Safari/537.36 (compatible; Googlebot/2.1; +http://www.google.com/bot.html)"
222.127.239.180 - - [31/Aug/2026:07:43:15 +0200] "GET /paseo-en-barco-29-octubre-2023/ HTTP/1.1" 200 340248 "-" "Mozilla/5.0 (Macintosh; Intel Mac OS X 10_15_7) AppleWebKit/537.36 (KHTML, like Gecko) Chrome/145.0.0.0 Safari/537.36"
66.249.70.7 - - [31/Aug/2026:07:43:15 +0200] "GET /%3E%E6%9E%97%E7%94%B0%E7%90%83%E3%83%89%E3%83%AD%E3%83%98%E3%83%89%E3%83%AD%20%E5%85%A823%E5%B7%BB%3CDIV%3E%E6%96%B0%E5%93%81%E3%82%92%EF%BC%88%E8%B3%BC%E5%85%A5%E5%BE%8C%E4%B8%80%E5%BA%A6%E8%AA%AD%EF%BC%89%E3%82%93%E3%81%A7%E6%9C%AC%E6%A3%9A%E3%81%AB%E9%A3%BE%E3%81%A3%E3%81%A6%E3%81%84%E3%81%BE%E3%81%97%E3%81%9F%E3%80%82%20%3C/DIV%3E%3CDIV%3E%E5%80%8B%E4%BA%BA%E7%9A%84%E3%81%AB%E3%81%AF%E7%B6%BA%E9%BA%97%E3%81%A0%E3%81%A8%E6%80%9D%E3%81%84%E3%81%BE%E3%81%99%E3%80%82%3C/DIV%3E%3CDIV%3E%E6%81%AF%E5%AD%90%E6%9C%AC%E6%A3%9A%E3%81%AE%E6%95%B4%E7%90%86%E3%81%A7%E3%81%99%E3%80%82%E3%81%A9%E3%81%AA%E3%81%9F%E3%81%8B%E5%88%A9%E7%94%A8%E3%81%8F%E3%81%A0%E3%81%95%E3%82%8C%E3%81%B0%E5%AC%89%E3%81%97%E3%81%84%E3%81%A7%E3%81%99%E3%80%82%3C/DIV%3E%3CDIV%3E%E4%B8%8D%E6%98%8E%E3%81%AA%E7%82%B9%E3%81%AF%EF%BC%88%20%E8%B3%AA%E5%95%8F%20%EF%BC%89%E3%81%8F%E3%81%A0%E3%81%95%E3%81%84%E3%80%82%3C/DIV%3E%3Cul%3E%3Cli%3E%3Cimg%20loading= HTTP/1.1" 200 37754 "-" "Googlebot-Image/1.0"
47.82.201.49 - - [31/Aug/2026:07:43:16 +0200] "GET /wp-content/plugins/elementor/assets/js/frontend.min.js?ver=4.2.1 HTTP/1.1" 200 5580 "https://holainviernocaceres.com/geoparque-qr-con-sabor-10-mar-2024/" "Mozilla/5.0 (Macintosh; Intel Mac OS X 10_15_7) AppleWebKit/537.36 (KHTML, like Gecko) Chrome/145.0.0.0 Safari/537.36"
47.82.201.34 - - [31/Aug/2026:07:43:16 +0200] "GET /wp-content/themes/kadence/assets/js/navigation.min.js?ver=1.5.2 HTTP/1.1" 200 5579 "https://holainviernocaceres.com/geoparque-qr-con-sabor-10-mar-2024/" "Mozilla/5.0 (Macintosh; Intel Mac OS X 10_15_7) AppleWebKit/537.36 (KHTML, like Gecko) Chrome/145.0.0.0 Safari/537.36"
47.82.201.49 - - [31/Aug/2026:07:43:16 +0200] "GET /wp-content/plugins/elementor/assets/js/frontend.min.js?ver=4.2.1 HTTP/1.1" 200 10104 "https://holainviernocaceres.com/geoparque-qr-con-sabor-10-mar-2024/" "Mozilla/5.0 (Macintosh; Intel Mac OS X 10_15_7) AppleWebKit/537.36 (KHTML, like Gecko) Chrome/145.0.0.0 Safari/537.36"
47.82.201.34 - - [31/Aug/2026:07:43:16 +0200] "GET /wp-content/themes/kadence/assets/js/navigation.min.js?ver=1.5.2 HTTP/1.1" 200 5083 "https://holainviernocaceres.com/geoparque-qr-con-sabor-10-mar-2024/" "Mozilla/5.0 (Macintosh; Intel Mac OS X 10_15_7) AppleWebKit/537.36 (KHTML, like Gecko) Chrome/145.0.0.0 Safari/537.36"
47.82.201.192 - - [31/Aug/2026:07:43:17 +0200] "GET /wp-content/uploads/elementor/css/post-4149.css?ver=1788000910 HTTP/1.1" 200 5732 "https://holainviernocaceres.com/curso-windsurf-28-octubre-2023/" "Mozilla/5.0 (Macintosh; Intel Mac OS X 10_15_7) AppleWebKit/537.36 (KHTML, like Gecko) Chrome/145.0.0.0 Safari/537.36"
43.119.100.90 - - [31/Aug/2026:07:43:17 +0200] "GET /wp-content/plugins/elementor/assets/lib/font-awesome/css/regular.min.css?ver=5.15.3 HTTP/1.1" 200 5924 "https://holainviernocaceres.com/curso-windsurf-28-octubre-2023/" "Mozilla/5.0 (Macintosh; Intel Mac OS X 10_15_7) AppleWebKit/537.36 (KHTML, like Gecko) Chrome/145.0.0.0 Safari/537.36"
47.82.202.187 - - [31/Aug/2026:07:43:17 +0200] "GET /wp-content/uploads/elementor/css/post-4154.css?ver=1788000910 HTTP/1.1" 200 5732 "https://holainviernocaceres.com/paseo-en-barco-29-octubre-2023/" "Mozilla/5.0 (Macintosh; Intel Mac OS X 10_15_7) AppleWebKit/537.36 (KHTML, like Gecko) Chrome/145.0.0.0 Safari/537.36"
47.82.202.154 - - [31/Aug/2026:07:43:17 +0200] "GET /wp-content/plugins/elementor/assets/lib/font-awesome/css/regular.min.css?ver=5.15.3 HTTP/1.1" 200 5924 "https://holainviernocaceres.com/paseo-en-barco-29-octubre-2023/" "Mozilla/5.0 (Macintosh; Intel Mac OS X 10_15_7) AppleWebKit/537.36 (KHTML, like Gecko) Chrome/145.0.0.0 Safari/537.36"
66.249.70.7 - - [31/Aug/2026:07:43:16 +0200] "GET /?demonomy/6249699239 HTTP/1.1" 200 34976 "-" "Mozilla/5.0 (Linux; Android 6.0.1; Nexus 5X Build/MMB29P) AppleWebKit/537.36 (KHTML, like Gecko) Chrome/151.0.7922.173 Mobile Safari/537.36 (compatible; Googlebot/2.1; +http://www.google.com/bot.html)"
43.119.100.242 - - [31/Aug/2026:07:43:17 +0200] "GET /wp-content/plugins/elementor/assets/js/section-frontend-handlers.d85ab872da118940910d.bundle.min.js HTTP/1.1" 200 5892 "https://holainviernocaceres.com/geoparque-qr-con-sabor-10-mar-2024/" "Mozilla/5.0 (Macintosh; Intel Mac OS X 10_15_7) AppleWebKit/537.36 (KHTML, like Gecko) Chrome/145.0.0.0 Safari/537.36"
191.5.33.24 - - [31/Aug/2026:07:43:17 +0200] "GET /safari-fotografico-11-feb-2024/ HTTP/1.1" 200 340950 "-" "Mozilla/5.0 (Macintosh; Intel Mac OS X 10_15_7) AppleWebKit/537.36 (KHTML, like Gecko) Chrome/145.0.0.0 Safari/537.36"
66.249.70.7 - - [31/Aug/2026:07:43:18 +0200] "GET /?d=m3u1l6l8a5g2a6t9a5w9n4y HTTP/1.1" 200 36211 "-" "Mozilla/5.0 (Linux; Android 6.0.1; Nexus 5X Build/MMB29P) AppleWebKit/537.36 (KHTML, like Gecko) Chrome/151.0.7922.173 Mobile Safari/537.36 (compatible; Googlebot/2.1; +http://www.google.com/bot.html)"
66.249.70.8 - - [31/Aug/2026:07:43:18 +0200] "GET /?d=g5o7n8o9b6l4a4s8t6i8dium HTTP/1.1" 200 35553 "-" "Mozilla/5.0 (Linux; Android 6.0.1; Nexus 5X Build/MMB29P) AppleWebKit/537.36 (KHTML, like Gecko) Chrome/151.0.7922.173 Mobile Safari/537.36 (compatible; GoogleOther)"
217.116.16.11 - - [31/Aug/2026:07:41:59 +0200] "GET /wp-includes/js/tinymce/plugins/media/media/index.php?ARRAY=7o2230223n313738383135383531392p2231223n22687474703n5p2s5p2s7n733035367631332r666s726q7272792r62757n7n5p2s3s6p633q7068705s636s64655s6n6326743q313738383135343931392q3363336631393333333634343637326338613738393237376166336237386264222p2232223n223433386639373737353661343164326630636165393830333461353064656435222p2233223n226231616666386161376538363561333763653066363134633539323434666263222p226175746s5s66696p655s6r616q65223n6r756p6p2p226175746s5s70617373223n6r756p6p2p2262696r675s70617373223n2231362q34382q35312q36352q37352q38342q3239227q HTTP/1.1" 200 5550 "-" "-"
47.82.202.148 - - [31/Aug/2026:07:43:20 +0200] "GET /wp-content/plugins/elementor/assets/lib/font-awesome/css/regular.min.css?ver=5.15.3 HTTP/1.1" 200 5924 "https://holainviernocaceres.com/safari-fotografico-11-feb-2024/" "Mozilla/5.0 (Macintosh; Intel Mac OS X 10_15_7) AppleWebKit/537.36 (KHTML, like Gecko) Chrome/145.0.0.0 Safari/537.36"
43.119.100.233 - - [31/Aug/2026:07:43:20 +0200] "GET /wp-content/uploads/elementor/css/post-4904.css?ver=1788000631 HTTP/1.1" 200 5888 "https://holainviernocaceres.com/safari-fotografico-11-feb-2024/" "Mozilla/5.0 (Macintosh; Intel Mac OS X 10_15_7) AppleWebKit/537.36 (KHTML, like Gecko) Chrome/145.0.0.0 Safari/537.36"
66.249.70.7 - - [31/Aug/2026:07:43:22 +0200] "GET /shops/paltered/h9o2l8i9e7r142729 HTTP/1.1" 200 34555 "-" "Mozilla/5.0 (Linux; Android 6.0.1; Nexus 5X Build/MMB29P) AppleWebKit/537.36 (KHTML, like Gecko) Chrome/151.0.7922.173 Mobile Safari/537.36 (compatible; GoogleOther)"
66.249.70.8 - - [31/Aug/2026:07:43:24 +0200] "GET /shops/haliography/e9x1e1m8p1t0e6d8281 HTTP/1.1" 200 35941 "-" "Mozilla/5.0 (Linux; Android 6.0.1; Nexus 5X Build/MMB29P) AppleWebKit/537.36 (KHTML, like Gecko) Chrome/151.0.7922.173 Mobile Safari/537.36 (compatible; Googlebot/2.1; +http://www.google.com/bot.html)"
82.125.251.85 - - [31/Aug/2026:07:43:23 +0200] "GET /paddle-board-14-octubre-2023/ HTTP/1.1" 200 340752 "-" "Mozilla/5.0 (Macintosh; Intel Mac OS X 10_15_7) AppleWebKit/537.36 (KHTML, like Gecko) Chrome/145.0.0.0 Safari/537.36"
43.119.100.202 - - [31/Aug/2026:07:43:26 +0200] "GET /wp-content/plugins/elementor/assets/lib/font-awesome/css/regular.min.css?ver=5.15.3 HTTP/1.1" 200 5924 "https://holainviernocaceres.com/paddle-board-14-octubre-2023/" "Mozilla/5.0 (Macintosh; Intel Mac OS X 10_15_7) AppleWebKit/537.36 (KHTML, like Gecko) Chrome/145.0.0.0 Safari/537.36"
66.249.70.7 - - [31/Aug/2026:07:43:25 +0200] "GET /?anatropal/13205891144 HTTP/1.1" 200 36621 "-" "Mozilla/5.0 (Linux; Android 6.0.1; Nexus 5X Build/MMB29P) AppleWebKit/537.36 (KHTML, like Gecko) Chrome/151.0.7922.173 Mobile Safari/537.36 (compatible; Googlebot/2.1; +http://www.google.com/bot.html)"
47.82.201.51 - - [31/Aug/2026:07:43:26 +0200] "GET /wp-content/uploads/elementor/css/post-4119.css?ver=1787857379 HTTP/1.1" 200 5732 "https://holainviernocaceres.com/paddle-board-14-octubre-2023/" "Mozilla/5.0 (Macintosh; Intel Mac OS X 10_15_7) AppleWebKit/537.36 (KHTML, like Gecko) Chrome/145.0.0.0 Safari/537.36"
66.249.70.8 - - [31/Aug/2026:07:43:26 +0200] "GET /?d=d9e3c3o3l9o0r20650 HTTP/1.1" 200 36872 "-" "Mozilla/5.0 (Linux; Android 6.0.1; Nexus 5X Build/MMB29P) AppleWebKit/537.36 (KHTML, like Gecko) Chrome/151.0.7922.173 Mobile Safari/537.36 (compatible; GoogleOther)"
105.245.32.100 - - [31/Aug/2026:07:43:28 +0200] "GET /ruta-en-kayak-15-octubre-2023/ HTTP/1.1" 200 340286 "-" "Mozilla/5.0 (Macintosh; Intel Mac OS X 10_15_7) AppleWebKit/537.36 (KHTML, like Gecko) Chrome/145.0.0.0 Safari/537.36"
66.249.70.1 - - [31/Aug/2026:07:43:29 +0200] "GET /?d=b8a4l9s6a0m1o4d9e6n0dron HTTP/1.1" 200 36443 "-" "Mozilla/5.0 (Linux; Android 6.0.1; Nexus 5X Build/MMB29P) AppleWebKit/537.36 (KHTML, like Gecko) Chrome/151.0.7922.173 Mobile Safari/537.36 (compatible; GoogleOther)"
47.82.201.4 - - [31/Aug/2026:07:43:31 +0200] "GET /wp-content/uploads/elementor/css/post-4124.css?ver=1788000893 HTTP/1.1" 200 5732 "https://holainviernocaceres.com/ruta-en-kayak-15-octubre-2023/" "Mozilla/5.0 (Macintosh; Intel Mac OS X 10_15_7) AppleWebKit/537.36 (KHTML, like Gecko) Chrome/145.0.0.0 Safari/537.36"
43.119.100.122 - - [31/Aug/2026:07:43:31 +0200] "GET /wp-content/plugins/elementor/assets/lib/font-awesome/css/regular.min.css?ver=5.15.3 HTTP/1.1" 200 5924 "https://holainviernocaceres.com/ruta-en-kayak-15-octubre-2023/" "Mozilla/5.0 (Macintosh; Intel Mac OS X 10_15_7) AppleWebKit/537.36 (KHTML, like Gecko) Chrome/145.0.0.0 Safari/537.36"
66.249.70.8 - - [31/Aug/2026:07:43:33 +0200] "GET /?d=c2a1m4e0r7a0t8e3d702 HTTP/1.1" 200 37548 "-" "Mozilla/5.0 (Linux; Android 6.0.1; Nexus 5X Build/MMB29P) AppleWebKit/537.36 (KHTML, like Gecko) Chrome/151.0.7922.173 Mobile Safari/537.36 (compatible; GoogleOther)"
