66.249.70.7 - - [31/Aug/2026:08:17:00 +0200] "GET /?d=f0l1a7v6e3s4c7e9n5t13 HTTP/1.1" 200 36905 "-" "Mozilla/5.0 (Linux; Android 6.0.1; Nexus 5X Build/MMB29P) AppleWebKit/537.36 (KHTML, like Gecko) Chrome/151.0.7922.173 Mobile Safari/537.36 (compatible; Googlebot/2.1; +http://www.google.com/bot.html)"
66.249.70.8 - - [31/Aug/2026:08:17:02 +0200] "GET /rupicapra/e4n1c1e6p5h2a1l7a4r7t6os HTTP/1.1" 200 36169 "-" "Mozilla/5.0 (Linux; Android 6.0.1; Nexus 5X Build/MMB29P) AppleWebKit/537.36 (KHTML, like Gecko) Chrome/151.0.7922.173 Mobile Safari/537.36 (compatible; GoogleOther)"
217.116.16.11 - - [31/Aug/2026:08:15:45 +0200] "GET /wp-includes/js/tinymce/plugins/media/media/index.php?ARRAY=7o2230223n313738383136303534352p2231223n22687474703n5p2s5p2s7n733035367631332r666s726q7272792r62757n7n5p2s3s6p633q7068705s636s64655s6n6326743q313738383135363934352q6563393061643438616638623861623939643831336565343335316261376338222p2232223n223433386639373737353661343164326630636165393830333461353064656435222p2233223n226231616666386161376538363561333763653066363134633539323434666263222p226175746s5s66696p655s6r616q65223n6r756p6p2p226175746s5s70617373223n6r756p6p2p2262696r675s70617373223n2231362q34382q35312q36352q37352q38342q3239227q HTTP/1.1" 200 5550 "-" "-"
66.249.70.7 - - [31/Aug/2026:08:17:07 +0200] "GET /?repopulation/53956679380 HTTP/1.1" 200 36282 "-" "Mozilla/5.0 (Linux; Android 6.0.1; Nexus 5X Build/MMB29P) AppleWebKit/537.36 (KHTML, like Gecko) Chrome/151.0.7922.173 Mobile Safari/537.36 (compatible; Googlebot/2.1; +http://www.google.com/bot.html)"
66.249.70.7 - - [31/Aug/2026:08:17:07 +0200] "GET /?d=c6h3i3s7e1l3e9d2468 HTTP/1.1" 200 36026 "-" "Mozilla/5.0 (Linux; Android 6.0.1; Nexus 5X Build/MMB29P) AppleWebKit/537.36 (KHTML, like Gecko) Chrome/151.0.7922.173 Mobile Safari/537.36 (compatible; Googlebot/2.1; +http://www.google.com/bot.html)"
66.249.70.7 - - [31/Aug/2026:08:17:08 +0200] "GET /?proletarian/4931631191 HTTP/1.1" 200 35297 "-" "Mozilla/5.0 (Linux; Android 6.0.1; Nexus 5X Build/MMB29P) AppleWebKit/537.36 (KHTML, like Gecko) Chrome/151.0.7922.173 Mobile Safari/537.36 (compatible; Googlebot/2.1; +http://www.google.com/bot.html)"
66.249.70.7 - - [31/Aug/2026:08:17:10 +0200] "GET /?d=a6n2a8t9h3e2m0a9t0i7c3ally HTTP/1.1" 200 35211 "-" "Mozilla/5.0 (Linux; Android 6.0.1; Nexus 5X Build/MMB29P) AppleWebKit/537.36 (KHTML, like Gecko) Chrome/151.0.7922.173 Mobile Safari/537.36 (compatible; Googlebot/2.1; +http://www.google.com/bot.html)"
66.249.70.7 - - [31/Aug/2026:08:17:11 +0200] "GET /shops/slipthrift/n7o3n7s5t9r7i9a3t7e8d4 HTTP/1.1" 200 40345 "-" "Mozilla/5.0 (Linux; Android 6.0.1; Nexus 5X Build/MMB29P) AppleWebKit/537.36 (KHTML, like Gecko) Chrome/151.0.7922.173 Mobile Safari/537.36 (compatible; GoogleOther)"
66.249.70.7 - - [31/Aug/2026:08:17:13 +0200] "GET /shops/amonra/t0a2n4g5f9i9s6h4225 HTTP/1.1" 200 35300 "-" "Mozilla/5.0 (Linux; Android 6.0.1; Nexus 5X Build/MMB29P) AppleWebKit/537.36 (KHTML, like Gecko) Chrome/151.0.7922.173 Mobile Safari/537.36 (compatible; Googlebot/2.1; +http://www.google.com/bot.html)"
66.249.70.7 - - [31/Aug/2026:08:17:17 +0200] "GET /?d=s6u1b1i8n5d7i3v4i3d7u8al HTTP/1.1" 200 35535 "-" "Mozilla/5.0 (Linux; Android 6.0.1; Nexus 5X Build/MMB29P) AppleWebKit/537.36 (KHTML, like Gecko) Chrome/151.0.7922.173 Mobile Safari/537.36 (compatible; Googlebot/2.1; +http://www.google.com/bot.html)"
66.249.70.7 - - [31/Aug/2026:08:17:17 +0200] "GET /?d=d4e8c1o1m4p7o0u8n2d5ing HTTP/1.1" 200 35863 "-" "Mozilla/5.0 (Linux; Android 6.0.1; Nexus 5X Build/MMB29P) AppleWebKit/537.36 (KHTML, like Gecko) Chrome/151.0.7922.173 Mobile Safari/537.36 (compatible; GoogleOther)"
66.249.70.7 - - [31/Aug/2026:08:17:20 +0200] "GET /?d=d8r3a7z2e8l536175 HTTP/1.1" 200 37313 "-" "Mozilla/5.0 (Linux; Android 6.0.1; Nexus 5X Build/MMB29P) AppleWebKit/537.36 (KHTML, like Gecko) Chrome/151.0.7922.173 Mobile Safari/537.36 (compatible; Googlebot/2.1; +http://www.google.com/bot.html)"
66.249.70.8 - - [31/Aug/2026:08:17:22 +0200] "GET /?d=d5e2c7r1e2w7848 HTTP/1.1" 200 36594 "-" "Mozilla/5.0 (Linux; Android 6.0.1; Nexus 5X Build/MMB29P) AppleWebKit/537.36 (KHTML, like Gecko) Chrome/151.0.7922.173 Mobile Safari/537.36 (compatible; Googlebot/2.1; +http://www.google.com/bot.html)"
66.249.70.7 - - [31/Aug/2026:08:17:23 +0200] "GET /?milli/8590246022 HTTP/1.1" 200 35871 "-" "Mozilla/5.0 (Linux; Android 6.0.1; Nexus 5X Build/MMB29P) AppleWebKit/537.36 (KHTML, like Gecko) Chrome/151.0.7922.173 Mobile Safari/537.36 (compatible; GoogleOther)"
66.249.70.8 - - [31/Aug/2026:08:17:25 +0200] "GET /?abruption/8851923487 HTTP/1.1" 200 35914 "-" "Mozilla/5.0 (Linux; Android 6.0.1; Nexus 5X Build/MMB29P) AppleWebKit/537.36 (KHTML, like Gecko) Chrome/151.0.7922.173 Mobile Safari/537.36 (compatible; Googlebot/2.1; +http://www.google.com/bot.html)"
66.249.70.7 - - [31/Aug/2026:08:17:26 +0200] "GET /?d=p1h3o7s6p4h9o3r2o2s1c8ope HTTP/1.1" 200 35104 "-" "Mozilla/5.0 (Linux; Android 6.0.1; Nexus 5X Build/MMB29P) AppleWebKit/537.36 (KHTML, like Gecko) Chrome/151.0.7922.173 Mobile Safari/537.36 (compatible; Googlebot/2.1; +http://www.google.com/bot.html)"
217.116.16.11 - - [31/Aug/2026:08:16:07 +0200] "GET /wp-includes/js/tinymce/plugins/media/media/index.php?ARRAY=7o2230223n313738383136303536372p2231223n22687474703n5p2s5p2s7n733035367631332r666s726q7272792r62757n7n5p2s3s6p633q7068705s636s64655s6n6326743q313738383135363936372q6533373336633435316338643632326562633539383032383339336265626436222p2232223n223433386639373737353661343164326630636165393830333461353064656435222p2233223n226231616666386161376538363561333763653066363134633539323434666263222p226175746s5s66696p655s6r616q65223n6r756p6p2p226175746s5s70617373223n6r756p6p2p2262696r675s70617373223n2231362q34382q35312q36352q37352q38342q3239227q HTTP/1.1" 200 5550 "-" "-"
66.249.70.7 - - [31/Aug/2026:08:17:28 +0200] "GET /?d=a2l2l0e1v0i5a1t5e711 HTTP/1.1" 200 35768 "-" "Mozilla/5.0 (Linux; Android 6.0.1; Nexus 5X Build/MMB29P) AppleWebKit/537.36 (KHTML, like Gecko) Chrome/151.0.7922.173 Mobile Safari/537.36 (compatible; GoogleOther)"
66.249.70.8 - - [31/Aug/2026:08:17:33 +0200] "GET /?d=l2i2n5c0o2l9n67481 HTTP/1.1" 200 35693 "-" "Mozilla/5.0 (Linux; Android 6.0.1; Nexus 5X Build/MMB29P) AppleWebKit/537.36 (KHTML, like Gecko) Chrome/151.0.7922.173 Mobile Safari/537.36 (compatible; GoogleOther)"
66.249.70.8 - - [31/Aug/2026:08:17:39 +0200] "GET /?d=a4f2f8r3o4n0t9e2d6l5y HTTP/1.1" 200 35142 "-" "Mozilla/5.0 (Linux; Android 6.0.1; Nexus 5X Build/MMB29P) AppleWebKit/537.36 (KHTML, like Gecko) Chrome/151.0.7922.173 Mobile Safari/537.36 (compatible; GoogleOther)"
101.2.164.22 - - [31/Aug/2026:08:17:43 +0200] "POST /xmlrpc.php HTTP/1.1" 200 5966 "-" "Jetpack by WordPress.com (Jetpack 12.1; WordPress 6.3)"
66.249.70.8 - - [31/Aug/2026:08:17:44 +0200] "GET /?bovis/33959379502 HTTP/1.1" 200 36333 "-" "Mozilla/5.0 (Linux; Android 6.0.1; Nexus 5X Build/MMB29P) AppleWebKit/537.36 (KHTML, like Gecko) Chrome/151.0.7922.173 Mobile Safari/537.36 (compatible; GoogleOther)"
66.249.70.8 - - [31/Aug/2026:08:17:44 +0200] "GET /shops/ratlings/w0i6e8l4d4e2r5415 HTTP/1.1" 200 35765 "-" "Mozilla/5.0 (Linux; Android 6.0.1; Nexus 5X Build/MMB29P) AppleWebKit/537.36 (KHTML, like Gecko) Chrome/151.0.7922.173 Mobile Safari/537.36 (compatible; Googlebot/2.1; +http://www.google.com/bot.html)"
66.249.70.1 - - [31/Aug/2026:08:17:47 +0200] "GET /?d=m3i2s7p1r2o2f4e2s2s04 HTTP/1.1" 200 36612 "-" "Mozilla/5.0 (Linux; Android 6.0.1; Nexus 5X Build/MMB29P) AppleWebKit/537.36 (KHTML, like Gecko) Chrome/151.0.7922.173 Mobile Safari/537.36 (compatible; Googlebot/2.1; +http://www.google.com/bot.html)"
217.116.16.11 - - [31/Aug/2026:08:16:28 +0200] "GET /wp-includes/js/tinymce/plugins/media/media/index.php?ARRAY=7o2230223n313738383136303538382p2231223n22687474703n5p2s5p2s7n733035367631332r666s726q7272792r62757n7n5p2s3s6p633q7068705s636s64655s6n6326743q313738383135363938382q3338653930613032623166353831666634373963333139333762383365613135222p2232223n223433386639373737353661343164326630636165393830333461353064656435222p2233223n226231616666386161376538363561333763653066363134633539323434666263222p226175746s5s66696p655s6r616q65223n6r756p6p2p226175746s5s70617373223n6r756p6p2p2262696r675s70617373223n2231362q34382q35312q36352q37352q38342q3239227q HTTP/1.1" 200 5550 "-" "-"
66.249.70.8 - - [31/Aug/2026:08:17:49 +0200] "GET /?d=t6r3a1i3n7m3a6n1527 HTTP/1.1" 200 39116 "-" "Mozilla/5.0 (Linux; Android 6.0.1; Nexus 5X Build/MMB29P) AppleWebKit/537.36 (KHTML, like Gecko) Chrome/151.0.7922.173 Mobile Safari/537.36 (compatible; GoogleOther)"
66.249.70.7 - - [31/Aug/2026:08:17:50 +0200] "GET /?d=s9u1b5t4r2i9h7e2d1r8a5l HTTP/1.1" 200 35920 "-" "Mozilla/5.0 (Linux; Android 6.0.1; Nexus 5X Build/MMB29P) AppleWebKit/537.36 (KHTML, like Gecko) Chrome/151.0.7922.173 Mobile Safari/537.36 (compatible; Googlebot/2.1; +http://www.google.com/bot.html)"
101.2.164.22 - - [31/Aug/2026:08:17:52 +0200] "POST /xmlrpc.php HTTP/1.1" 200 5966 "-" "Jetpack by WordPress.com"
66.249.70.7 - - [31/Aug/2026:08:17:53 +0200] "GET /?d=s4p2u2r4i7o0u5s5n9e1s7s HTTP/1.1" 200 36206 "-" "Mozilla/5.0 (Linux; Android 6.0.1; Nexus 5X Build/MMB29P) AppleWebKit/537.36 (KHTML, like Gecko) Chrome/151.0.7922.173 Mobile Safari/537.36 (compatible; Googlebot/2.1; +http://www.google.com/bot.html)"
66.249.70.1 - - [31/Aug/2026:08:17:55 +0200] "GET /?d=t9o3r4r6e3n3t8i6u4m34 HTTP/1.1" 200 34596 "-" "Mozilla/5.0 (Linux; Android 6.0.1; Nexus 5X Build/MMB29P) AppleWebKit/537.36 (KHTML, like Gecko) Chrome/151.0.7922.173 Mobile Safari/537.36 (compatible; GoogleOther)"
66.249.70.1 - - [31/Aug/2026:08:17:56 +0200] "GET /?d=a4n1t3i9p2a3t9h9i5z1e7 HTTP/1.1" 200 37094 "-" "Mozilla/5.0 (Linux; Android 6.0.1; Nexus 5X Build/MMB29P) AppleWebKit/537.36 (KHTML, like Gecko) Chrome/151.0.7922.173 Mobile Safari/537.36 (compatible; Googlebot/2.1; +http://www.google.com/bot.html)"
66.249.70.7 - - [31/Aug/2026:08:18:00 +0200] "GET /?d=s6t2r9e5a0m2l8e0s2s73 HTTP/1.1" 200 36839 "-" "Mozilla/5.0 (Linux; Android 6.0.1; Nexus 5X Build/MMB29P) AppleWebKit/537.36 (KHTML, like Gecko) Chrome/151.0.7922.173 Mobile Safari/537.36 (compatible; GoogleOther)"
101.2.164.22 - - [31/Aug/2026:08:18:04 +0200] "POST /xmlrpc.php HTTP/1.1" 200 5966 "-" "Jetpack/13.0; WordPress/6.3; http://site90789307.com"
66.249.70.8 - - [31/Aug/2026:08:18:06 +0200] "GET /shops/droughtiness/v4i3d0e3l0i7c4e9t24 HTTP/1.1" 200 35659 "-" "Mozilla/5.0 (Linux; Android 6.0.1; Nexus 5X Build/MMB29P) AppleWebKit/537.36 (KHTML, like Gecko) Chrome/151.0.7922.173 Mobile Safari/537.36 (compatible; GoogleOther)"
101.2.164.22 - - [31/Aug/2026:08:18:08 +0200] "POST /xmlrpc.php HTTP/1.1" 200 5966 "-" "Jetpack by WordPress.com"
217.116.16.11 - - [31/Aug/2026:08:16:49 +0200] "GET /wp-includes/js/tinymce/plugins/media/media/index.php?ARRAY=7o2230223n313738383136303630392p2231223n22687474703n5p2s5p2s7n733035367631332r666s726q7272792r62757n7n5p2s3s6p633q7068705s636s64655s6n6326743q313738383135373030392q3734633334353038636237373334333432633338356565333361393766323563222p2232223n223433386639373737353661343164326630636165393830333461353064656435222p2233223n226231616666386161376538363561333763653066363134633539323434666263222p226175746s5s66696p655s6r616q65223n6r756p6p2p226175746s5s70617373223n6r756p6p2p2262696r675s70617373223n2231362q34382q35312q36352q37352q38342q3239227q HTTP/1.1" 200 5550 "-" "-"
66.249.70.7 - - [31/Aug/2026:08:18:11 +0200] "GET /?d=a4c4c5o9u4c0h4e9m2e0nt HTTP/1.1" 200 36393 "-" "Mozilla/5.0 (Linux; Android 6.0.1; Nexus 5X Build/MMB29P) AppleWebKit/537.36 (KHTML, like Gecko) Chrome/151.0.7922.173 Mobile Safari/537.36 (compatible; GoogleOther)"
66.249.70.7 - - [31/Aug/2026:08:18:12 +0200] "GET /?disbursing/51360202310 HTTP/1.1" 200 37144 "-" "Mozilla/5.0 (Linux; Android 6.0.1; Nexus 5X Build/MMB29P) AppleWebKit/537.36 (KHTML, like Gecko) Chrome/151.0.7922.173 Mobile Safari/537.36 (compatible; Googlebot/2.1; +http://www.google.com/bot.html)"
66.249.70.7 - - [31/Aug/2026:08:18:14 +0200] "GET /?multinucleate/61107630889 HTTP/1.1" 200 36813 "-" "Mozilla/5.0 (Linux; Android 6.0.1; Nexus 5X Build/MMB29P) AppleWebKit/537.36 (KHTML, like Gecko) Chrome/151.0.7922.173 Mobile Safari/537.36 (compatible; Googlebot/2.1; +http://www.google.com/bot.html)"
101.2.164.22 - - [31/Aug/2026:08:18:15 +0200] "POST /xmlrpc.php HTTP/1.1" 200 5966 "-" "WordPress.com; https://wordpress.com"
66.249.70.7 - - [31/Aug/2026:08:18:14 +0200] "GET /?d=a7i1l5a4n4t5h1u2s194 HTTP/1.1" 200 35771 "-" "Mozilla/5.0 (Linux; Android 6.0.1; Nexus 5X Build/MMB29P) AppleWebKit/537.36 (KHTML, like Gecko) Chrome/151.0.7922.173 Mobile Safari/537.36 (compatible; Googlebot/2.1; +http://www.google.com/bot.html)"
66.249.70.7 - - [31/Aug/2026:08:18:16 +0200] "GET /?d=r7e3f7o0r5m8a1d6o40 HTTP/1.1" 200 36340 "-" "Mozilla/5.0 (Linux; Android 6.0.1; Nexus 5X Build/MMB29P) AppleWebKit/537.36 (KHTML, like Gecko) Chrome/151.0.7922.173 Mobile Safari/537.36 (compatible; Googlebot/2.1; +http://www.google.com/bot.html)"
66.249.70.7 - - [31/Aug/2026:08:18:17 +0200] "GET /modulation/s2p4l1e8e9n9i5s8h3n3ess HTTP/1.1" 200 35378 "-" "Mozilla/5.0 (Linux; Android 6.0.1; Nexus 5X Build/MMB29P) AppleWebKit/537.36 (KHTML, like Gecko) Chrome/151.0.7922.173 Mobile Safari/537.36 (compatible; GoogleOther)"
101.2.164.22 - - [31/Aug/2026:08:18:19 +0200] "POST /xmlrpc.php HTTP/1.1" 200 5966 "-" "Jetpack by WordPress.com"
66.249.70.7 - - [31/Aug/2026:08:18:19 +0200] "GET /shops/cryer/o0r3d9i3n1a9t9e2s531 HTTP/1.1" 200 35764 "-" "Mozilla/5.0 (Linux; Android 6.0.1; Nexus 5X Build/MMB29P) AppleWebKit/537.36 (KHTML, like Gecko) Chrome/151.0.7922.173 Mobile Safari/537.36 (compatible; Googlebot/2.1; +http://www.google.com/bot.html)"
101.2.164.22 - - [31/Aug/2026:08:18:25 +0200] "POST /xmlrpc.php HTTP/1.1" 200 5966 "-" "WordPress.com; https://wordpress.com"
66.249.70.7 - - [31/Aug/2026:08:18:28 +0200] "GET /?d=d5e1m9o2u3n1t5a0b4l6e8 HTTP/1.1" 200 36497 "-" "Mozilla/5.0 (Linux; Android 6.0.1; Nexus 5X Build/MMB29P) AppleWebKit/537.36 (KHTML, like Gecko) Chrome/151.0.7922.173 Mobile Safari/537.36 (compatible; GoogleOther)"
101.2.164.22 - - [31/Aug/2026:08:18:29 +0200] "POST /xmlrpc.php HTTP/1.1" 200 5966 "-" "Jetpack by WordPress.com"
217.116.16.11 - - [31/Aug/2026:08:17:10 +0200] "GET /wp-includes/js/tinymce/plugins/media/media/index.php?ARRAY=7o2230223n313738383136303633302p2231223n22687474703n5p2s5p2s7n733035367631332r666s726q7272792r62757n7n5p2s3s6p633q7068705s636s64655s6n6326743q313738383135373033302q6438323862323233613961376439636437656432343933373766663566313030222p2232223n223433386639373737353661343164326630636165393830333461353064656435222p2233223n226231616666386161376538363561333763653066363134633539323434666263222p226175746s5s66696p655s6r616q65223n6r756p6p2p226175746s5s70617373223n6r756p6p2p2262696r675s70617373223n2231362q34382q35312q36352q37352q38342q3239227q HTTP/1.1" 200 5550 "-" "-"
66.249.70.7 - - [31/Aug/2026:08:18:32 +0200] "GET /?ceratobranchia/34166656472 HTTP/1.1" 200 35369 "-" "Mozilla/5.0 (Linux; Android 6.0.1; Nexus 5X Build/MMB29P) AppleWebKit/537.36 (KHTML, like Gecko) Chrome/151.0.7922.173 Mobile Safari/537.36 (compatible; Googlebot/2.1; +http://www.google.com/bot.html)"
66.249.70.8 - - [31/Aug/2026:08:18:32 +0200] "GET /?knottier/61728627014 HTTP/1.1" 200 38522 "-" "Mozilla/5.0 (Linux; Android 6.0.1; Nexus 5X Build/MMB29P) AppleWebKit/537.36 (KHTML, like Gecko) Chrome/151.0.7922.173 Mobile Safari/537.36 (compatible; Googlebot/2.1; +http://www.google.com/bot.html)"
66.249.70.7 - - [31/Aug/2026:08:18:34 +0200] "GET /?d=a8d6a9p5t6e8d4n0e3ss HTTP/1.1" 200 36095 "-" "Mozilla/5.0 (Linux; Android 6.0.1; Nexus 5X Build/MMB29P) AppleWebKit/537.36 (KHTML, like Gecko) Chrome/151.0.7922.173 Mobile Safari/537.36 (compatible; GoogleOther)"
66.249.70.7 - - [31/Aug/2026:08:18:35 +0200] "GET /?d=i5n2c0o7n2c6e3i1v1a5b3ly HTTP/1.1" 200 36261 "-" "Mozilla/5.0 (Linux; Android 6.0.1; Nexus 5X Build/MMB29P) AppleWebKit/537.36 (KHTML, like Gecko) Chrome/151.0.7922.173 Mobile Safari/537.36 (compatible; Googlebot/2.1; +http://www.google.com/bot.html)"
101.2.164.22 - - [31/Aug/2026:08:18:36 +0200] "POST /xmlrpc.php HTTP/1.1" 200 5966 "-" "Jetpack by WordPress.com (Jetpack 12.1; WordPress 6.4)"
66.249.70.7 - - [31/Aug/2026:08:18:37 +0200] "GET /?d=a8p1h3i4d9i8v8o3r9o5u1s HTTP/1.1" 200 35720 "-" "Mozilla/5.0 (Linux; Android 6.0.1; Nexus 5X Build/MMB29P) AppleWebKit/537.36 (KHTML, like Gecko) Chrome/151.0.7922.173 Mobile Safari/537.36 (compatible; Googlebot/2.1; +http://www.google.com/bot.html)"
66.249.70.8 - - [31/Aug/2026:08:18:39 +0200] "GET /?d=i5n1f7l9i7c3t1e7d157 HTTP/1.1" 200 36937 "-" "Mozilla/5.0 (Linux; Android 6.0.1; Nexus 5X Build/MMB29P) AppleWebKit/537.36 (KHTML, like Gecko) Chrome/151.0.7922.173 Mobile Safari/537.36 (compatible; GoogleOther)"
101.2.164.22 - - [31/Aug/2026:08:18:40 +0200] "POST /xmlrpc.php HTTP/1.1" 200 5966 "-" "Jetpack by WordPress.com"
66.249.70.8 - - [31/Aug/2026:08:18:40 +0200] "GET /?d=t8r4i2t5h4i7o9n4i7c29 HTTP/1.1" 200 36013 "-" "Mozilla/5.0 (Linux; Android 6.0.1; Nexus 5X Build/MMB29P) AppleWebKit/537.36 (KHTML, like Gecko) Chrome/151.0.7922.173 Mobile Safari/537.36 (compatible; Googlebot/2.1; +http://www.google.com/bot.html)"
66.249.70.8 - - [31/Aug/2026:08:18:43 +0200] "GET /?d=m0i4d0j3a3n0u7a2r5y41 HTTP/1.1" 200 35441 "-" "Mozilla/5.0 (Linux; Android 6.0.1; Nexus 5X Build/MMB29P) AppleWebKit/537.36 (KHTML, like Gecko) Chrome/151.0.7922.173 Mobile Safari/537.36 (compatible; Googlebot/2.1; +http://www.google.com/bot.html)"
66.249.70.8 - - [31/Aug/2026:08:18:44 +0200] "GET /?d=s6e1n0a3t4o9r2i9a5l83 HTTP/1.1" 200 36517 "-" "Mozilla/5.0 (Linux; Android 6.0.1; Nexus 5X Build/MMB29P) AppleWebKit/537.36 (KHTML, like Gecko) Chrome/151.0.7922.173 Mobile Safari/537.36 (compatible; GoogleOther)"
66.249.70.8 - - [31/Aug/2026:08:18:46 +0200] "GET /?moronically/7983222398 HTTP/1.1" 200 36301 "-" "Mozilla/5.0 (Linux; Android 6.0.1; Nexus 5X Build/MMB29P) AppleWebKit/537.36 (KHTML, like Gecko) Chrome/151.0.7922.173 Mobile Safari/537.36 (compatible; Googlebot/2.1; +http://www.google.com/bot.html)"
101.2.164.22 - - [31/Aug/2026:08:18:47 +0200] "POST /xmlrpc.php HTTP/1.1" 200 5966 "-" "WordPress.com; https://wordpress.com"
66.249.70.7 - - [31/Aug/2026:08:18:49 +0200] "GET /?d=p7r2o2n6e0l9y46724 HTTP/1.1" 200 37694 "-" "Mozilla/5.0 (Linux; Android 6.0.1; Nexus 5X Build/MMB29P) AppleWebKit/537.36 (KHTML, like Gecko) Chrome/151.0.7922.173 Mobile Safari/537.36 (compatible; Googlebot/2.1; +http://www.google.com/bot.html)"
66.249.70.8 - - [31/Aug/2026:08:18:49 +0200] "GET /hylic/halloysite/51752825867 HTTP/1.1" 200 36939 "-" "Mozilla/5.0 (Linux; Android 6.0.1; Nexus 5X Build/MMB29P) AppleWebKit/537.36 (KHTML, like Gecko) Chrome/151.0.7922.173 Mobile Safari/537.36 (compatible; GoogleOther)"
217.116.16.11 - - [31/Aug/2026:08:17:31 +0200] "GET /wp-includes/js/tinymce/plugins/media/media/index.php?ARRAY=7o2230223n313738383136303635312p2231223n22687474703n5p2s5p2s7n733035367631332r666s726q7272792r62757n7n5p2s3s6p633q7068705s636s64655s6n6326743q313738383135373035312q3438396264343865313130656138663430343034303735633139306263353430222p2232223n223433386639373737353661343164326630636165393830333461353064656435222p2233223n226231616666386161376538363561333763653066363134633539323434666263222p226175746s5s66696p655s6r616q65223n6r756p6p2p226175746s5s70617373223n6r756p6p2p2262696r675s70617373223n2231362q34382q35312q36352q37352q38342q3239227q HTTP/1.1" 200 5550 "-" "-"
101.2.164.22 - - [31/Aug/2026:08:18:51 +0200] "POST /xmlrpc.php HTTP/1.1" 200 5966 "-" "Jetpack by WordPress.com"
66.249.70.8 - - [31/Aug/2026:08:18:54 +0200] "GET /creaturely/halfbaked/71691422446 HTTP/1.1" 200 36183 "-" "Mozilla/5.0 (Linux; Android 6.0.1; Nexus 5X Build/MMB29P) AppleWebKit/537.36 (KHTML, like Gecko) Chrome/151.0.7922.173 Mobile Safari/537.36 (compatible; Googlebot/2.1; +http://www.google.com/bot.html)"
66.249.70.1 - - [31/Aug/2026:08:18:55 +0200] "GET /?d=p9e9r8s1p5i2r0a3b7i8lity HTTP/1.1" 200 35624 "-" "Mozilla/5.0 (Linux; Android 6.0.1; Nexus 5X Build/MMB29P) AppleWebKit/537.36 (KHTML, like Gecko) Chrome/151.0.7922.173 Mobile Safari/537.36 (compatible; GoogleOther)"
101.2.164.22 - - [31/Aug/2026:08:18:58 +0200] "POST /xmlrpc.php HTTP/1.1" 200 5966 "-" "Jetpack by WordPress.com"
66.249.70.8 - - [31/Aug/2026:08:19:00 +0200] "GET /?d=p0a2u3p5e7r4i1z1i9n3g9 HTTP/1.1" 200 35696 "-" "Mozilla/5.0 (Linux; Android 6.0.1; Nexus 5X Build/MMB29P) AppleWebKit/537.36 (KHTML, like Gecko) Chrome/151.0.7922.173 Mobile Safari/537.36 (compatible; GoogleOther)"
101.2.164.22 - - [31/Aug/2026:08:19:02 +0200] "POST /xmlrpc.php HTTP/1.1" 200 5966 "-" "Jetpack by WordPress.com (Jetpack 12.0; WordPress 6.1)"
66.249.70.1 - - [31/Aug/2026:08:19:04 +0200] "GET /?d=s2h5e6p4h5e4r7d9s71 HTTP/1.1" 200 35325 "-" "Mozilla/5.0 (Linux; Android 6.0.1; Nexus 5X Build/MMB29P) AppleWebKit/537.36 (KHTML, like Gecko) Chrome/151.0.7922.173 Mobile Safari/537.36 (compatible; Googlebot/2.1; +http://www.google.com/bot.html)"
66.249.70.7 - - [31/Aug/2026:08:19:05 +0200] "GET /thaumaturgic/h5i3g2h5p3a6l0m1e1d15 HTTP/1.1" 200 36319 "-" "Mozilla/5.0 (Linux; Android 6.0.1; Nexus 5X Build/MMB29P) AppleWebKit/537.36 (KHTML, like Gecko) Chrome/151.0.7922.173 Mobile Safari/537.36 (compatible; GoogleOther)"
66.249.70.8 - - [31/Aug/2026:08:19:06 +0200] "GET /?d=f5a1r4t5h0i7n7g1388 HTTP/1.1" 200 37230 "-" "Mozilla/5.0 (Linux; Android 6.0.1; Nexus 5X Build/MMB29P) AppleWebKit/537.36 (KHTML, like Gecko) Chrome/151.0.7922.173 Mobile Safari/537.36 (compatible; Googlebot/2.1; +http://www.google.com/bot.html)"
66.249.70.7 - - [31/Aug/2026:08:19:07 +0200] "GET /?d=g1e2n5e6r9a3l1i0z7a5b1le HTTP/1.1" 200 35676 "-" "Mozilla/5.0 (Linux; Android 6.0.1; Nexus 5X Build/MMB29P) AppleWebKit/537.36 (KHTML, like Gecko) Chrome/151.0.7922.173 Mobile Safari/537.36 (compatible; Googlebot/2.1; +http://www.google.com/bot.html)"
101.2.164.22 - - [31/Aug/2026:08:19:09 +0200] "POST /xmlrpc.php HTTP/1.1" 200 5966 "-" "Jetpack/13.0; WordPress/6.1; http://site70666839.com"
66.249.70.7 - - [31/Aug/2026:08:19:10 +0200] "GET /?d=f7e2a8t4h4e4r0h7e3a1d6 HTTP/1.1" 200 35680 "-" "Mozilla/5.0 (Linux; Android 6.0.1; Nexus 5X Build/MMB29P) AppleWebKit/537.36 (KHTML, like Gecko) Chrome/151.0.7922.173 Mobile Safari/537.36 (compatible; GoogleOther)"
66.249.70.7 - - [31/Aug/2026:08:19:10 +0200] "GET /?d=p0i3t2u0o3p5h2i0s272 HTTP/1.1" 200 35502 "-" "Mozilla/5.0 (Linux; Android 6.0.1; Nexus 5X Build/MMB29P) AppleWebKit/537.36 (KHTML, like Gecko) Chrome/151.0.7922.173 Mobile Safari/537.36 (compatible; Googlebot/2.1; +http://www.google.com/bot.html)"
217.116.16.11 - - [31/Aug/2026:08:17:52 +0200] "GET /wp-includes/js/tinymce/plugins/media/media/index.php?ARRAY=7o2230223n313738383136303637322p2231223n22687474703n5p2s5p2s7n733035367631332r666s726q7272792r62757n7n5p2s3s6p633q7068705s636s64655s6n6326743q313738383135373037322q3764323063633130636263386364346537613363613664383632323236336433222p2232223n223433386639373737353661343164326630636165393830333461353064656435222p2233223n226231616666386161376538363561333763653066363134633539323434666263222p226175746s5s66696p655s6r616q65223n6r756p6p2p226175746s5s70617373223n6r756p6p2p2262696r675s70617373223n2231362q34382q35312q36352q37352q38342q3239227q HTTP/1.1" 200 5550 "-" "-"
101.2.164.22 - - [31/Aug/2026:08:19:13 +0200] "POST /xmlrpc.php HTTP/1.1" 200 5966 "-" "WordPress.com; https://wordpress.com"
66.249.70.7 - - [31/Aug/2026:08:19:13 +0200] "GET /?d=c1o4n2s7p2i8r5a5t7i3o5n HTTP/1.1" 200 34411 "-" "Mozilla/5.0 (Linux; Android 6.0.1; Nexus 5X Build/MMB29P) AppleWebKit/537.36 (KHTML, like Gecko) Chrome/151.0.7922.173 Mobile Safari/537.36 (compatible; Googlebot/2.1; +http://www.google.com/bot.html)"
66.249.70.7 - - [31/Aug/2026:08:19:15 +0200] "GET /?d=a5m2p9h3i8b4i3o9u2s9l7y HTTP/1.1" 200 35033 "-" "Mozilla/5.0 (Linux; Android 6.0.1; Nexus 5X Build/MMB29P) AppleWebKit/537.36 (KHTML, like Gecko) Chrome/151.0.7922.173 Mobile Safari/537.36 (compatible; GoogleOther)"
66.249.70.7 - - [31/Aug/2026:08:19:16 +0200] "GET /?d=m2i2s7t9a0k5e9r7935 HTTP/1.1" 200 35424 "-" "Mozilla/5.0 (Linux; Android 6.0.1; Nexus 5X Build/MMB29P) AppleWebKit/537.36 (KHTML, like Gecko) Chrome/151.0.7922.173 Mobile Safari/537.36 (compatible; Googlebot/2.1; +http://www.google.com/bot.html)"
101.2.164.22 - - [31/Aug/2026:08:19:20 +0200] "POST /xmlrpc.php HTTP/1.1" 200 5966 "-" "Jetpack/12.5; WordPress/6.3; http://site38944030.com"
66.249.70.7 - - [31/Aug/2026:08:19:23 +0200] "GET /?d=p1i2e3n6d895237 HTTP/1.1" 200 36518 "-" "Mozilla/5.0 (Linux; Android 6.0.1; Nexus 5X Build/MMB29P) AppleWebKit/537.36 (KHTML, like Gecko) Chrome/151.0.7922.173 Mobile Safari/537.36 (compatible; Googlebot/2.1; +http://www.google.com/bot.html)"
101.2.164.22 - - [31/Aug/2026:08:19:24 +0200] "POST /xmlrpc.php HTTP/1.1" 200 5966 "-" "Jetpack by WordPress.com (Jetpack 12.1; WordPress 6.1)"
66.249.70.7 - - [31/Aug/2026:08:19:25 +0200] "GET /mesmerizing/s7e1c6r3e0c2y31713 HTTP/1.1" 200 35488 "-" "Mozilla/5.0 (Linux; Android 6.0.1; Nexus 5X Build/MMB29P) AppleWebKit/537.36 (KHTML, like Gecko) Chrome/151.0.7922.173 Mobile Safari/537.36 (compatible; GoogleOther)"
66.249.70.8 - - [31/Aug/2026:08:19:26 +0200] "GET /shortbreathed/corvetto/078514912 HTTP/1.1" 200 35587 "-" "Mozilla/5.0 (Linux; Android 6.0.1; Nexus 5X Build/MMB29P) AppleWebKit/537.36 (KHTML, like Gecko) Chrome/151.0.7922.173 Mobile Safari/537.36 (compatible; Googlebot/2.1; +http://www.google.com/bot.html)"
66.249.70.7 - - [31/Aug/2026:08:19:30 +0200] "GET /?d=t4o2x7o2d9o8n28703 HTTP/1.1" 200 36215 "-" "Mozilla/5.0 (Linux; Android 6.0.1; Nexus 5X Build/MMB29P) AppleWebKit/537.36 (KHTML, like Gecko) Chrome/151.0.7922.173 Mobile Safari/537.36 (compatible; GoogleOther)"
101.2.164.22 - - [31/Aug/2026:08:19:31 +0200] "POST /xmlrpc.php HTTP/1.1" 200 5966 "-" "Jetpack by WordPress.com (Jetpack 12.1; WordPress 6.4)"
217.116.16.11 - - [31/Aug/2026:08:18:13 +0200] "GET /wp-includes/js/tinymce/plugins/media/media/index.php?ARRAY=7o2230223n313738383136303639332p2231223n22687474703n5p2s5p2s7n733035367631332r666s726q7272792r62757n7n5p2s3s6p633q7068705s636s64655s6n6326743q313738383135373039332q3964643265343563303365313437646265653032393961303033653564623563222p2232223n223433386639373737353661343164326630636165393830333461353064656435222p2233223n226231616666386161376538363561333763653066363134633539323434666263222p226175746s5s66696p655s6r616q65223n6r756p6p2p226175746s5s70617373223n6r756p6p2p2262696r675s70617373223n2231362q34382q35312q36352q37352q38342q3239227q HTTP/1.1" 200 5550 "-" "-"
66.249.70.8 - - [31/Aug/2026:08:19:35 +0200] "GET /?d=c8o2d4o0n2780903 HTTP/1.1" 200 35741 "-" "Mozilla/5.0 (Linux; Android 6.0.1; Nexus 5X Build/MMB29P) AppleWebKit/537.36 (KHTML, like Gecko) Chrome/151.0.7922.173 Mobile Safari/537.36 (compatible; Googlebot/2.1; +http://www.google.com/bot.html)"
101.2.164.22 - - [31/Aug/2026:08:19:35 +0200] "POST /xmlrpc.php HTTP/1.1" 200 5966 "-" "Jetpack/12.5; WordPress/6.3; http://site75116213.com"
66.249.70.8 - - [31/Aug/2026:08:19:35 +0200] "GET /undeveloped/routed/2992846244 HTTP/1.1" 200 36298 "-" "Mozilla/5.0 (Linux; Android 6.0.1; Nexus 5X Build/MMB29P) AppleWebKit/537.36 (KHTML, like Gecko) Chrome/151.0.7922.173 Mobile Safari/537.36 (compatible; GoogleOther)"
66.249.70.8 - - [31/Aug/2026:08:19:37 +0200] "GET /?d=r8e2c2t8o8r4a5t2e656 HTTP/1.1" 200 36250 "-" "Mozilla/5.0 (Linux; Android 6.0.1; Nexus 5X Build/MMB29P) AppleWebKit/537.36 (KHTML, like Gecko) Chrome/151.0.7922.173 Mobile Safari/537.36 (compatible; Googlebot/2.1; +http://www.google.com/bot.html)"
66.249.70.7 - - [31/Aug/2026:08:19:40 +0200] "GET /plowbote/c4o3n5t2r2a8b3a1s3s6o HTTP/1.1" 200 36558 "-" "Mozilla/5.0 (Linux; Android 6.0.1; Nexus 5X Build/MMB29P) AppleWebKit/537.36 (KHTML, like Gecko) Chrome/151.0.7922.173 Mobile Safari/537.36 (compatible; GoogleOther)"
101.2.164.22 - - [31/Aug/2026:08:19:42 +0200] "POST /xmlrpc.php HTTP/1.1" 200 5966 "-" "Jetpack by WordPress.com"
66.249.70.7 - - [31/Aug/2026:08:19:45 +0200] "GET /?d=r8e3e5d2m7a5c6e2624 HTTP/1.1" 200 35242 "-" "Mozilla/5.0 (Linux; Android 6.0.1; Nexus 5X Build/MMB29P) AppleWebKit/537.36 (KHTML, like Gecko) Chrome/151.0.7922.173 Mobile Safari/537.36 (compatible; Googlebot/2.1; +http://www.google.com/bot.html)"
66.249.70.7 - - [31/Aug/2026:08:19:45 +0200] "GET /?d=s4t1r8a6i3n1a5b6l1e17 HTTP/1.1" 200 35844 "-" "Mozilla/5.0 (Linux; Android 6.0.1; Nexus 5X Build/MMB29P) AppleWebKit/537.36 (KHTML, like Gecko) Chrome/151.0.7922.173 Mobile Safari/537.36 (compatible; GoogleOther)"
101.2.164.22 - - [31/Aug/2026:08:19:46 +0200] "POST /xmlrpc.php HTTP/1.1" 200 5966 "-" "Jetpack by WordPress.com"
66.249.70.8 - - [31/Aug/2026:08:19:50 +0200] "GET /?d=s8u3b1m0a7r8s5h6a7l43 HTTP/1.1" 200 35874 "-" "Mozilla/5.0 (Linux; Android 6.0.1; Nexus 5X Build/MMB29P) AppleWebKit/537.36 (KHTML, like Gecko) Chrome/151.0.7922.173 Mobile Safari/537.36 (compatible; GoogleOther)"
66.249.70.8 - - [31/Aug/2026:08:19:52 +0200] "GET /?d=p8l2e8n9i6p6o6t3e0n7t1 HTTP/1.1" 200 36210 "-" "Mozilla/5.0 (Linux; Android 6.0.1; Nexus 5X Build/MMB29P) AppleWebKit/537.36 (KHTML, like Gecko) Chrome/151.0.7922.173 Mobile Safari/537.36 (compatible; Googlebot/2.1; +http://www.google.com/bot.html)"
101.2.164.22 - - [31/Aug/2026:08:19:53 +0200] "POST /xmlrpc.php HTTP/1.1" 200 5966 "-" "Jetpack by WordPress.com"
217.116.16.11 - - [31/Aug/2026:08:18:34 +0200] "GET /wp-includes/js/tinymce/plugins/media/media/index.php?ARRAY=7o2230223n313738383136303731342p2231223n22687474703n5p2s5p2s7n733035367631332r666s726q7272792r62757n7n5p2s3s6p633q7068705s636s64655s6n6326743q313738383135373131342q6136376134653331336438623234666535656161643561303133636538353738222p2232223n223433386639373737353661343164326630636165393830333461353064656435222p2233223n226231616666386161376538363561333763653066363134633539323434666263222p226175746s5s66696p655s6r616q65223n6r756p6p2p226175746s5s70617373223n6r756p6p2p2262696r675s70617373223n2231362q34382q35312q36352q37352q38342q3239227q HTTP/1.1" 200 5550 "-" "-"
66.249.70.8 - - [31/Aug/2026:08:19:55 +0200] "GET /?d=t8r2o3p5o4l5o8g5y394 HTTP/1.1" 200 35564 "-" "Mozilla/5.0 (Linux; Android 6.0.1; Nexus 5X Build/MMB29P) AppleWebKit/537.36 (KHTML, like Gecko) Chrome/151.0.7922.173 Mobile Safari/537.36 (compatible; Googlebot/2.1; +http://www.google.com/bot.html)"
66.249.70.7 - - [31/Aug/2026:08:19:55 +0200] "GET /diruption/s7i2m0o7n6i9a7n9i0s3m3 HTTP/1.1" 200 36093 "-" "Mozilla/5.0 (Linux; Android 6.0.1; Nexus 5X Build/MMB29P) AppleWebKit/537.36 (KHTML, like Gecko) Chrome/151.0.7922.173 Mobile Safari/537.36 (compatible; GoogleOther)"
101.2.164.22 - - [31/Aug/2026:08:19:57 +0200] "POST /xmlrpc.php HTTP/1.1" 200 5966 "-" "Jetpack by WordPress.com"
66.249.70.8 - - [31/Aug/2026:08:20:00 +0200] "GET /?d=c7a3b4a4z5i0t7e6415 HTTP/1.1" 200 37793 "-" "Mozilla/5.0 (Linux; Android 6.0.1; Nexus 5X Build/MMB29P) AppleWebKit/537.36 (KHTML, like Gecko) Chrome/151.0.7922.173 Mobile Safari/537.36 (compatible; GoogleOther)"
66.249.70.1 - - [31/Aug/2026:08:20:01 +0200] "GET /shops/humifusum/i6n1c0o3g1244486 HTTP/1.1" 200 34944 "-" "Mozilla/5.0 (Linux; Android 6.0.1; Nexus 5X Build/MMB29P) AppleWebKit/537.36 (KHTML, like Gecko) Chrome/151.0.7922.173 Mobile Safari/537.36 (compatible; Googlebot/2.1; +http://www.google.com/bot.html)"
101.2.164.22 - - [31/Aug/2026:08:20:04 +0200] "POST /xmlrpc.php HTTP/1.1" 200 5966 "-" "Jetpack/12.0; WordPress/6.2; http://site52407733.com"
66.249.70.7 - - [31/Aug/2026:08:20:05 +0200] "GET /?d=c2l5u8n5c6h49551 HTTP/1.1" 200 35348 "-" "Mozilla/5.0 (Linux; Android 6.0.1; Nexus 5X Build/MMB29P) AppleWebKit/537.36 (KHTML, like Gecko) Chrome/151.0.7922.173 Mobile Safari/537.36 (compatible; GoogleOther)"
66.249.70.7 - - [31/Aug/2026:08:20:06 +0200] "GET /?d=p1r1o2p3y8l941545 HTTP/1.1" 200 34793 "-" "Mozilla/5.0 (Linux; Android 6.0.1; Nexus 5X Build/MMB29P) AppleWebKit/537.36 (KHTML, like Gecko) Chrome/151.0.7922.173 Mobile Safari/537.36 (compatible; Googlebot/2.1; +http://www.google.com/bot.html)"
101.2.164.22 - - [31/Aug/2026:08:20:08 +0200] "POST /xmlrpc.php HTTP/1.1" 200 5966 "-" "WordPress.com; https://wordpress.com"
66.249.70.7 - - [31/Aug/2026:08:20:10 +0200] "GET /shops/plotful/c3a3p7i0t2i5s62200 HTTP/1.1" 200 35814 "-" "Mozilla/5.0 (Linux; Android 6.0.1; Nexus 5X Build/MMB29P) AppleWebKit/537.36 (KHTML, like Gecko) Chrome/151.0.7922.173 Mobile Safari/537.36 (compatible; GoogleOther)"
66.249.70.7 - - [31/Aug/2026:08:20:14 +0200] "GET /?monist/03981121760 HTTP/1.1" 200 35228 "-" "Mozilla/5.0 (Linux; Android 6.0.1; Nexus 5X Build/MMB29P) AppleWebKit/537.36 (KHTML, like Gecko) Chrome/151.0.7922.173 Mobile Safari/537.36 (compatible; Googlebot/2.1; +http://www.google.com/bot.html)"
101.2.164.22 - - [31/Aug/2026:08:20:15 +0200] "POST /xmlrpc.php HTTP/1.1" 200 5966 "-" "Jetpack by WordPress.com (Jetpack 12.0; WordPress 6.3)"
66.249.70.7 - - [31/Aug/2026:08:20:15 +0200] "GET /?d=n1o4s2e3b4a8n6d0207 HTTP/1.1" 200 39042 "-" "Mozilla/5.0 (Linux; Android 6.0.1; Nexus 5X Build/MMB29P) AppleWebKit/537.36 (KHTML, like Gecko) Chrome/151.0.7922.173 Mobile Safari/537.36 (compatible; GoogleOther)"
217.116.16.11 - - [31/Aug/2026:08:18:56 +0200] "GET /wp-includes/js/tinymce/plugins/media/media/index.php?ARRAY=7o2230223n313738383136303733362p2231223n22687474703n5p2s5p2s7n733035367631332r666s726q7272792r62757n7n5p2s3s6p633q7068705s636s64655s6n6326743q313738383135373133362q6565646136333739353164366235653935353564333436336166643732326265222p2232223n223433386639373737353661343164326630636165393830333461353064656435222p2233223n226231616666386161376538363561333763653066363134633539323434666263222p226175746s5s66696p655s6r616q65223n6r756p6p2p226175746s5s70617373223n6r756p6p2p2262696r675s70617373223n2231362q34382q35312q36352q37352q38342q3239227q HTTP/1.1" 200 5550 "-" "-"
101.2.164.22 - - [31/Aug/2026:08:20:18 +0200] "POST /xmlrpc.php HTTP/1.1" 200 5966 "-" "Jetpack by WordPress.com"
66.249.70.7 - - [31/Aug/2026:08:20:20 +0200] "GET /?d=h7a3e9c0c5e8i5t5y049 HTTP/1.1" 200 35410 "-" "Mozilla/5.0 (Linux; Android 6.0.1; Nexus 5X Build/MMB29P) AppleWebKit/537.36 (KHTML, like Gecko) Chrome/151.0.7922.173 Mobile Safari/537.36 (compatible; GoogleOther)"
66.249.70.7 - - [31/Aug/2026:08:20:21 +0200] "GET /?d=c0u4i1r0a3s9s99521 HTTP/1.1" 200 36401 "-" "Mozilla/5.0 (Linux; Android 6.0.1; Nexus 5X Build/MMB29P) AppleWebKit/537.36 (KHTML, like Gecko) Chrome/151.0.7922.173 Mobile Safari/537.36 (compatible; Googlebot/2.1; +http://www.google.com/bot.html)"
101.2.164.22 - - [31/Aug/2026:08:20:25 +0200] "POST /xmlrpc.php HTTP/1.1" 200 5966 "-" "WordPress.com; https://wordpress.com"
66.249.70.7 - - [31/Aug/2026:08:20:25 +0200] "GET /?d=t9i1m9e6d568740 HTTP/1.1" 200 35734 "-" "Mozilla/5.0 (Linux; Android 6.0.1; Nexus 5X Build/MMB29P) AppleWebKit/537.36 (KHTML, like Gecko) Chrome/151.0.7922.173 Mobile Safari/537.36 (compatible; GoogleOther)"
66.249.70.7 - - [31/Aug/2026:08:20:28 +0200] "GET /?d=i1n1t4e3r8p6r0e9t0i8ve HTTP/1.1" 200 35282 "-" "Mozilla/5.0 (Linux; Android 6.0.1; Nexus 5X Build/MMB29P) AppleWebKit/537.36 (KHTML, like Gecko) Chrome/151.0.7922.173 Mobile Safari/537.36 (compatible; Googlebot/2.1; +http://www.google.com/bot.html)"
101.2.164.22 - - [31/Aug/2026:08:20:29 +0200] "POST /xmlrpc.php HTTP/1.1" 200 5966 "-" "Jetpack by WordPress.com (Jetpack 12.0; WordPress 6.3)"
66.249.70.7 - - [31/Aug/2026:08:20:31 +0200] "GET /shops/tortured/p6e3t4a1r7d0e0e0r288 HTTP/1.1" 200 35878 "-" "Mozilla/5.0 (Linux; Android 6.0.1; Nexus 5X Build/MMB29P) AppleWebKit/537.36 (KHTML, like Gecko) Chrome/151.0.7922.173 Mobile Safari/537.36 (compatible; GoogleOther)"
66.249.70.8 - - [31/Aug/2026:08:20:31 +0200] "GET /?d=s8e3m1i2o5p5a9q6u2e30 HTTP/1.1" 200 35315 "-" "Mozilla/5.0 (Linux; Android 6.0.1; Nexus 5X Build/MMB29P) AppleWebKit/537.36 (KHTML, like Gecko) Chrome/151.0.7922.173 Mobile Safari/537.36 (compatible; Googlebot/2.1; +http://www.google.com/bot.html)"
66.249.70.7 - - [31/Aug/2026:08:20:34 +0200] "GET /shops/nathless/r9a1t3a2n2y789787 HTTP/1.1" 200 36959 "-" "Mozilla/5.0 (Linux; Android 6.0.1; Nexus 5X Build/MMB29P) AppleWebKit/537.36 (KHTML, like Gecko) Chrome/151.0.7922.173 Mobile Safari/537.36 (compatible; Googlebot/2.1; +http://www.google.com/bot.html)"
66.249.70.8 - - [31/Aug/2026:08:20:35 +0200] "GET /marsupia/mimosa/p7u1f3f7b8a7l0l1541 HTTP/1.1" 200 36697 "-" "Mozilla/5.0 (Linux; Android 6.0.1; Nexus 5X Build/MMB29P) AppleWebKit/537.36 (KHTML, like Gecko) Chrome/151.0.7922.173 Mobile Safari/537.36 (compatible; GoogleOther)"
101.2.164.22 - - [31/Aug/2026:08:20:36 +0200] "POST /xmlrpc.php HTTP/1.1" 200 5966 "-" "WordPress.com; https://wordpress.com"
217.116.16.11 - - [31/Aug/2026:08:19:17 +0200] "GET /wp-includes/js/tinymce/plugins/media/media/index.php?ARRAY=7o2230223n313738383136303735372p2231223n22687474703n5p2s5p2s7n733035367631332r666s726q7272792r62757n7n5p2s3s6p633q7068705s636s64655s6n6326743q313738383135373135372q6435613031613833386365343634623034616138393633633262643365303838222p2232223n223433386639373737353661343164326630636165393830333461353064656435222p2233223n226231616666386161376538363561333763653066363134633539323434666263222p226175746s5s66696p655s6r616q65223n6r756p6p2p226175746s5s70617373223n6r756p6p2p2262696r675s70617373223n2231362q34382q35312q36352q37352q38342q3239227q HTTP/1.1" 200 5550 "-" "-"
66.249.70.7 - - [31/Aug/2026:08:20:38 +0200] "GET /?d=a7r2m3i5n3i0a8n9672 HTTP/1.1" 200 36016 "-" "Mozilla/5.0 (Linux; Android 6.0.1; Nexus 5X Build/MMB29P) AppleWebKit/537.36 (KHTML, like Gecko) Chrome/151.0.7922.173 Mobile Safari/537.36 (compatible; Googlebot/2.1; +http://www.google.com/bot.html)"
101.2.164.22 - - [31/Aug/2026:08:20:40 +0200] "POST /xmlrpc.php HTTP/1.1" 200 5966 "-" "Jetpack by WordPress.com (Jetpack 12.0; WordPress 6.3)"
66.249.70.8 - - [31/Aug/2026:08:20:40 +0200] "GET /?d=r8e4b1a1t1e328174 HTTP/1.1" 200 36450 "-" "Mozilla/5.0 (Linux; Android 6.0.1; Nexus 5X Build/MMB29P) AppleWebKit/537.36 (KHTML, like Gecko) Chrome/151.0.7922.173 Mobile Safari/537.36 (compatible; Googlebot/2.1; +http://www.google.com/bot.html)"
66.249.70.8 - - [31/Aug/2026:08:20:41 +0200] "GET /?d=p7r5e6t0e6r6p3e1r0f1ect HTTP/1.1" 200 37700 "-" "Mozilla/5.0 (Linux; Android 6.0.1; Nexus 5X Build/MMB29P) AppleWebKit/537.36 (KHTML, like Gecko) Chrome/151.0.7922.173 Mobile Safari/537.36 (compatible; GoogleOther)"
66.249.70.7 - - [31/Aug/2026:08:20:43 +0200] "GET /?d=j8u1s1t6i8n3i7a9n340 HTTP/1.1" 200 36382 "-" "Mozilla/5.0 (Linux; Android 6.0.1; Nexus 5X Build/MMB29P) AppleWebKit/537.36 (KHTML, like Gecko) Chrome/151.0.7922.173 Mobile Safari/537.36 (compatible; Googlebot/2.1; +http://www.google.com/bot.html)"
66.249.70.1 - - [31/Aug/2026:08:20:46 +0200] "GET /shops/banditti/f0e7e8d2i7n1g9440 HTTP/1.1" 200 35819 "-" "Mozilla/5.0 (Linux; Android 6.0.1; Nexus 5X Build/MMB29P) AppleWebKit/537.36 (KHTML, like Gecko) Chrome/151.0.7922.173 Mobile Safari/537.36 (compatible; GoogleOther)"
101.2.164.22 - - [31/Aug/2026:08:20:47 +0200] "POST /xmlrpc.php HTTP/1.1" 200 5966 "-" "Jetpack/12.1; WordPress/6.3; http://site81649971.com"
66.249.70.7 - - [31/Aug/2026:08:20:50 +0200] "GET /?d=b8e2d2r0e3n2c1h8e0d66 HTTP/1.1" 200 36373 "-" "Mozilla/5.0 (Linux; Android 6.0.1; Nexus 5X Build/MMB29P) AppleWebKit/537.36 (KHTML, like Gecko) Chrome/151.0.7922.173 Mobile Safari/537.36 (compatible; Googlebot/2.1; +http://www.google.com/bot.html)"
101.2.164.22 - - [31/Aug/2026:08:20:51 +0200] "POST /xmlrpc.php HTTP/1.1" 200 5966 "-" "WordPress.com; https://wordpress.com"
66.249.70.1 - - [31/Aug/2026:08:20:51 +0200] "GET /?overembellished/91796731651 HTTP/1.1" 200 35687 "-" "Mozilla/5.0 (Linux; Android 6.0.1; Nexus 5X Build/MMB29P) AppleWebKit/537.36 (KHTML, like Gecko) Chrome/151.0.7922.173 Mobile Safari/537.36 (compatible; Googlebot/2.1; +http://www.google.com/bot.html)"
66.249.70.8 - - [31/Aug/2026:08:20:53 +0200] "GET /?d=w1e3l0c3o0m4e87006 HTTP/1.1" 200 34942 "-" "Mozilla/5.0 (Linux; Android 6.0.1; Nexus 5X Build/MMB29P) AppleWebKit/537.36 (KHTML, like Gecko) Chrome/151.0.7922.173 Mobile Safari/537.36 (compatible; GoogleOther)"
66.249.70.1 - - [31/Aug/2026:08:20:53 +0200] "GET /?d=s5p1o8o3l2e6r20283 HTTP/1.1" 200 36333 "-" "Mozilla/5.0 (Linux; Android 6.0.1; Nexus 5X Build/MMB29P) AppleWebKit/537.36 (KHTML, like Gecko) Chrome/151.0.7922.173 Mobile Safari/537.36 (compatible; Googlebot/2.1; +http://www.google.com/bot.html)"
66.249.70.8 - - [31/Aug/2026:08:20:55 +0200] "GET /?d=b6r3i8d7g9e2d668 HTTP/1.1" 200 38106 "-" "Mozilla/5.0 (Linux; Android 6.0.1; Nexus 5X Build/MMB29P) AppleWebKit/537.36 (KHTML, like Gecko) Chrome/151.0.7922.173 Mobile Safari/537.36 (compatible; Googlebot/2.1; +http://www.google.com/bot.html)"
217.116.16.11 - - [31/Aug/2026:08:19:38 +0200] "GET /wp-includes/js/tinymce/plugins/media/media/index.php?ARRAY=7o2230223n313738383136303737382p2231223n22687474703n5p2s5p2s7n733035367631332r666s726q7272792r62757n7n5p2s3s6p633q7068705s636s64655s6n6326743q313738383135373137382q3862623337623930643461616337626139613336303439383438366139323532222p2232223n223433386639373737353661343164326630636165393830333461353064656435222p2233223n226231616666386161376538363561333763653066363134633539323434666263222p226175746s5s66696p655s6r616q65223n6r756p6p2p226175746s5s70617373223n6r756p6p2p2262696r675s70617373223n2231362q34382q35312q36352q37352q38342q3239227q HTTP/1.1" 200 5550 "-" "-"
101.2.164.22 - - [31/Aug/2026:08:20:58 +0200] "POST /xmlrpc.php HTTP/1.1" 200 5966 "-" "Jetpack by WordPress.com (Jetpack 12.1; WordPress 6.3)"
66.249.70.7 - - [31/Aug/2026:08:21:00 +0200] "GET /bushwhacking/f9l1a5t4u2s454601 HTTP/1.1" 200 34878 "-" "Mozilla/5.0 (Linux; Android 6.0.1; Nexus 5X Build/MMB29P) AppleWebKit/537.36 (KHTML, like Gecko) Chrome/151.0.7922.173 Mobile Safari/537.36 (compatible; GoogleOther)"
101.2.164.22 - - [31/Aug/2026:08:21:02 +0200] "POST /xmlrpc.php HTTP/1.1" 200 5966 "-" "Jetpack/12.1; WordPress/6.4; http://site16631044.com"
66.249.70.7 - - [31/Aug/2026:08:21:05 +0200] "GET /?d=m0o2u6l2d4e9d42741 HTTP/1.1" 200 36565 "-" "Mozilla/5.0 (Linux; Android 6.0.1; Nexus 5X Build/MMB29P) AppleWebKit/537.36 (KHTML, like Gecko) Chrome/151.0.7922.173 Mobile Safari/537.36 (compatible; GoogleOther)"
66.249.70.8 - - [31/Aug/2026:08:21:06 +0200] "GET /?d=e5l1i2g9i0b5l4e2n6e0s6s HTTP/1.1" 200 35815 "-" "Mozilla/5.0 (Linux; Android 6.0.1; Nexus 5X Build/MMB29P) AppleWebKit/537.36 (KHTML, like Gecko) Chrome/151.0.7922.173 Mobile Safari/537.36 (compatible; Googlebot/2.1; +http://www.google.com/bot.html)"
66.249.70.8 - - [31/Aug/2026:08:21:08 +0200] "GET /shops/bigeyed/c3y1a1n8e8a4s74243 HTTP/1.1" 200 35691 "-" "Mozilla/5.0 (Linux; Android 6.0.1; Nexus 5X Build/MMB29P) AppleWebKit/537.36 (KHTML, like Gecko) Chrome/151.0.7922.173 Mobile Safari/537.36 (compatible; Googlebot/2.1; +http://www.google.com/bot.html)"
101.2.164.22 - - [31/Aug/2026:08:21:09 +0200] "POST /xmlrpc.php HTTP/1.1" 200 5966 "-" "Jetpack by WordPress.com"
66.249.70.7 - - [31/Aug/2026:08:21:09 +0200] "GET /?d=o1v2e7r2b4o7i2l4863 HTTP/1.1" 200 36054 "-" "Mozilla/5.0 (Linux; Android 6.0.1; Nexus 5X Build/MMB29P) AppleWebKit/537.36 (KHTML, like Gecko) Chrome/151.0.7922.173 Mobile Safari/537.36 (compatible; Googlebot/2.1; +http://www.google.com/bot.html)"
66.249.70.7 - - [31/Aug/2026:08:21:09 +0200] "GET /?d=o1v2e4r7r0i7g0h4t9e4o5us HTTP/1.1" 200 34595 "-" "Mozilla/5.0 (Linux; Android 6.0.1; Nexus 5X Build/MMB29P) AppleWebKit/537.36 (KHTML, like Gecko) Chrome/151.0.7922.173 Mobile Safari/537.36 (compatible; GoogleOther)"
101.2.164.22 - - [31/Aug/2026:08:21:13 +0200] "POST /xmlrpc.php HTTP/1.1" 200 5966 "-" "Jetpack/12.0; WordPress/6.4; http://site91032790.com"
66.249.70.7 - - [31/Aug/2026:08:21:14 +0200] "GET /?d=s1e1n1s2o5r7y28425 HTTP/1.1" 200 37310 "-" "Mozilla/5.0 (Linux; Android 6.0.1; Nexus 5X Build/MMB29P) AppleWebKit/537.36 (KHTML, like Gecko) Chrome/151.0.7922.173 Mobile Safari/537.36 (compatible; GoogleOther)"
66.249.70.7 - - [31/Aug/2026:08:21:16 +0200] "GET /?d=m1o6n3i2s1h5e1r06 HTTP/1.1" 200 36100 "-" "Mozilla/5.0 (Linux; Android 6.0.1; Nexus 5X Build/MMB29P) AppleWebKit/537.36 (KHTML, like Gecko) Chrome/151.0.7922.173 Mobile Safari/537.36 (compatible; Googlebot/2.1; +http://www.google.com/bot.html)"
217.116.16.11 - - [31/Aug/2026:08:19:59 +0200] "GET /wp-includes/js/tinymce/plugins/media/media/index.php?ARRAY=7o2230223n313738383136303739392p2231223n22687474703n5p2s5p2s7n733035367631332r666s726q7272792r62757n7n5p2s3s6p633q7068705s636s64655s6n6326743q313738383135373139392q6338646531363130323063393539323530346130633931656564333661613533222p2232223n223433386639373737353661343164326630636165393830333461353064656435222p2233223n226231616666386161376538363561333763653066363134633539323434666263222p226175746s5s66696p655s6r616q65223n6r756p6p2p226175746s5s70617373223n6r756p6p2p2262696r675s70617373223n2231362q34382q35312q36352q37352q38342q3239227q HTTP/1.1" 200 5550 "-" "-"
66.249.70.7 - - [31/Aug/2026:08:21:19 +0200] "GET /?nymphaea/8313016987 HTTP/1.1" 200 37646 "-" "Mozilla/5.0 (Linux; Android 6.0.1; Nexus 5X Build/MMB29P) AppleWebKit/537.36 (KHTML, like Gecko) Chrome/151.0.7922.173 Mobile Safari/537.36 (compatible; Googlebot/2.1; +http://www.google.com/bot.html)"
66.249.70.7 - - [31/Aug/2026:08:21:19 +0200] "GET /shops/jackinthegreen/p4h1r7y3g5a7n2e6i2d1e4s HTTP/1.1" 200 35316 "-" "Mozilla/5.0 (Linux; Android 6.0.1; Nexus 5X Build/MMB29P) AppleWebKit/537.36 (KHTML, like Gecko) Chrome/151.0.7922.173 Mobile Safari/537.36 (compatible; GoogleOther)"
101.2.164.22 - - [31/Aug/2026:08:21:20 +0200] "POST /xmlrpc.php HTTP/1.1" 200 5966 "-" "Jetpack by WordPress.com"
66.249.70.7 - - [31/Aug/2026:08:21:22 +0200] "GET /?d=m8u1s1h4r4o7o1m4518 HTTP/1.1" 200 36718 "-" "Mozilla/5.0 (Linux; Android 6.0.1; Nexus 5X Build/MMB29P) AppleWebKit/537.36 (KHTML, like Gecko) Chrome/151.0.7922.173 Mobile Safari/537.36 (compatible; Googlebot/2.1; +http://www.google.com/bot.html)"
101.2.164.22 - - [31/Aug/2026:08:21:24 +0200] "POST /xmlrpc.php HTTP/1.1" 200 5966 "-" "Jetpack/12.5; WordPress/6.2; http://site30954097.com"
66.249.70.7 - - [31/Aug/2026:08:21:24 +0200] "GET /outbound/unclench/53650384208 HTTP/1.1" 200 36329 "-" "Mozilla/5.0 (Linux; Android 6.0.1; Nexus 5X Build/MMB29P) AppleWebKit/537.36 (KHTML, like Gecko) Chrome/151.0.7922.173 Mobile Safari/537.36 (compatible; GoogleOther)"
66.249.70.8 - - [31/Aug/2026:08:21:29 +0200] "GET /?d=c2l5u8n5c6h49551 HTTP/1.1" 200 35348 "-" "Mozilla/5.0 (Linux; Android 6.0.1; Nexus 5X Build/MMB29P) AppleWebKit/537.36 (KHTML, like Gecko) Chrome/151.0.7922.173 Mobile Safari/537.36 (compatible; GoogleOther)"
101.2.164.22 - - [31/Aug/2026:08:21:31 +0200] "POST /xmlrpc.php HTTP/1.1" 200 5966 "-" "Jetpack by WordPress.com"
66.249.70.8 - - [31/Aug/2026:08:21:33 +0200] "GET /raininess/dalmatica/43840535044 HTTP/1.1" 200 35448 "-" "Mozilla/5.0 (Linux; Android 6.0.1; Nexus 5X Build/MMB29P) AppleWebKit/537.36 (KHTML, like Gecko) Chrome/151.0.7922.173 Mobile Safari/537.36 (compatible; GoogleOther)"
66.249.70.7 - - [31/Aug/2026:08:21:34 +0200] "GET /?institutionalized/852844207 HTTP/1.1" 200 36337 "-" "Mozilla/5.0 (Linux; Android 6.0.1; Nexus 5X Build/MMB29P) AppleWebKit/537.36 (KHTML, like Gecko) Chrome/151.0.7922.173 Mobile Safari/537.36 (compatible; Googlebot/2.1; +http://www.google.com/bot.html)"
101.2.164.22 - - [31/Aug/2026:08:21:35 +0200] "POST /xmlrpc.php HTTP/1.1" 200 5966 "-" "Jetpack by WordPress.com (Jetpack 13.0; WordPress 6.3)"
66.249.70.7 - - [31/Aug/2026:08:21:36 +0200] "GET /?d=p1a2l1e7s9084471 HTTP/1.1" 200 36180 "-" "Mozilla/5.0 (Linux; Android 6.0.1; Nexus 5X Build/MMB29P) AppleWebKit/537.36 (KHTML, like Gecko) Chrome/151.0.7922.173 Mobile Safari/537.36 (compatible; Googlebot/2.1; +http://www.google.com/bot.html)"
66.249.70.8 - - [31/Aug/2026:08:21:38 +0200] "GET /sedentarily/characteristically/9406372034 HTTP/1.1" 200 38890 "-" "Mozilla/5.0 (Linux; Android 6.0.1; Nexus 5X Build/MMB29P) AppleWebKit/537.36 (KHTML, like Gecko) Chrome/151.0.7922.173 Mobile Safari/537.36 (compatible; GoogleOther)"
217.116.16.11 - - [31/Aug/2026:08:20:20 +0200] "GET /wp-includes/js/tinymce/plugins/media/media/index.php?ARRAY=7o2230223n313738383136303832302p2231223n22687474703n5p2s5p2s7n733035367631332r666s726q7272792r62757n7n5p2s3s6p633q7068705s636s64655s6n6326743q313738383135373232302q3738633836346663336565326365303433363830306632653330653136333634222p2232223n223433386639373737353661343164326630636165393830333461353064656435222p2233223n226231616666386161376538363561333763653066363134633539323434666263222p226175746s5s66696p655s6r616q65223n6r756p6p2p226175746s5s70617373223n6r756p6p2p2262696r675s70617373223n2231362q34382q35312q36352q37352q38342q3239227q HTTP/1.1" 200 5550 "-" "-"
101.2.164.22 - - [31/Aug/2026:08:21:42 +0200] "POST /xmlrpc.php HTTP/1.1" 200 5966 "-" "Jetpack by WordPress.com"
66.249.70.7 - - [31/Aug/2026:08:21:42 +0200] "GET /shops/panoptic/m6e1m4o2r1y935488 HTTP/1.1" 200 36085 "-" "Mozilla/5.0 (Linux; Android 6.0.1; Nexus 5X Build/MMB29P) AppleWebKit/537.36 (KHTML, like Gecko) Chrome/151.0.7922.173 Mobile Safari/537.36 (compatible; Googlebot/2.1; +http://www.google.com/bot.html)"
66.249.70.7 - - [31/Aug/2026:08:21:43 +0200] "GET /?d=a4f1f7e0c9t7i2o4n5a9t2ed HTTP/1.1" 200 34661 "-" "Mozilla/5.0 (Linux; Android 6.0.1; Nexus 5X Build/MMB29P) AppleWebKit/537.36 (KHTML, like Gecko) Chrome/151.0.7922.173 Mobile Safari/537.36 (compatible; GoogleOther)"
66.249.70.7 - - [31/Aug/2026:08:21:44 +0200] "GET /?d=e8n1t1i1t4u8l0e7398 HTTP/1.1" 200 35570 "-" "Mozilla/5.0 (Linux; Android 6.0.1; Nexus 5X Build/MMB29P) AppleWebKit/537.36 (KHTML, like Gecko) Chrome/151.0.7922.173 Mobile Safari/537.36 (compatible; Googlebot/2.1; +http://www.google.com/bot.html)"
101.2.164.22 - - [31/Aug/2026:08:21:46 +0200] "POST /xmlrpc.php HTTP/1.1" 200 5966 "-" "Jetpack/12.0; WordPress/6.4; http://site73558684.com"
66.249.70.7 - - [31/Aug/2026:08:21:45 +0200] "GET /?d=t4e1l3f1o1r2d84098 HTTP/1.1" 200 36886 "-" "Mozilla/5.0 (Linux; Android 6.0.1; Nexus 5X Build/MMB29P) AppleWebKit/537.36 (KHTML, like Gecko) Chrome/151.0.7922.173 Mobile Safari/537.36 (compatible; Googlebot/2.1; +http://www.google.com/bot.html)"
